Dati Stazione Meteo - Stile NOAA

Seleziona il Report di un Mese o un Anno
2020: Gen Feb Mar Apr Mag Giu Lug Ago Set Ott Nov Dic
2019: Gen Feb Mar Apr Mag Giu Lug Ago Set Ott Nov Dic
2018: Gen Feb Mar Apr Mag Giu Lug Ago Set Ott Nov Dic
2017: Gen Feb Mar Apr Mag Giu Lug Ago Set Ott Nov Dic
2016: Gen Feb Mar Apr Mag Giu Lug Ago Set Ott Nov Dic
2015: Gen Feb Mar Apr Mag Giu Lug Ago Set Ott Nov Dic
2014: Gen Feb Mar Apr Mag Giu Lug Ago Set Ott Nov Dic
2013: Gen Feb Mar Apr Mag Giu Lug Ago Set Ott Nov Dic

Report for 2020 Gennaio
                   MONTHLY CLIMATOLOGICAL SUMMARY for JAN. 2020

NAME: Davis Vantage Vue   CITY: Acquaviva delle Fonti   STATE: Italia 
ELEV:   305 m  LAT:  40° 53' 26" N  LONG:  16° 50' 43" E

                   TEMPERATURE (°C), RAIN  (mm), WIND SPEED (km/hr)

                                      HEAT  COOL        AVG
    MEAN                              DEG   DEG         WIND                 DOM
DAY TEMP  HIGH   TIME   LOW    TIME   DAYS  DAYS  RAIN  SPEED HIGH   TIME    DIR
------------------------------------------------------------------------------------
 1   8.2  12.1   14:36   5.2    5:07  10.1   0.0   0.0   5.3  32.2   10:59   NNE
 2   7.4  11.0   12:47   4.4    6:20  10.9   0.0   0.0   3.9  29.0   15:08   NNE
 3   8.1  13.4   14:40   4.4   22:42  10.2   0.0   0.0   1.9  16.1   12:25   WSW
 4   7.7  12.4   12:54   2.3    2:19  10.6   0.0   0.4   2.3  24.1   11:43   WSW
 5   7.7  10.7   10:57   5.1   23:58  10.7   0.0   2.8  14.8  62.8   12:30   NNE
 6   5.3   6.4   14:16   4.2    8:20  13.0   0.0   0.0  15.3  59.5    0:08    NE
 7   6.3   9.9   13:17   3.2    4:39  12.0   0.0   0.0   5.0  29.0   14:17   NNE
 8   7.1  11.3   13:22   4.0    7:16  11.3   0.0   0.0   2.7  25.7   13:31   NNE
 9   7.2  12.6   13:59   2.6   21:44  11.1   0.0   0.0   1.6  14.5   13:06    SW
10   6.3  12.2   13:22   1.2    3:42  12.0   0.0   0.0   1.9  12.9   12:53    SW
11   8.4  12.3   12:48   5.1    5:10   9.9   0.0   0.0   3.1  25.7   15:24   NNE
12   7.9  11.1   12:27   6.1   21:35  10.4   0.0   0.0   2.7  19.3   13:39   NNE
13   8.2  10.9   13:30   6.3    1:20  10.1   0.0   0.0   1.8  14.5   11:36   NNE
14   8.3  15.1   12:24   3.9   00:00  10.0   0.0   0.0   1.8  16.1   13:48   SSW
15   7.8  13.1   13:11   3.4    1:56  10.5   0.0   0.2   1.6  19.3   14:11   WSW
16   8.1  12.6   13:00   4.9    7:19  10.3   0.0   0.2   3.7  27.4   13:45   NNE
17   7.4  12.4   13:11   3.3   00:00  10.9   0.0   0.2   2.6  17.7   12:08   NNE
18   7.8  14.6   13:08   2.0    7:06  10.5   0.0   0.0   3.1  19.3   12:05     S
19   8.3  11.6   13:15   4.9    6:53  10.0   0.0   1.0   3.4  24.1   14:59   NNE
20   8.1  10.3   13:03   6.7    5:13   7.0   0.0   0.8   3.4  19.3   13:09   NNE
21
22
23
24
25
26
27
28
29
30
31
-------------------------------------------------------------------------------------
     7.6  15.1    14     1.2    10   211.3   0.0   5.6   4.1  62.8     5     NNE

Max >=  32.0:  0
Max <=   0.0:  0
Min <=   0.0:  0
Min <= -18.0:  0
Max Rain: 2.79 ON 05/01/20
Days of Rain: 7 (> .2 mm) 1 (> 2 mm) 0 (> 20 mm)
Heat Base:  18.3  Cool Base:  18.3  Method: Integration