Dati Stazione Meteo - Stile NOAA

Select a Year or Month report
2019: Jan Feb Mar Apr Maj Jun Jul Aug Sep Okt Nov Dec
2018: Jan Feb Mar Apr Maj Jun Jul Aug Sep Okt Nov Dec
2017: Jan Feb Mar Apr Maj Jun Jul Aug Sep Okt Nov Dec
2016: Jan Feb Mar Apr Maj Jun Jul Aug Sep Okt Nov Dec
2015: Jan Feb Mar Apr Maj Jun Jul Aug Sep Okt Nov Dec
2014: Jan Feb Mar Apr Maj Jun Jul Aug Sep Okt Nov Dec
2013: Jan Feb Mar Apr Maj Jun Jul Aug Sep Okt Nov Dec

Report for 2019 Oktober
                   MONTHLY CLIMATOLOGICAL SUMMARY for OCT. 2019

NAME: Davis Vantage Vue   CITY: Acquaviva delle Fonti   STATE: Italia 
ELEV:   305 m  LAT:  40° 53' 26" N  LONG:  16° 50' 43" E

                   TEMPERATURE (°C), RAIN  (mm), WIND SPEED (km/hr)

                                      HEAT  COOL        AVG
    MEAN                              DEG   DEG         WIND                 DOM
DAY TEMP  HIGH   TIME   LOW    TIME   DAYS  DAYS  RAIN  SPEED HIGH   TIME    DIR
------------------------------------------------------------------------------------
 1  21.6  27.9   14:20  16.3    7:11   0.1   3.4   0.0   2.9  24.1   15:36   NNE
 2  22.4  29.5   14:59  16.7    7:04   0.1   4.2   0.0   6.0  30.6   16:54     S
 3  18.9  23.8   14:26  14.0   23:57   0.8   1.5   5.2   3.2  24.1    0:03   NNE
 4  15.0  18.4   16:24  12.6   22:13   3.3   0.0   0.2   6.8  32.2    8:23   NNE
 5  16.2  21.4   17:07   9.4    4:36   2.8   0.8   0.4   2.3  19.3   10:13    SW
 6  16.8  20.7   12:40  13.3    2:09   1.9   0.4   0.0   3.4  27.4   14:13   NNE
 7  15.4  18.2   12:36  11.9    5:12   2.9   0.0   0.0   3.1  20.9   16:34   NNE
 8  15.3  19.8   13:56  10.1   23:55   3.2   0.2   0.0   4.3  27.4   12:41   NNE
 9  17.8  24.8   14:00   9.5    7:16   2.7   2.1   0.0   6.3  27.4   17:42     S
10  21.0  26.6   13:53  17.3    7:15   0.1   2.9   0.2   6.9  33.8   10:02     S
11  18.9  22.7   13:59  16.2    4:56   0.5   1.2   0.0   4.2  24.1   12:37   NNE
12  18.5  24.3   13:17  13.0    7:18   1.5   1.7   0.2   1.8  22.5   14:55   NNE
13  18.7  24.4   13:20  13.2    7:12   1.4   1.8   0.0   2.3  20.9   14:51   NNE
14  18.0  24.1   12:31  14.4   22:37   1.6   1.3   0.0   2.1  24.1   14:36   NNE
15  15.1  16.1    6:22  13.9    1:14   0.9   0.0   0.2   1.1   9.7    5:54     S
16
17
18
19
20
21
22
23
24
25
26
27
28
29
30
31
-------------------------------------------------------------------------------------
    18.0  29.5     2     9.4     5    23.9  21.5   6.4   3.8  33.8    10     NNE

Max >=  32.0:  0
Max <=   0.0:  0
Min <=   0.0:  0
Min <= -18.0:  0
Max Rain: 5.21 ON 03/10/19
Days of Rain: 6 (> .2 mm) 1 (> 2 mm) 0 (> 20 mm)
Heat Base:  18.3  Cool Base:  18.3  Method: Integration