Dati Stazione Meteo - Stile NOAA

Select a Year or Month report
2020: Jan Feb Mar Apr May Jun Jul Aug Sep Oct Nov Dec
2019: Jan Feb Mar Apr May Jun Jul Aug Sep Oct Nov Dec
2018: Jan Feb Mar Apr May Jun Jul Aug Sep Oct Nov Dec
2017: Jan Feb Mar Apr May Jun Jul Aug Sep Oct Nov Dec
2016: Jan Feb Mar Apr May Jun Jul Aug Sep Oct Nov Dec
2015: Jan Feb Mar Apr May Jun Jul Aug Sep Oct Nov Dec
2014: Jan Feb Mar Apr May Jun Jul Aug Sep Oct Nov Dec
2013: Jan Feb Mar Apr May Jun Jul Aug Sep Oct Nov Dec

Report for 2020 May
                   MONTHLY CLIMATOLOGICAL SUMMARY for MAY. 2020

NAME: Davis Vantage Vue   CITY: Acquaviva delle Fonti   STATE: Italia 
ELEV:   305 m  LAT:  40° 53' 26" N  LONG:  16° 50' 43" E

                   TEMPERATURE (°C), RAIN  (mm), WIND SPEED (km/hr)

                                      HEAT  COOL        AVG
    MEAN                              DEG   DEG         WIND                 DOM
DAY TEMP  HIGH   TIME   LOW    TIME   DAYS  DAYS  RAIN  SPEED HIGH   TIME    DIR
------------------------------------------------------------------------------------
 1  18.1  24.1   14:58  13.5    1:48   1.8   1.6   0.0   5.5  24.1    5:01    SW
 2  17.2  21.9   12:31  14.1   22:39   1.6   0.5   0.6   6.0  35.4    8:59    SW
 3  16.8  21.9   14:31  10.9    6:10   2.2   0.7   0.0   5.1  37.0   15:16   NNE
 4  14.7  18.9   14:20   9.1   23:34   3.7   0.0   0.0   7.4  33.8   11:26   NNE
 5  17.9  27.2   14:25   8.9    0:16   2.7   2.3   0.0   4.7  25.7   15:08    SW
 6  18.4  24.1   13:18  13.0   23:59   1.4   1.5   0.0   6.1  29.0   14:51   NNE
 7  14.4  18.0   13:29  10.7    6:17   3.8   0.0   0.0   9.2  40.2   10:27   NNE
 8  16.6  22.2   14:42  10.7    0:35   2.7   1.0   0.0   4.5  24.1   10:20   NNE
 9  19.1  26.6   14:27  12.3    5:26   1.9   2.7   0.0   6.1  29.0   18:00     S
10  15.8  19.4   17:15  13.6    4:09   2.5   0.0   0.0  10.8  38.6   11:36     S
11  16.3  19.4   15:31  13.9   23:56   2.1   0.1   0.0  14.2  48.3    7:09     S
12  20.2  27.1   16:00  13.0    1:27   1.2   3.0   0.0   6.6  30.6   11:10    SW
13  18.9  24.9   11:29  13.6    5:00   1.1   1.8   0.0  11.3  45.1   13:32    SE
14  20.6  26.9   14:08  16.9    4:12   0.4   2.6   0.0  16.1  53.1    9:57    SE
15  23.2  31.9   15:17  16.9    5:18   0.3   5.1   0.0   9.8  40.2    1:31     S
16  22.8  30.6   13:12  15.3    5:44   0.3   4.6   0.0   2.7  22.5   14:53   NNE
17  21.7  30.6   13:17  15.8    2:31   0.4   3.8   0.0   2.6  17.7   14:19   NNE
18  21.5  25.4    9:57  18.3    2:57   0.0   3.2   0.0   3.5  22.5   14:07   NNE
19  18.8  23.3   16:40  14.9   23:50   0.6   1.1   0.0   2.4  32.2   18:59   NNE
20  17.7  24.0   11:24  14.2    5:07   1.7   1.1   7.6   3.9  20.9   11:55   NNE
21  17.1  20.8   15:53  14.2   11:36   1.7   0.5  21.0   7.7  38.6   14:14   NNE
22  17.2  21.2   15:41  13.1    5:37   1.8   0.7   0.0   8.5  37.0    9:37   NNE
23  21.8  28.2   16:55  14.3    0:37   0.8   4.3   0.0   3.4  22.5   15:05   NNE
24  21.7  28.1   11:42  17.1   22:42   0.1   3.5   0.0   6.1  27.4   16:13   NNE
25  16.4  17.2    0:01  15.6    5:27   0.5   0.0   0.0   4.7  22.5    5:53   NNE
26
27
28
29
30
31
-------------------------------------------------------------------------------------
    18.6  31.9    15     8.9     5    37.4  45.8  29.2   6.8  53.1    14     NNE

Max >=  32.0:  0
Max <=   0.0:  0
Min <=   0.0:  0
Min <= -18.0:  0
Max Rain: 21.01 ON 21/05/20
Days of Rain: 3 (> .2 mm) 2 (> 2 mm) 1 (> 20 mm)
Heat Base:  18.3  Cool Base:  18.3  Method: Integration