Dati Stazione Meteo - Stile NOAA

Select a Year or Month report
2019: Jan Feb Mar Apr Mai Jun Jul Aug Sep Okt Nov Des
2018: Jan Feb Mar Apr Mai Jun Jul Aug Sep Okt Nov Des
2017: Jan Feb Mar Apr Mai Jun Jul Aug Sep Okt Nov Des
2016: Jan Feb Mar Apr Mai Jun Jul Aug Sep Okt Nov Des
2015: Jan Feb Mar Apr Mai Jun Jul Aug Sep Okt Nov Des
2014: Jan Feb Mar Apr Mai Jun Jul Aug Sep Okt Nov Des
2013: Jan Feb Mar Apr Mai Jun Jul Aug Sep Okt Nov Des

Report for 2019 Mai
                   MONTHLY CLIMATOLOGICAL SUMMARY for MAY. 2019

NAME: Davis Vantage Vue   CITY: Acquaviva delle Fonti   STATE: Italia 
ELEV:   305 m  LAT:  40° 53' 26" N  LONG:  16° 50' 43" E

                   TEMPERATURE (°C), RAIN  (mm), WIND SPEED (km/hr)

                                      HEAT  COOL        AVG
    MEAN                              DEG   DEG         WIND                 DOM
DAY TEMP  HIGH   TIME   LOW    TIME   DAYS  DAYS  RAIN  SPEED HIGH   TIME    DIR
------------------------------------------------------------------------------------
 1  13.5  18.8   14:21   8.1    6:09   4.8   0.0   0.0   3.5  24.1   14:58   NNE
 2  14.7  21.3   13:13   8.1    2:54   4.0   0.5   0.0   3.5  20.9   14:16   NNE
 3  14.8  20.8   14:10   9.7    5:58   3.7   0.2   0.0   6.1  22.5   10:13     S
 4  13.6  15.4   15:01  12.3    0:01   4.7   0.0   5.8   9.8  37.0   15:16    SE
 5  15.7  20.9   14:27  10.2   23:57   3.1   0.5   3.0   7.1  38.6   19:58    SW
 6  10.7  15.2   11:57   6.7    5:56   7.6   0.0   1.0   6.4  32.2   18:47    SW
 7  10.6  14.6   16:01   7.4    5:06   7.8   0.0   0.4   8.4  37.0   12:23   NNE
 8  13.2  21.5   15:26   4.8    5:57   5.3   0.3   0.0   4.0  29.0   15:34    SW
 9  14.8  18.7   16:47  11.7    0:27   3.5   0.0   0.0   8.7  35.4   10:18    SE
10  16.6  21.6   14:24  12.2    5:22   2.3   0.5   0.0   2.7  29.0   14:38   NNE
11  17.9  25.2   13:14  11.0    5:57   2.1   1.7   0.0   4.3  25.7   14:11     S
12  13.9  16.6   14:39  10.8   22:39   4.4   0.0  19.0   4.8  46.7   16:33     S
13  12.1  14.3   16:54   9.4    5:24   6.2   0.0   9.0   3.4  22.5   18:10   NNE
14  12.6  17.2   14:36   9.9    4:57   5.6   0.0  21.4   4.3  27.4   16:31   NNE
15  12.1  15.6   10:51   9.5    5:44   6.3   0.0   3.6   3.9  19.3    0:02   NNE
16  12.4  14.5   11:31  10.8    4:46   6.0   0.0  11.6   2.7  20.9   11:50   NNE
17  15.0  21.7   14:04   9.8    4:43   3.6   0.3   0.0   3.5  20.9   14:08   NNE
18  15.2  17.8   17:18  13.0    1:25   3.1   0.0   0.0  10.9  43.5   13:30    SE
19  16.8  21.8   15:20  13.0   00:00   2.0   0.5   0.0   5.5  25.7   15:35   SSW
20  14.3  19.8   13:53  10.3    4:47   4.0   0.1   0.6   5.0  27.4   14:06   SSW
21  16.2  22.1   16:44   9.0    3:25   3.0   1.0   0.2   7.1  32.2   13:46    SW
22  17.7  23.6   15:44  12.6    3:13   2.0   1.4   0.0   5.6  24.1    0:47    SW
23  17.3  21.8   13:53  12.9   23:16   1.8   0.8   0.0   3.9  24.1   14:07   NNE
24  18.8  23.6   14:43  13.7    0:21   1.3   1.8   0.0   4.2  25.7   16:08   NNE
25  19.9  25.4   14:51  13.6    4:33   1.0   2.4   0.0   4.0  22.5   15:33    SE
26
27
28
29
30
31
-------------------------------------------------------------------------------------
    14.8  25.4    25     4.8     8    99.5  12.0  75.6   5.3  46.7    12     NNE

Max >=  32.0:  0
Max <=   0.0:  0
Min <=   0.0:  0
Min <= -18.0:  0
Max Rain: 21.41 ON 14/05/19
Days of Rain: 11 (> .2 mm) 7 (> 2 mm) 1 (> 20 mm)
Heat Base:  18.3  Cool Base:  18.3  Method: Integration