Dati Stazione Meteo - Stile NOAA

Seleziona il Report di un Mese o un Anno
2019: Gen Feb Mar Apr Mag Giu Lug Ago Set Ott Nov Dic
2018: Gen Feb Mar Apr Mag Giu Lug Ago Set Ott Nov Dic
2017: Gen Feb Mar Apr Mag Giu Lug Ago Set Ott Nov Dic
2016: Gen Feb Mar Apr Mag Giu Lug Ago Set Ott Nov Dic
2015: Gen Feb Mar Apr Mag Giu Lug Ago Set Ott Nov Dic
2014: Gen Feb Mar Apr Mag Giu Lug Ago Set Ott Nov Dic
2013: Gen Feb Mar Apr Mag Giu Lug Ago Set Ott Nov Dic

Report for 2014 Gennaio
                   MONTHLY CLIMATOLOGICAL SUMMARY for JAN. 2014

NAME: Davis Vantage Vue   CITY: Acquaviva delle Fonti   STATE: Italia 
ELEV:   305 m  LAT:  40° 53' 26" N  LONG:  16° 50' 43" E

                   TEMPERATURE (°C), RAIN  (mm), WIND SPEED (km/hr)

                                      HEAT  COOL        AVG
    MEAN                              DEG   DEG         WIND                 DOM
DAY TEMP  HIGH   TIME   LOW    TIME   DAYS  DAYS  RAIN  SPEED HIGH   TIME    DIR
------------------------------------------------------------------------------------
 1
 2
 3
 4
 5
 6
 7
 8
 9
10
11
12
13
14
15
16
17
18  13.6  13.9   23:30  13.2   17:15   1.3   0.0   0.0  15.3  40.2   21:20   SSE
19  13.5  14.1    5:40  10.7   15:50   4.8   0.0  39.6  16.1  54.7    7:10   SSE
20  11.7  14.6   10:20   9.3   12:35   6.6   0.0   4.4   8.2  64.4   12:10   SSW
21   9.1  11.4    0:05   7.9   10:40   9.3   0.0   2.2   9.3  38.6    0:05   SSW
22  10.3  13.7   12:25   6.3   00:00   8.0   0.0   0.0   6.8  25.7    5:35    SW
23   8.7  12.1   12:50   5.4    0:40   9.6   0.0   0.0   2.6  16.1    9:50   SSW
24   9.3  11.8   11:50   5.4   23:15   9.0   0.0   0.4   5.3  24.1    4:25   SSW
25   6.4   7.9    0:55   5.2   23:55  11.9   0.0   9.0   6.8  38.6   15:45    NE
26   5.2   8.1   13:05   3.1    6:40  13.1   0.0   0.0  11.7  48.3   16:40    NE
27   6.8  10.6   12:50   4.1    6:50  11.5   0.0   1.6   5.0  33.8    1:40    NE
28   6.9  11.2   14:55   3.2   23:50  11.4   0.0   0.0   4.0  24.1    0:35    NE
29   6.8  13.1   14:45   1.4    6:55  11.5   0.0   0.0   3.5  20.9    9:35    SW
30  11.3  13.9   11:45   7.1    2:55   7.0   0.0   0.2  14.8  56.3   18:50   SSE
31  12.7  14.6   13:00  11.8   18:55   5.6   0.0   4.6  18.5  59.5   12:20   SSE
-------------------------------------------------------------------------------------
     9.5  14.6    20     1.4    29   120.4   0.0  62.0   9.1  64.4    20     SSW

Max >=  32.0:  0
Max <=   0.0:  0
Min <=   0.0:  0
Min <= -18.0:  0
Max Rain: 39.60 ON 19/01/14
Days of Rain: 8 (> .2 mm) 5 (> 2 mm) 1 (> 20 mm)
Heat Base:  18.3  Cool Base:  18.3  Method: Integration