Dati Stazione Meteo - Stile NOAA

Seleziona il Report di un Mese o un Anno
2019: Gen Feb Mar Apr Mag Giu Lug Ago Set Ott Nov Dic
2018: Gen Feb Mar Apr Mag Giu Lug Ago Set Ott Nov Dic
2017: Gen Feb Mar Apr Mag Giu Lug Ago Set Ott Nov Dic
2016: Gen Feb Mar Apr Mag Giu Lug Ago Set Ott Nov Dic
2015: Gen Feb Mar Apr Mag Giu Lug Ago Set Ott Nov Dic
2014: Gen Feb Mar Apr Mag Giu Lug Ago Set Ott Nov Dic
2013: Gen Feb Mar Apr Mag Giu Lug Ago Set Ott Nov Dic

Report for 2014 Febbraio
                   MONTHLY CLIMATOLOGICAL SUMMARY for FEB. 2014

NAME: Davis Vantage Vue   CITY: Acquaviva delle Fonti   STATE: Italia 
ELEV:   305 m  LAT:  40° 53' 26" N  LONG:  16° 50' 43" E

                   TEMPERATURE (°C), RAIN  (mm), WIND SPEED (km/hr)

                                      HEAT  COOL        AVG
    MEAN                              DEG   DEG         WIND                 DOM
DAY TEMP  HIGH   TIME   LOW    TIME   DAYS  DAYS  RAIN  SPEED HIGH   TIME    DIR
------------------------------------------------------------------------------------
 1  12.1  13.0    1:10  10.6   00:00   6.2   0.0  14.0  14.2  54.7   17:15    SE
 2   9.8  10.7   12:45   9.4    5:00   8.4   0.0   2.8   5.6  30.6   10:50    SE
 3   9.3  10.8   12:15   8.1   23:40   9.0   0.0   5.8   5.1  32.2    0:10    SE
 4   9.2  12.2   13:05   7.9    0:45   9.2   0.0   0.4   3.9  22.5    3:50   SSW
 5  10.3  14.5   14:00   7.7    0:50   8.0   0.0   0.0   5.0  25.7   13:35   SSW
 6   9.4  13.4   12:10   7.1   23:45   8.9   0.0   3.0   4.8  35.4   12:45    NE
 7   9.8  14.4   14:05   4.5    7:20   8.4   0.0   0.0   5.6  29.0   17:30   SSE
 8  11.7  15.6   14:50   9.4   23:45   6.7   0.0   2.6   6.4  45.1    1:10     S
 9  10.1  14.4   15:05   5.8    4:35   8.3   0.0   0.4   7.6  40.2   16:25     S
10  10.3  12.8   23:55   6.1    3:30   8.0   0.0   0.0  10.1  41.8   14:55    SE
11  13.6  15.3   12:10  12.2    3:15   4.7   0.0   0.0  16.4  59.5   22:10    SE
12  10.6  14.3   13:40   7.8   23:55   7.7   0.0   6.4   6.1  46.7    0:15    SW
13   9.8  15.9   15:05   6.4    5:20   8.5   0.0   0.0   2.9  17.7   13:35   WSW
14  10.2  15.9   11:00   5.4    2:05   8.1   0.0   0.0   6.9  38.6   14:00   NNE
15  10.9  18.2   15:05   6.1    2:35   7.3   0.0   0.0   3.1  19.3   19:35     S
16  11.7  16.6   13:20   7.7    6:35   6.6   0.0   0.0  10.5  35.4   12:30     S
17  12.9  18.1   13:00  10.6   23:45   5.4   0.0   0.0  10.1  32.2   14:45     S
18  12.3  16.3   12:35   9.5    2:55   6.0   0.0   0.2  11.3  38.6   19:20     S
19  13.4  14.7   11:05  12.3    6:15   4.8   0.0   0.0  16.6  53.1    6:50     S
20  13.3  14.4   12:25  12.6   21:50   5.0   0.0   0.2   9.7  40.2   11:55    SE
21  11.2  12.9    0:05   8.6   23:45   7.1   0.0  10.4   3.2  24.1    0:25   NNE
22  12.2  17.7   13:00   8.1    4:10   6.1   0.0   0.0   4.2  24.1   10:00    SW
23   8.3  11.4   12:45   5.7   23:55  10.0   0.0   4.2   3.5  20.9   22:45   NNE
24   8.3  13.2   13:00   4.7    6:25  10.0   0.0   0.0   3.7  22.5   13:50   NNE
25   9.2  13.6   12:45   6.3    5:45   9.1   0.0   0.0   3.1  19.3   10:20   NNE
26  10.8  16.6   15:05   6.4   00:00   7.5   0.0   0.0   3.4  19.3   12:20     S
27   9.7  14.8   12:55   4.8    5:30   8.6   0.0   0.0   2.9  17.7   15:50     S
28  10.1  15.9   13:55   5.4   23:30   8.2   0.0   0.8   3.1  24.1   12:50    SW
-------------------------------------------------------------------------------------
    10.7  18.2    15     4.5     7   211.9   0.0  51.2   6.7  59.5    11       S

Max >=  32.0:  0
Max <=   0.0:  0
Min <=   0.0:  0
Min <= -18.0:  0
Max Rain: 14.00 ON 01/02/14
Days of Rain: 13 (> .2 mm) 8 (> 2 mm) 0 (> 20 mm)
Heat Base:  18.3  Cool Base:  18.3  Method: Integration