Dati Stazione Meteo - Stile NOAA

Seleziona il Report di un Mese o un Anno
2019: Gen Feb Mar Apr Mag Giu Lug Ago Set Ott Nov Dic
2018: Gen Feb Mar Apr Mag Giu Lug Ago Set Ott Nov Dic
2017: Gen Feb Mar Apr Mag Giu Lug Ago Set Ott Nov Dic
2016: Gen Feb Mar Apr Mag Giu Lug Ago Set Ott Nov Dic
2015: Gen Feb Mar Apr Mag Giu Lug Ago Set Ott Nov Dic
2014: Gen Feb Mar Apr Mag Giu Lug Ago Set Ott Nov Dic
2013: Gen Feb Mar Apr Mag Giu Lug Ago Set Ott Nov Dic

Report for 2014 Marzo
                   MONTHLY CLIMATOLOGICAL SUMMARY for MAR. 2014

NAME: Davis Vantage Vue   CITY: Acquaviva delle Fonti   STATE: Italia 
ELEV:   305 m  LAT:  40° 53' 26" N  LONG:  16° 50' 43" E

                   TEMPERATURE (°C), RAIN  (mm), WIND SPEED (km/hr)

                                      HEAT  COOL        AVG
    MEAN                              DEG   DEG         WIND                 DOM
DAY TEMP  HIGH   TIME   LOW    TIME   DAYS  DAYS  RAIN  SPEED HIGH   TIME    DIR
------------------------------------------------------------------------------------
 1   9.4  14.2   13:20   5.1    0:25   8.9   0.0   3.0   9.8  46.7    8:20     S
 2   7.9  14.1   12:05   3.1    6:45  10.4   0.0   0.2   3.1  25.7   13:30     S
 3   8.7  14.3   14:55   4.8    5:25   9.6   0.0   0.0   3.2  24.1   10:40   NNE
 4   9.2  14.8   14:20   4.8   00:00   9.1   0.0   0.4   5.1  24.1   14:50     S
 5   8.4  12.9   12:35   3.1    4:45   9.9   0.0   1.6   3.7  27.4   13:15   NNE
 6   9.5  13.1   14:55   6.7    6:00   8.8   0.0   0.2   4.8  29.0   13:10   NNE
 7  10.7  14.2   13:40   7.3    4:30   7.7   0.0   0.0   5.3  32.2   16:05   NNE
 8  10.4  14.4   13:55   8.4    0:05   7.9   0.0   0.6   5.8  29.0   13:30   NNE
 9  10.9  14.6   11:50   6.7   00:00   7.4   0.0   1.8   6.4  32.2   12:35   NNE
10   8.3  10.7   12:05   5.9   22:05  10.0   0.0   0.4   1.8  16.1   10:25    NE
11   7.6   9.3   16:25   5.5   23:30  10.8   0.0   0.6   2.1  17.7   15:05   NNE
12   9.5  14.3   14:05   5.7    4:00   8.8   0.0   0.0   3.4  25.7   14:55   NNE
13  10.6  15.4   13:20   6.1    1:05   7.7   0.0   0.0   3.1  22.5   11:55   NNE
14  10.5  19.5   12:10   3.3    6:30   7.8   0.0   0.2   2.1  25.7   14:35    SW
15  11.8  19.4   13:45   6.3    6:40   6.5   0.0   0.0   3.4  20.9   10:20     S
16  12.7  17.9   13:50   7.4    6:10   5.6   0.0   0.0   4.0  30.6   13:25   NNE
17  16.6  23.3   15:10  10.3    1:20   3.0   1.2   0.0   2.1  19.3   12:35   NNE
18  17.1  24.8   13:50   9.1    6:15   3.0   1.8   0.0   2.9  16.1   14:10     S
19  16.6  23.4   12:55  10.5   23:25   2.8   1.1   0.0   5.3  27.4   16:05   NNE
20  13.3  18.2   13:30   7.7   23:55   5.0   0.0   0.0   3.9  22.5   14:40   NNE
21  13.2  21.1   13:15   5.0    4:30   5.6   0.4   0.0   5.5  22.5    8:45     S
22  14.2  22.4   14:05   7.4    5:10   4.7   0.5   0.0   3.2  22.5   15:50     S
23  13.4  17.3   12:15   8.3    4:20   4.9   0.0   0.0   8.4  40.2   23:00     S
24   9.8  14.4    0:05   6.4   22:55   8.5   0.0   2.6   9.2  48.3   12:10    SW
25   9.5  14.2   13:30   4.4    4:55   8.8   0.0   0.0   4.3  24.1   16:50    SE
26  10.9  16.9   13:30   7.2    6:20   7.4   0.0   1.2   3.5  22.5   11:55    SE
27  11.4  16.3   13:40   7.6   23:35   6.9   0.0  25.4   6.9  38.6    7:05    SE
28  10.1  13.6   13:05   4.9    5:10   8.2   0.0   0.0   6.4  33.8   14:10   NNE
29  12.0  16.7   14:10   7.4    5:50   6.3   0.0   0.0   4.8  29.0    9:15   NNE
30  13.5  20.3   13:10   6.4    6:25   4.8   0.2   0.0   2.9  24.1   15:45   NNE
31  13.9  20.2   13:00   6.9    7:00   4.6   0.2   0.0   3.1  24.1   13:35   NNE
-------------------------------------------------------------------------------------
    11.3  24.8    18     3.1     2   221.0   5.5  38.2   4.5  48.3    24     NNE

Max >=  32.0:  0
Max <=   0.0:  0
Min <=   0.0:  0
Min <= -18.0:  0
Max Rain: 25.40 ON 27/03/14
Days of Rain: 13 (> .2 mm) 3 (> 2 mm) 1 (> 20 mm)
Heat Base:  18.3  Cool Base:  18.3  Method: Integration