Dati Stazione Meteo - Stile NOAA

Seleziona il Report di un Mese o un Anno
2019: Gen Feb Mar Apr Mag Giu Lug Ago Set Ott Nov Dic
2018: Gen Feb Mar Apr Mag Giu Lug Ago Set Ott Nov Dic
2017: Gen Feb Mar Apr Mag Giu Lug Ago Set Ott Nov Dic
2016: Gen Feb Mar Apr Mag Giu Lug Ago Set Ott Nov Dic
2015: Gen Feb Mar Apr Mag Giu Lug Ago Set Ott Nov Dic
2014: Gen Feb Mar Apr Mag Giu Lug Ago Set Ott Nov Dic
2013: Gen Feb Mar Apr Mag Giu Lug Ago Set Ott Nov Dic

Report for 2014 Aprile
                   MONTHLY CLIMATOLOGICAL SUMMARY for APR. 2014

NAME: Davis Vantage Vue   CITY: Acquaviva delle Fonti   STATE: Italia 
ELEV:   305 m  LAT:  40° 53' 26" N  LONG:  16° 50' 43" E

                   TEMPERATURE (°C), RAIN  (mm), WIND SPEED (km/hr)

                                      HEAT  COOL        AVG
    MEAN                              DEG   DEG         WIND                 DOM
DAY TEMP  HIGH   TIME   LOW    TIME   DAYS  DAYS  RAIN  SPEED HIGH   TIME    DIR
------------------------------------------------------------------------------------
 1  15.3  20.5   13:45  10.1    1:25   3.2   0.3   0.0   3.7  22.5   13:10   NNE
 2  14.4  20.4   15:10   9.3    6:45   4.2   0.3   0.0   3.1  22.5   16:55   NNE
 3  13.4  17.6   13:20   9.4    5:55   4.9   0.0   0.0  10.1  38.6   19:35     S
 4  13.6  16.8   13:10   9.4   23:55   4.7   0.0   5.2  15.6  62.8    7:40    SE
 5  11.6  16.3   10:20   8.4    1:25   6.7   0.0  24.6   3.7  27.4   11:15   NNE
 6  13.3  15.9   16:50  10.6   00:00   5.0   0.0   0.2   6.0  30.6   12:55   NNE
 7  14.2  19.2   13:25  10.6    0:05   4.1   0.1   0.0   5.0  32.2   14:40   NNE
 8  17.1  22.8   15:00  12.1    0:05   2.5   1.3   0.0   3.1  19.3   16:55   NNE
 9  15.2  20.2   11:30  11.4   23:55   3.2   0.1   2.2   6.1  24.1    9:40   NNE
10  11.4  14.5   13:05   7.3   23:30   6.9   0.0   0.0   8.7  51.5   10:50   NNE
11  12.1  16.5   16:05   7.6    0:05   6.3   0.0   0.2   3.1  20.9   10:55   NNE
12  12.8  19.7   14:15   6.4    3:00   5.6   0.1   0.6   4.8  25.7   17:30     S
13  11.8  14.1   13:05   9.2   23:20   6.5   0.0   3.2   4.7  27.4   16:30   NNE
14  13.6  20.8   15:10   7.8    6:35   5.1   0.3   0.2   2.9  16.1    9:10   NNE
15  12.4  20.2   14:25   7.0   00:00   5.9   0.1  16.8   9.0  41.8   16:15   NNE
16   8.6  12.0   13:25   6.2   18:35   9.7   0.0  12.0  10.3  46.7   12:45   NNE
17   9.0  11.8   14:45   6.3   22:10   9.3   0.0   4.0  10.0  43.5    5:20   NNE
18   9.0  11.3   16:45   5.8    1:50   9.3   0.0   5.2   3.7  25.7   10:45   WSW
19  13.1  20.6   14:30   8.8    5:55   5.3   0.1  15.2   4.2  22.5    9:55    SW
20  15.6  21.6   13:55  11.4    5:05   3.2   0.6   0.0   7.4  27.4   18:00    SE
21  16.3  21.7   13:30  13.8   00:00   2.5   0.4   1.8   9.8  38.6   15:45    SE
22  17.2  23.4   14:20  11.6    5:30   2.0   1.0   0.0   2.6  19.3    1:20   NNE
23  14.4  15.9    0:25  13.5   00:00   3.8   0.0   0.4   8.4  38.6   17:20   NNE
24  15.3  19.7   14:20  12.9    4:50   3.0   0.0   0.0   6.9  29.0   13:30   NNE
25  16.9  21.8   13:10  12.7    5:15   2.2   0.8   0.0   4.2  25.7   10:55   NNE
26  14.6  16.8   10:20  11.9   23:55   3.7   0.0   1.0   2.4  33.8   11:05   NNE
27  14.7  21.9   12:10   8.6    6:05   4.1   0.4   3.8   3.7  30.6   15:30     S
28  14.3  18.2   14:30  10.4    7:30   4.0   0.0   1.6   2.4  22.5   13:25    SW
29  13.2  16.8   12:50  10.1   00:00   5.0   0.0   0.0   4.5  27.4   12:05    SW
30  14.4  19.9   13:10   8.9    5:00   4.0   0.2   0.0   3.4  20.9   15:00   WSW
-------------------------------------------------------------------------------------
    13.6  23.4    22     5.8    18   146.0   6.0  98.2   5.8  62.8     4     NNE

Max >=  32.0:  0
Max <=   0.0:  0
Min <=   0.0:  0
Min <= -18.0:  0
Max Rain: 24.61 ON 05/04/14
Days of Rain: 18 (> .2 mm) 10 (> 2 mm) 1 (> 20 mm)
Heat Base:  18.3  Cool Base:  18.3  Method: Integration