Dati Stazione Meteo - Stile NOAA

Seleziona il Report di un Mese o un Anno
2019: Gen Feb Mar Apr Mag Giu Lug Ago Set Ott Nov Dic
2018: Gen Feb Mar Apr Mag Giu Lug Ago Set Ott Nov Dic
2017: Gen Feb Mar Apr Mag Giu Lug Ago Set Ott Nov Dic
2016: Gen Feb Mar Apr Mag Giu Lug Ago Set Ott Nov Dic
2015: Gen Feb Mar Apr Mag Giu Lug Ago Set Ott Nov Dic
2014: Gen Feb Mar Apr Mag Giu Lug Ago Set Ott Nov Dic
2013: Gen Feb Mar Apr Mag Giu Lug Ago Set Ott Nov Dic

Report for 2014 Maggio
                   MONTHLY CLIMATOLOGICAL SUMMARY for MAY. 2014

NAME: Davis Vantage Vue   CITY: Acquaviva delle Fonti   STATE: Italia 
ELEV:   305 m  LAT:  40° 53' 26" N  LONG:  16° 50' 43" E

                   TEMPERATURE (°C), RAIN  (mm), WIND SPEED (km/hr)

                                      HEAT  COOL        AVG
    MEAN                              DEG   DEG         WIND                 DOM
DAY TEMP  HIGH   TIME   LOW    TIME   DAYS  DAYS  RAIN  SPEED HIGH   TIME    DIR
------------------------------------------------------------------------------------
 1  13.4  18.1   13:30  10.6   22:35   4.9   0.0   9.6   3.1  19.3    2:20    SW
 2  14.8  19.8   13:10  10.9    0:05   3.5   0.1   0.2   3.4  22.5   15:40     S
 3  14.2  18.0   15:55  12.1   00:00   4.2   0.0   1.2   6.3  33.8   13:43    SE
 4  11.4  14.5   12:19   9.8   21:21   7.0   0.0  53.2   5.6  30.6   15:12   NNE
 5  12.9  16.9   15:37   9.7   23:59   5.4   0.0   0.0   8.0  32.2   14:39   NNE
 6  14.5  19.8   14:37   8.8    3:30   4.0   0.3   0.0   3.1  20.9   12:34   NNE
 7  16.4  23.6   13:14  10.4    6:24   3.1   1.2   0.0   5.5  27.4   17:32     S
 8  16.3  20.6   10:32  13.3   23:44   2.2   0.2   0.2   5.3  30.6   14:32   NNE
 9  16.5  21.8   15:53  11.2    4:24   2.7   0.9   0.0   5.3  29.0   12:32   NNE
10  19.1  24.9   12:36  12.9    0:01   1.6   2.4   0.0   3.7  25.7   13:33   NNE
11  19.7  25.3   14:25  14.8    6:34   0.9   2.4   0.0   6.4  27.4   11:25     S
12  20.3  26.1   13:47  15.2   23:41   0.5   2.6   0.0   6.1  30.6    3:30    SW
13  17.7  22.6   11:11  13.9    4:06   1.5   0.8   4.0   5.1  32.2   21:49    SW
14  13.4  15.9   14:53   9.6    5:59   4.9   0.0   1.8  10.6  49.9   15:23   NNE
15  13.1  16.7   11:41  10.1    5:47   5.2   0.0   0.0  10.1  41.8   10:51   NNE
16  11.1  12.9   15:33   9.4   23:54   7.3   0.0   6.4   5.1  27.4    2:06   WSW
17  12.6  17.4   13:30   8.4    2:15   5.8   0.0   4.8   3.1  19.3   10:49   WSW
18  15.4  22.4   14:35   8.6    5:16   3.7   0.8   0.2   4.3  22.5   17:15     S
19  15.6  19.7   13:22  12.4    0:15   2.9   0.1   0.6   5.0  25.7   10:38     S
20  17.3  22.1   14:52  12.6    6:10   2.1   1.0   0.0   3.7  27.4   16:45   NNE
21  18.2  23.6   13:39  11.3    6:14   2.0   1.9   0.0   2.9  24.1   13:50   NNE
22  20.8  29.8   14:09  12.8    4:20   1.4   3.9   0.0   3.1  29.0   14:35    SW
23  23.1  29.9   12:44  15.6    4:59   0.4   5.3   0.0   3.1  24.1   16:01     S
24  22.0  28.4   12:02  17.4   23:34   0.0   3.7   0.2   2.7  30.6   14:56   NNE
25  19.7  26.0   12:56  15.7    1:30   0.5   1.9  30.6   1.9  37.0   14:24   NNE
26  20.4  25.3   18:09  17.2    4:42   0.1   2.3   5.2   2.9  22.5   13:18   NNE
27  21.2  26.7   13:03  15.9    5:41   0.5   3.3   0.0   5.8  29.0   18:41   WSW
28  18.2  24.3   13:12  12.7    4:58   1.6   1.5   0.0   5.1  25.7    9:34   WSW
29  16.2  19.7   13:26  13.4   23:03   2.1   0.0   1.2   2.9  29.0   13:28   NNE
30  18.1  24.0   12:48  14.2    1:22   1.5   1.3   0.2   5.0  25.7   13:45   WSW
31  16.5  21.1   11:25  13.4    5:05   2.0   0.2   1.2   4.2  25.7   12:07   NNE
-------------------------------------------------------------------------------------
    16.8  29.9    23     8.4    17    85.4  38.1 120.8   4.8  49.9    14     NNE

Max >=  32.0:  0
Max <=   0.0:  0
Min <=   0.0:  0
Min <= -18.0:  0
Max Rain: 53.19 ON 04/05/14
Days of Rain: 17 (> .2 mm) 7 (> 2 mm) 2 (> 20 mm)
Heat Base:  18.3  Cool Base:  18.3  Method: Integration