Dati Stazione Meteo - Stile NOAA

Seleziona il Report di un Mese o un Anno
2019: Gen Feb Mar Apr Mag Giu Lug Ago Set Ott Nov Dic
2018: Gen Feb Mar Apr Mag Giu Lug Ago Set Ott Nov Dic
2017: Gen Feb Mar Apr Mag Giu Lug Ago Set Ott Nov Dic
2016: Gen Feb Mar Apr Mag Giu Lug Ago Set Ott Nov Dic
2015: Gen Feb Mar Apr Mag Giu Lug Ago Set Ott Nov Dic
2014: Gen Feb Mar Apr Mag Giu Lug Ago Set Ott Nov Dic
2013: Gen Feb Mar Apr Mag Giu Lug Ago Set Ott Nov Dic

Report for 2014 Giugno
                   MONTHLY CLIMATOLOGICAL SUMMARY for JUN. 2014

NAME: Davis Vantage Vue   CITY: Acquaviva delle Fonti   STATE: Italia 
ELEV:   305 m  LAT:  40° 53' 26" N  LONG:  16° 50' 43" E

                   TEMPERATURE (°C), RAIN  (mm), WIND SPEED (km/hr)

                                      HEAT  COOL        AVG
    MEAN                              DEG   DEG         WIND                 DOM
DAY TEMP  HIGH   TIME   LOW    TIME   DAYS  DAYS  RAIN  SPEED HIGH   TIME    DIR
------------------------------------------------------------------------------------
 1  16.2  21.5   12:55  11.9    5:39   2.5   0.4   0.6   4.7  27.4   18:52   NNE
 2  16.8  21.4   16:14  11.3    2:35   2.3   0.8   0.0   5.8  30.6   15:52   NNE
 3  17.9  22.3   14:59  13.7    5:43   1.5   1.2   0.0   6.1  30.6   15:42   NNE
 4  19.8  25.3   13:54  14.1    3:18   1.2   2.7   0.0   5.5  33.8   14:46   NNE
 5  22.4  26.9   11:45  16.0    0:01   0.1   4.2   0.0   4.2  27.4   14:08   NNE
 6  22.1  26.6   14:33  15.4    3:07   0.3   4.1   0.0   5.0  25.7   11:28   NNE
 7  22.3  27.2   14:49  17.6    2:25   0.1   4.1   0.0   5.6  32.2   11:30   NNE
 8  23.5  28.8   14:41  18.6    1:55   0.0   5.2   0.0   6.4  30.6   16:58   NNE
 9  24.4  29.1   16:18  19.4    5:37   0.0   6.1   0.0   5.0  33.8   13:58   NNE
10  25.2  30.3   12:57  19.4    1:19   0.0   6.9   0.0   3.7  24.1   14:56   NNE
11  25.5  31.4   14:40  17.9    3:39   0.0   7.4   0.0   5.1  27.4   14:59   NNE
12  25.3  29.5   16:23  19.6   23:36   0.0   7.1   0.0   5.5  27.4   15:05   NNE
13  24.9  30.4   16:52  18.5    0:42   0.0   6.6   0.0   4.3  32.2   13:19   NNE
14  22.1  32.3   12:44  17.0   14:56   0.0   3.8  27.8   2.4  43.5   14:25    SW
15  19.9  23.3   11:48  16.8    1:35   0.1   1.7   2.0   2.3  22.5   14:38   NNE
16  19.9  25.6   16:05  17.4    3:21   0.1   1.8   5.4   1.8  25.7   17:23    SW
17  21.6  27.4   13:25  17.9    1:54   0.0   3.3   4.0   3.5  32.2   15:33     S
18  19.2  24.8   11:24  15.7    5:14   0.6   1.5   2.2   1.6  20.9   13:13   NNE
19  18.4  23.8   12:32  14.4    4:01   1.2   1.3   2.6   4.2  29.0   12:26   NNE
20  21.1  26.3   14:35  16.2    1:24   0.6   3.4   0.0   5.1  25.7   16:26   NNE
21  21.8  26.6   15:17  16.4    4:58   0.2   3.6   0.0   3.5  25.7   14:15   NNE
22  23.7  30.6   13:39  17.2    3:56   0.1   5.5   0.0   3.4  19.3   12:18   NNE
23  26.2  34.2   15:16  18.3    4:06   0.0   8.0   0.0   3.7  22.5   15:57     S
24  26.6  33.9   11:32  20.6    3:37   0.0   8.3   0.0   5.3  27.4   16:55     S
25  25.8  30.7   13:54  20.6    1:50   0.0   7.5   0.0   8.9  46.7    4:51     S
26  24.1  28.2   13:17  20.3    3:42   0.0   5.8   0.0   4.2  29.0   14:12   NNE
27  22.7  26.4   14:27  18.6    5:16   0.0   4.4   0.0   5.0  30.6   14:15   NNE
28  24.2  29.4   13:55  17.8    5:04   0.0   6.0   0.0   3.1  25.7   14:10   NNE
29  25.8  30.7   13:48  19.5    6:30   0.0   7.5   0.0   7.2  37.0   17:34    SE
30  24.5  30.1   15:15  18.8   23:57   0.0   6.2   0.0   8.4  40.2   11:55    SW
-------------------------------------------------------------------------------------
    22.5  34.2    23    11.3     2    10.9 136.4  44.6   4.7  46.7    25     NNE

Max >=  32.0:  3
Max <=   0.0:  0
Min <=   0.0:  0
Min <= -18.0:  0
Max Rain: 27.79 ON 14/06/14
Days of Rain: 7 (> .2 mm) 6 (> 2 mm) 1 (> 20 mm)
Heat Base:  18.3  Cool Base:  18.3  Method: Integration