Dati Stazione Meteo - Stile NOAA

Seleziona il Report di un Mese o un Anno
2019: Gen Feb Mar Apr Mag Giu Lug Ago Set Ott Nov Dic
2018: Gen Feb Mar Apr Mag Giu Lug Ago Set Ott Nov Dic
2017: Gen Feb Mar Apr Mag Giu Lug Ago Set Ott Nov Dic
2016: Gen Feb Mar Apr Mag Giu Lug Ago Set Ott Nov Dic
2015: Gen Feb Mar Apr Mag Giu Lug Ago Set Ott Nov Dic
2014: Gen Feb Mar Apr Mag Giu Lug Ago Set Ott Nov Dic
2013: Gen Feb Mar Apr Mag Giu Lug Ago Set Ott Nov Dic

Report for 2014 Luglio
                   MONTHLY CLIMATOLOGICAL SUMMARY for JUL. 2014

NAME: Davis Vantage Vue   CITY: Acquaviva delle Fonti   STATE: Italia 
ELEV:   305 m  LAT:  40° 53' 26" N  LONG:  16° 50' 43" E

                   TEMPERATURE (°C), RAIN  (mm), WIND SPEED (km/hr)

                                      HEAT  COOL        AVG
    MEAN                              DEG   DEG         WIND                 DOM
DAY TEMP  HIGH   TIME   LOW    TIME   DAYS  DAYS  RAIN  SPEED HIGH   TIME    DIR
------------------------------------------------------------------------------------
 1  22.1  26.7   14:11  16.9    6:02   0.1   3.8   0.0   4.0  29.0   16:35   NNE
 2  24.5  31.7   15:36  16.2    5:28   0.1   6.3   0.0   3.2  22.5   16:27    SE
 3  24.2  28.4   15:17  18.7    4:35   0.0   5.8   0.0   5.6  29.0   12:57   NNE
 4  22.9  27.4   15:39  18.2   23:06   0.0   4.6   0.0   5.3  32.2   12:12   NNE
 5  26.1  33.2   15:58  19.0    0:01   0.0   7.7   0.0   6.0  27.4   14:45     S
 6  25.3  29.3   14:16  21.5    4:31   0.0   7.0   0.0   4.5  25.7   13:54   NNE
 7  27.0  33.9   12:08  19.8    6:09   0.0   8.7   0.0   3.4  29.0   13:11   NNE
 8  27.1  35.1   15:21  21.6   23:59   0.0   8.8   0.0   9.3  37.0   13:12    SW
 9  24.2  30.2   15:43  19.7    4:08   0.0   5.8   0.0   9.2  41.8    1:51    SW
10  22.5  28.7   14:41  17.3    5:26   0.1   4.3   0.0   7.6  30.6   11:31    SW
11  20.3  24.3   17:31  14.7    4:03   0.5   2.5   0.0   4.8  33.8   12:21   NNE
12  22.1  28.7   14:20  16.4    4:41   0.3   4.1   0.4   2.9  27.4   14:56    SW
13  21.5  26.3   10:18  17.8    2:31   0.0   3.2   1.0   2.7  24.1   13:59    SW
14  21.2  27.8   11:50  16.9    4:49   0.1   3.1  10.2   2.9  22.5   15:44   NNE
15  21.4  25.5   17:15  17.6    1:13   0.0   3.1   1.2   6.6  32.2   13:49   NNE
16  24.0  28.1   14:39  19.7    2:15   0.0   5.7   0.0   7.4  35.4   12:49   NNE
17  24.8  29.2   14:37  20.6    2:44   0.0   6.5   0.0   6.8  32.2   12:29   NNE
18  25.0  29.3   13:15  20.7    5:04   0.0   6.7   0.0   6.4  40.2   14:42   NNE
19  25.3  29.4   14:04  20.9    5:16   0.0   7.0   0.0   6.1  43.5   15:05   NNE
20  26.7  31.9   13:35  20.7    3:54   0.0   8.4   0.0   3.9  25.7   15:20   NNE
21  24.8  30.7   16:10  16.2   21:53   0.1   6.6  13.6   3.4  29.0   11:25    SW
22  21.3  28.1   13:48  17.3    3:47   0.0   3.1  24.4   2.1  17.7   14:14    SW
23  20.8  24.8   14:24  16.9    5:41   0.2   2.6   0.6   4.0  29.0   15:32   NNE
24  22.9  28.2   13:00  17.3    2:55   0.1   4.7   0.0   3.1  25.7   16:27   NNE
25  23.6  28.3   12:00  19.6    5:50   0.0   5.3   0.0   3.7  24.1   15:00   NNE
26  25.0  32.2   14:00  20.2    2:20   0.0   6.7   0.0   2.7  24.1   15:50    SW
27  22.6  30.2   12:10  19.1   23:00   0.0   4.2  24.0   4.2  29.0   13:20   NNE
28  22.8  29.1   13:20  16.7    6:30   0.1   4.6   0.2   1.9  24.1   15:10   NNE
29  25.1  31.2   13:50  19.2    3:10   0.0   6.8   0.0   5.0  30.6   23:50    SE
30  25.3  30.8   13:50  21.4   23:00   0.0   7.1   0.0   9.5  33.8    4:40    SW
31  22.1  26.1   12:00  17.9    6:30   0.0   3.8   0.0   3.5  24.1   13:50   NNE
-------------------------------------------------------------------------------------
    23.7  35.1     8    14.7    11     1.8 168.9  75.6   4.9  43.5    19     NNE

Max >=  32.0:  4
Max <=   0.0:  0
Min <=   0.0:  0
Min <= -18.0:  0
Max Rain: 24.41 ON 22/07/14
Days of Rain: 9 (> .2 mm) 4 (> 2 mm) 2 (> 20 mm)
Heat Base:  18.3  Cool Base:  18.3  Method: Integration