Dati Stazione Meteo - Stile NOAA

Seleziona il Report di un Mese o un Anno
2019: Gen Feb Mar Apr Mag Giu Lug Ago Set Ott Nov Dic
2018: Gen Feb Mar Apr Mag Giu Lug Ago Set Ott Nov Dic
2017: Gen Feb Mar Apr Mag Giu Lug Ago Set Ott Nov Dic
2016: Gen Feb Mar Apr Mag Giu Lug Ago Set Ott Nov Dic
2015: Gen Feb Mar Apr Mag Giu Lug Ago Set Ott Nov Dic
2014: Gen Feb Mar Apr Mag Giu Lug Ago Set Ott Nov Dic
2013: Gen Feb Mar Apr Mag Giu Lug Ago Set Ott Nov Dic

Report for 2014 Agosto
                   MONTHLY CLIMATOLOGICAL SUMMARY for AUG. 2014

NAME: Davis Vantage Vue   CITY: Acquaviva delle Fonti   STATE: Italia 
ELEV:   305 m  LAT:  40° 53' 26" N  LONG:  16° 50' 43" E

                   TEMPERATURE (°C), RAIN  (mm), WIND SPEED (km/hr)

                                      HEAT  COOL        AVG
    MEAN                              DEG   DEG         WIND                 DOM
DAY TEMP  HIGH   TIME   LOW    TIME   DAYS  DAYS  RAIN  SPEED HIGH   TIME    DIR
------------------------------------------------------------------------------------
 1  20.7  25.2   17:00  17.5    3:10   0.1   2.5   1.0   3.2  24.1   16:30   NNE
 2  24.3  29.8   16:55  17.5    6:20   0.0   6.0   0.0   2.4  24.1   13:40   NNE
 3  26.6  33.4   15:18  22.1    6:30   0.0   8.2   0.0   3.2  29.0   14:39   NNE
 4  24.9  28.7   16:30  21.1    6:04   0.0   6.6   0.0   5.1  25.7   17:23   NNE
 5  24.8  29.8   12:21  18.9    5:18   0.0   6.6   0.0   4.3  27.4   12:44   NNE
 6  23.7  27.9   13:03  20.3   23:57   0.0   5.4   0.0   7.1  30.6   15:17   NNE
 7  23.1  26.9   15:20  19.7    6:25   0.0   4.8   0.0   6.8  33.8   13:06   NNE
 8  23.9  28.7   12:45  19.2   00:00   0.0   5.6   0.0   4.7  30.6   15:05   NNE
 9  25.2  32.2   12:42  16.9    4:30   0.1   7.1   0.0   2.6  24.1   15:44    SW
10  27.2  32.9   12:50  19.9    6:09   0.0   8.9   0.0   2.6  24.1   14:51   NNE
11  29.4  36.1   16:59  23.2    6:22   0.0  11.1   0.0   3.1  20.9   13:33     S
12  29.8  37.8   14:14  21.3    6:31   0.0  11.5   0.0   3.2  29.0   13:01    SW
13  29.4  37.3   14:44  22.2    6:17   0.0  11.1   0.0   5.1  30.6   16:59     S
14  28.7  37.0   14:23  21.6    6:24   0.0  10.4   0.0   4.3  27.4   15:13    SW
15  25.7  31.9   15:46  20.9    3:45   0.0   7.4   0.0   5.6  25.7    3:58   WSW
16  23.8  30.1   13:27  18.3    5:54   0.0   5.5   0.0   3.9  25.7   15:44   NNE
17  21.9  25.9   14:45  17.8   23:52   0.0   3.6   0.0   6.9  33.8   15:00   NNE
18  21.7  27.3   12:56  16.5    0:39   0.4   3.8   0.0   3.4  27.4   14:15   NNE
19  23.7  30.0   14:51  17.3    6:17   0.1   5.5   0.0   7.6  33.8   14:44     S
20  25.2  32.4   11:42  19.8    5:42   0.0   6.9   1.2   3.1  25.7   13:57   NNE
21  26.9  34.0   13:28  21.5    3:03   0.0   8.6   0.0   4.3  25.7   11:43     S
22  25.9  31.1   13:45  20.1    5:04   0.0   7.6   0.0   3.5  27.4   14:32   NNE
23  27.2  35.0   14:49  20.4    6:45   0.0   8.9   0.0   4.2  33.8   16:51    SW
24  24.2  29.6   11:49  17.9    6:37   0.0   5.9   0.0   4.0  29.0   14:58   NNE
25  22.5  26.9   15:11  18.6    4:27   0.0   4.2   0.0   3.7  24.1   15:28   NNE
26  24.6  33.0   15:13  17.4    6:38   0.0   6.3   0.0   3.4  24.1   16:06     S
27  27.1  34.4   12:25  19.3    4:30   0.0   8.7   0.0   4.0  29.0   12:39   NNE
28  25.4  29.6   13:55  21.6    5:22   0.0   7.1   0.0   4.8  32.2   16:01   NNE
29  24.0  27.5   12:39  20.2    6:39   0.0   5.7   0.0   5.8  29.0   10:38   NNE
30  23.6  29.8   12:29  17.5    6:23   0.0   5.4   0.0   2.4  29.0   14:07   NNE
31  24.3  31.6   11:38  19.7    6:55   0.0   6.1   0.4   2.4  22.5   13:09     S
-------------------------------------------------------------------------------------
    25.1  37.8    12    16.5    18     0.8 213.0   2.6   4.2  33.8     7     NNE

Max >=  32.0: 12
Max <=   0.0:  0
Min <=   0.0:  0
Min <= -18.0:  0
Max Rain: 1.19 ON 20/08/14
Days of Rain: 3 (> .2 mm) 0 (> 2 mm) 0 (> 20 mm)
Heat Base:  18.3  Cool Base:  18.3  Method: Integration