Dati Stazione Meteo - Stile NOAA

Seleziona il Report di un Mese o un Anno
2019: Gen Feb Mar Apr Mag Giu Lug Ago Set Ott Nov Dic
2018: Gen Feb Mar Apr Mag Giu Lug Ago Set Ott Nov Dic
2017: Gen Feb Mar Apr Mag Giu Lug Ago Set Ott Nov Dic
2016: Gen Feb Mar Apr Mag Giu Lug Ago Set Ott Nov Dic
2015: Gen Feb Mar Apr Mag Giu Lug Ago Set Ott Nov Dic
2014: Gen Feb Mar Apr Mag Giu Lug Ago Set Ott Nov Dic
2013: Gen Feb Mar Apr Mag Giu Lug Ago Set Ott Nov Dic

Report for 2014 Settembre
                   MONTHLY CLIMATOLOGICAL SUMMARY for SEP. 2014

NAME: Davis Vantage Vue   CITY: Acquaviva delle Fonti   STATE: Italia 
ELEV:   305 m  LAT:  40° 53' 26" N  LONG:  16° 50' 43" E

                   TEMPERATURE (°C), RAIN  (mm), WIND SPEED (km/hr)

                                      HEAT  COOL        AVG
    MEAN                              DEG   DEG         WIND                 DOM
DAY TEMP  HIGH   TIME   LOW    TIME   DAYS  DAYS  RAIN  SPEED HIGH   TIME    DIR
------------------------------------------------------------------------------------
 1  21.2  26.0   10.59  14.7   23.53   0.3   3.2  27.4   5.1  32.2   12.04     S
 2  18.9  24.3   14.50  13.8    1.34   1.3   1.8   0.0   4.3  29.0   17.27   NNE
 3  19.6  24.2   13.54  16.9    5.32   0.3   1.5  18.6   4.0  27.4   15.03   NNE
 4  20.2  24.2   14.44  17.3    6.20   0.1   2.0   0.0   3.2  22.5   15.12   NNE
 5  20.0  24.1   11.34  17.5   00.00   0.2   1.8   0.0   2.9  27.4   12.11   NNE
 6  19.6  23.6   12.32  16.9    2.32   0.2   1.5   7.6   2.1  24.1   15.02   NNE
 7  20.7  25.4   13.07  16.7    6.08   0.3   2.6   0.2   3.5  22.5   15.34   NNE
 8  21.3  26.7   15.01  16.5    6.36   0.2   3.2   0.0   3.1  19.3   12.55   NNE
 9  21.0  25.9   14.54  16.6    5.18   0.2   2.9   0.0   3.1  20.9   13.09   NNE
10  22.8  29.3   14.00  17.1    6.32   0.1   4.6   0.0   3.5  22.5   16.39   SSW
11  20.4  24.6   14.20  17.2    2.55   0.2   2.3  15.2   5.1  29.0   15.02     S
12  21.7  26.8   13.20  17.4    7.00   0.1   3.5   0.2   5.3  40.2   14.05     S
13  20.3  23.8   13.03  18.8    1.03   0.0   2.0   0.0   4.0  27.4   13.56   NNE
14  19.4  23.2   13.32  15.3   23.42   0.3   1.5   0.0   4.0  24.1   14.10   NNE
15  19.5  25.2   13.07  14.7    1.26   1.1   2.3   0.0   2.6  22.5   14.27   NNE
16  19.3  24.8   12.35  15.4    1.48   0.9   1.9   0.0   2.9  24.1   14.15   NNE
17  19.4  24.1   15.08  16.1    6.22   0.7   1.8   0.0   3.2  20.9   15.03   NNE
18  20.5  26.2   12.23  14.6    6.14   0.7   2.9   0.0   2.4  25.7   15.33   NNE
19  22.3  26.4   14.21  18.4    2.59   0.0   4.0   0.0   8.5  37.0   13.15     S
20  23.4  27.4   16.12  20.9   23.41   0.0   5.1   0.0   5.3  32.2   10.53     S
21  24.4  30.4   12.29  20.2    6.11   0.0   6.1   0.2   2.6  20.9   13.21   NNE
22  25.4  31.6   13.32  21.4    3.35   0.0   7.2   0.0   6.1  35.4   21.18    SW
23  19.2  23.1    0.43  13.6   23.25   0.7   1.6   0.0  10.3  43.5   13.47   NNE
24  17.6  24.6   13.42  13.1    3.53   1.8   1.1   0.6   3.2  22.5   15.14   NNE
25  19.2  25.9   11.59  15.9    5.39   0.8   1.7  10.0   2.9  27.4   13.58   NNE
26  17.2  20.3   13.45  15.2   23.27   1.4   0.3   3.0   8.2  40.2   13.01   NNE
27  17.4  20.4   14.30  14.3   22.48   1.3   0.4   0.0   9.0  38.6   15.51   NNE
28  16.7  20.6   13.17  12.3    6.34   2.2   0.5   0.0   4.8  35.4   10.28   NNE
29  17.3  22.2   12.28  13.1   23.11   2.0   1.0   0.0   2.9  20.9   13.38   NNE
30  17.3  24.2   13.46  11.2    3.57   2.6   1.6   0.0   2.1  22.5   15.44   NNE
-------------------------------------------------------------------------------------
    20.1  31.6    22    11.2    30    19.7  74.1  83.0   4.4  43.5    23     NNE

Max >=  32.0:  0
Max <=   0.0:  0
Min <=   0.0:  0
Min <= -18.0:  0
Max Rain: 27.41 ON 01/09/14
Days of Rain: 10 (> .2 mm) 6 (> 2 mm) 1 (> 20 mm)
Heat Base:  18.3  Cool Base:  18.3  Method: Integration