Dati Stazione Meteo - Stile NOAA

Seleziona il Report di un Mese o un Anno
2019: Gen Feb Mar Apr Mag Giu Lug Ago Set Ott Nov Dic
2018: Gen Feb Mar Apr Mag Giu Lug Ago Set Ott Nov Dic
2017: Gen Feb Mar Apr Mag Giu Lug Ago Set Ott Nov Dic
2016: Gen Feb Mar Apr Mag Giu Lug Ago Set Ott Nov Dic
2015: Gen Feb Mar Apr Mag Giu Lug Ago Set Ott Nov Dic
2014: Gen Feb Mar Apr Mag Giu Lug Ago Set Ott Nov Dic
2013: Gen Feb Mar Apr Mag Giu Lug Ago Set Ott Nov Dic

Report for 2014 Ottobre
                   MONTHLY CLIMATOLOGICAL SUMMARY for OCT. 2014

NAME: Davis Vantage Vue   CITY: Acquaviva delle Fonti   STATE: Italia 
ELEV:   305 m  LAT:  40° 53' 26" N  LONG:  16° 50' 43" E

                   TEMPERATURE (°C), RAIN  (mm), WIND SPEED (km/hr)

                                      HEAT  COOL        AVG
    MEAN                              DEG   DEG         WIND                 DOM
DAY TEMP  HIGH   TIME   LOW    TIME   DAYS  DAYS  RAIN  SPEED HIGH   TIME    DIR
------------------------------------------------------------------------------------
 1  18.1  24.1   15.16  11.7    2.52   2.0   1.8   0.0   3.2  24.1   14.18   NNE
 2  17.6  23.2   11.17  13.9    6.21   1.4   0.7   4.4   1.6  16.1   12.45   NNE
 3  17.2  22.2   13.34  15.9    6.04   1.4   0.3  13.2   1.6  20.9   14.04   NNE
 4  17.5  22.8   14.01  15.7    2.31   1.4   0.6   6.4   1.0  19.3   14.55   NNE
 5  17.0  18.9   13.05  15.9    1.15   1.3   0.0   1.4   1.3  14.5   16.15   NNE
 6  16.2  17.2   13.15  15.4    6.35   2.2   0.0   8.0   4.2  35.4   16.43   NNE
 7  17.4  23.7   15.51  12.8    5.18   2.0   1.2   0.8   1.9  22.5   13.51   SSW
 8  18.2  25.1   12.55  12.0    7.00   1.9   1.9   0.2   1.3  16.1   16.31   NNE
 9  19.6  26.6   14.59  14.2    7.07   1.2   2.5   0.0   2.7  14.5   15.22     S
10  19.8  27.2   14.44  13.7    6.42   1.2   2.7   0.0   3.4  17.7   11.39     S
11  20.7  28.1   13.52  14.8    6.55   0.6   2.9   0.0   4.8  17.7    9.22     S
12  20.6  27.6   13.43  15.5    7.20   0.6   2.8   0.0   1.8  16.1   15.27   NNE
13  20.3  27.2   14.36  14.7    7.03   0.7   2.7   0.0   4.0  22.5   21.39     S
14  21.3  27.6   14.21  18.1    2.49   0.0   3.0   0.2   6.9  32.2   18.55     S
15  21.8  24.7   14.04  19.8   22.06   0.0   3.6   0.0   9.0  38.6   11.38     S
16  22.9  27.7   14.57  17.9    7.11   0.0   4.6   0.0   6.8  32.2   15.20    SW
17  22.3  27.3   13.42  19.3    4.54   0.0   4.3   0.0   7.2  27.4   10.57    SW
18  20.9  25.2   14.42  17.4   23.34   0.1   2.8   0.0   4.3  24.1   14.36   NNE
19  19.0  23.4   14.21  14.1   21.40   0.7   1.4   0.0   3.1  22.5    1.38   NNE
20  17.8  23.1   13.32  13.9    2.09   1.8   1.3   0.0   1.9  22.5   14.14    SW
21  19.3  25.2   13.03  15.3    5.08   0.9   1.9   0.0   3.2  19.3   13.51    SW
22  15.7  23.8   11.55   9.6   23.59   3.3   0.7   6.6   6.8  35.4   14.20     S
23   9.6  13.1   12.04   7.4   23.56   8.7   0.0   2.8   7.2  43.5    7.12   NNE
24  10.6  14.4   14.20   6.5    2.03   7.7   0.0   3.0   6.1  38.6   14.25   NNE
25  12.8  16.0   14.12  10.3    7.04   5.7   0.0   0.0   7.2  32.2   15.07   NNE
26  12.6  15.8   13.58   9.0    5.37   5.7   0.0   0.0   4.0  25.7   14.43   NNE
27  12.3  16.4   11.56   9.7    6.30   6.4   0.0   0.0   2.3  19.3   11.57   NNE
28  12.4  15.6   12.00   9.4    4.35   5.9   0.0   0.0   2.1  20.9   14.46   NNE
29  12.3  16.4   10.27   8.6    6.06   6.2   0.0   0.0   1.4  16.1   13.37   NNE
30  11.3  15.7   13.07   8.3    1.50   7.2   0.0   7.2   2.7  19.3   12.52   NNE
31  11.8  15.2   13.02   9.5    2.11   6.4   0.0   2.6   4.2  30.6   13.06   NNE
-------------------------------------------------------------------------------------
    17.0  28.1    11     6.5    24    84.5  43.7  56.8   3.9  43.5    23     NNE

Max >=  32.0:  0
Max <=   0.0:  0
Min <=   0.0:  0
Min <= -18.0:  0
Max Rain: 13.21 ON 03/10/14
Days of Rain: 13 (> .2 mm) 9 (> 2 mm) 0 (> 20 mm)
Heat Base:  18.3  Cool Base:  18.3  Method: Integration