Dati Stazione Meteo - Stile NOAA

Seleziona il Report di un Mese o un Anno
2019: Gen Feb Mar Apr Mag Giu Lug Ago Set Ott Nov Dic
2018: Gen Feb Mar Apr Mag Giu Lug Ago Set Ott Nov Dic
2017: Gen Feb Mar Apr Mag Giu Lug Ago Set Ott Nov Dic
2016: Gen Feb Mar Apr Mag Giu Lug Ago Set Ott Nov Dic
2015: Gen Feb Mar Apr Mag Giu Lug Ago Set Ott Nov Dic
2014: Gen Feb Mar Apr Mag Giu Lug Ago Set Ott Nov Dic
2013: Gen Feb Mar Apr Mag Giu Lug Ago Set Ott Nov Dic

Report for 2014 Dicembre
                   MONTHLY CLIMATOLOGICAL SUMMARY for DEC. 2014

NAME: Davis Vantage Vue   CITY: Acquaviva delle Fonti   STATE: Italia 
ELEV:   305 m  LAT:  40° 53' 26" N  LONG:  16° 50' 43" E

                   TEMPERATURE (°C), RAIN  (mm), WIND SPEED (km/hr)

                                      HEAT  COOL        AVG
    MEAN                              DEG   DEG         WIND                 DOM
DAY TEMP  HIGH   TIME   LOW    TIME   DAYS  DAYS  RAIN  SPEED HIGH   TIME    DIR
------------------------------------------------------------------------------------
 1  16.4  18.8   13.18  13.6   23.40   1.9   0.0   2.2   8.0  33.8    1.14     S
 2  14.7  18.7   14.54  12.4   20.43   3.6   0.0   0.4   2.7  19.3   12.16     S
 3  13.4  16.3   11.37  10.9    4.59   4.9   0.0   2.6   5.8  30.6   13.37     S
 4  13.8  17.9   14.02  11.0    5.38   4.5   0.0   3.4   4.7  20.9   10.23     S
 5  13.7  17.6   10.52  11.6   22.51   4.6   0.0   0.6   1.9  16.1   14.45    SW
 6  12.7  17.6   13.45   8.2    6.48   5.6   0.0   0.2   1.6  17.7   11.11    SW
 7  10.7  14.9   11.57   7.6   19.56   7.7   0.0   0.0   1.3  12.9    5.08    NE
 8   9.4  12.5   13.02   7.7   00.00   9.0   0.0   4.2   5.1  27.4   13.17    NE
 9   9.3  11.9   14.57   7.5    0.24   9.0   0.0   0.2   5.6  27.4   13.51    NE
10   8.3   9.9   12.31   6.4   23.57  10.2   0.0   0.0   4.3  22.5   13.55    NE
11   7.9  11.3   12.46   5.3    1.41  10.4   0.0   0.0   1.8  16.1   12.42    NE
12   8.9  13.2   13.33   4.7   21.32   9.4   0.0   0.0   4.3  27.4    4.54    NE
13   9.2  16.8   14.25   4.1    6.50   9.2   0.0   0.0   1.8  12.9    3.08     S
14   8.9  15.7   13.50   4.7    7.12   9.5   0.0   0.0   1.4  16.1   10.34    SW
15  10.0  13.7   14.04   6.6    0.03   8.3   0.0   0.4   3.1  16.1    5.05     S
16  11.7  14.7   12.24   9.4    0.01   6.6   0.0   4.8   8.0  45.1   12.29     S
17  10.7  17.4   12.26   6.8    7.10   9.6   0.0   0.0   2.1  14.5   12.57    SW
18  10.1  14.3   13.58   6.6    3.00   8.3   0.0   0.0   2.6  24.1   12.54    NE
19   9.8  14.9   15.01   6.6   21.51   8.7   0.0   0.2   1.8  12.9    9.56    NE
20  10.1  15.4   12.44   5.7    5.54   8.3   0.0   0.0   2.3  17.7   13.38    SW
21   9.2  13.4   11.09   5.1   23.58   9.2   0.0   0.8   2.9  41.8   11.29    NE
22   7.8  14.6   14.15   3.3    5.13  10.6   0.0   0.0   1.4  11.3   10.16    SW
23   9.3  14.7   12.33   5.2    1.44   9.2   0.0   0.0   1.4  11.3   13.09    SW
24   8.6  14.9   14.00   3.6    3.50   9.7   0.0   0.0   1.0  17.7   14.06    SW
25   9.1  13.3   12.26   5.1   19.23   9.3   0.0   0.0   1.8  22.5   10.43    SW
26   7.8  13.2   11.12   3.8   23.12  10.6   0.0  13.2   4.7  38.6   14.36    NE
27   5.0   8.2   14.30   2.2   19.07  13.9   0.0   0.6   5.1  35.4   23.59    NE
28   7.2   8.7    3.02   5.1   23.59  11.2   0.0  20.6   7.7  43.5    1.46     S
29   3.4   5.1    0.01   1.2    9.18  15.3   0.0   9.2   7.2  32.2    2.49    NE
30   0.2   2.8    0.01  -2.5   22.13  18.6   0.0   0.0   7.9  35.4    6.33   NNE
31  -0.6   3.3   23.58  -3.4    8.13  19.3   0.0   0.0   5.3  38.6   21.29   NNE
-------------------------------------------------------------------------------------
     9.3  18.8     1    -3.4    31   285.8   0.0  63.6   3.8  45.1    16      NE

Max >=  32.0:  0
Max <=   0.0:  0
Min <=   0.0:  2
Min <= -18.0:  0
Max Rain: 20.60 ON 28/12/14
Days of Rain: 16 (> .2 mm) 8 (> 2 mm) 1 (> 20 mm)
Heat Base:  18.3  Cool Base:  18.3  Method: Integration