Dati Stazione Meteo - Stile NOAA

Seleziona il Report di un Mese o un Anno
2019: Gen Feb Mar Apr Mag Giu Lug Ago Set Ott Nov Dic
2018: Gen Feb Mar Apr Mag Giu Lug Ago Set Ott Nov Dic
2017: Gen Feb Mar Apr Mag Giu Lug Ago Set Ott Nov Dic
2016: Gen Feb Mar Apr Mag Giu Lug Ago Set Ott Nov Dic
2015: Gen Feb Mar Apr Mag Giu Lug Ago Set Ott Nov Dic
2014: Gen Feb Mar Apr Mag Giu Lug Ago Set Ott Nov Dic
2013: Gen Feb Mar Apr Mag Giu Lug Ago Set Ott Nov Dic

Report for 2015
                            ANNUAL CLIMATOLOGICAL SUMMARY

NAME: Davis Vantage Vue  CITY: Acquaviva delle Fonti   STATE: Italia  
ELEV:   305 m  LAT:  40° 53' 26" N  LONG:  16° 50' 43" E

               TEMPERATURE (°C), HEAT BASE 18.3, COOL BASE 18.3
                          DEP.  HEAT  COOL                                          
        MEAN  MEAN        FROM  DEG   DEG                        MAX  MAX  MIN  MIN 
 YR MO  MAX   MIN   MEAN  NORM  DAYS  DAYS  HI  DATE  LOW  DATE  >=32 <=0  <=0  <=-18 
------------------------------------------------------------------------------------
 15  1   5.8  -0.6   3.0   0.0    15     0   5.8  11  -0.6   11    0    0    1    0
 15  2  13.3   4.0   7.6   0.0    10     0  13.3  11   4.0   11    0    0    0    0
 15  3  13.6   6.6  10.0   0.0   260     1  23.0  31   1.3   21    0    0    0    0
 15  4  18.3   8.8  13.3   0.0   163    10  24.6  26   2.9    7    0    0    0    0
 15  5  25.3  13.8  19.2   0.0    44    76  36.7   6   9.2   25    1    0    0    0
 15  6  27.3  17.0  22.2   0.0     8   122  32.8  13  14.3    1    2    0    0    0
 15  7  33.7  21.4  27.7   0.0     0   294  37.1  30  16.2    2   23    0    0    0
 15  8  32.1  22.2  26.8   0.0     0   112  36.4   2  19.9   11    5    0    0    0
 15  9  27.1  16.6  21.3   0.0    17    74  39.3  17  11.6   25    5    0    0    0
 15 10  20.5  12.7  16.3   0.0    77    23  26.1   4   7.2   25    0    0    0    0
 15 11  17.0   8.7  12.4   0.0   191     4  27.9  11   4.4   30    0    0    0    0
 15 12  13.5   5.7   9.1   0.0   304     0  17.8   6  -0.8   31    0    0    1    0
------------------------------------------------------------------------------------
        22.0  12.6  17.1   0.0  1089   715  39.3 SEP  -0.8  DEC   36    0    2    0

                                PRECIPITATION (mm)

               DEP.   MAX        DAYS OF RAIN 
               FROM   OBS.          OVER
 YR MO  TOTAL  NORM   DAY  DATE  .2   2   20
---------------------------------------------
 15  1   9.0    0.0   9.0   11    1    1    0
 15  2   0.8    0.0   0.8   11    1    0    0
 15  3 144.8    0.0  39.4    6   13   11    2
 15  4  23.6    0.0   8.0    7    8    3    0
 15  5   1.4    0.0   0.4   21    5    0    0
 15  6   1.2    0.0   0.4   28    5    0    0
 15  7   7.3    0.0   0.8   24   23    0    0
 15  8   7.6    0.0   2.4    5   11    2    0
 15  9  18.8    0.0   7.2   20    4    3    0
 15 10 101.6    0.0  33.8   22   19    9    1
 15 11  39.4    0.0  14.2   26   15    6    0
 15 12   3.3    0.0   0.6   10   12    0    0
---------------------------------------------
       358.8   0.0  39.4  MAR  117   35    3

                                WIND SPEED (km/hr)
                          DOM
 YR MO   AVG.  HI   DATE  DIR
---------------------------------
 15  1   7.4  37.0   11    NE
 15  2   4.2  38.6   11    SW
 15  3   6.3  78.9   25   NNE
 15  4   5.9  43.5   27   NNE
 15  5   5.1  48.3   11   NNE
 15  6   5.7  41.8   26   NNE
 15  7   4.3  38.6   26   NNE
 15  8   2.8  37.0    9   NNE
 15  9   4.2  40.2   21   NNE
 15 10   4.3  45.1   14   NNE
 15 11   2.6  40.2   21   NNE
 15 12   2.2  32.2   16   NNE
---------------------------------
         4.4  78.9  MAR  NNE