Dati Stazione Meteo - Stile NOAA

Seleziona il Report di un Mese o un Anno
2019: Gen Feb Mar Apr Mag Giu Lug Ago Set Ott Nov Dic
2018: Gen Feb Mar Apr Mag Giu Lug Ago Set Ott Nov Dic
2017: Gen Feb Mar Apr Mag Giu Lug Ago Set Ott Nov Dic
2016: Gen Feb Mar Apr Mag Giu Lug Ago Set Ott Nov Dic
2015: Gen Feb Mar Apr Mag Giu Lug Ago Set Ott Nov Dic
2014: Gen Feb Mar Apr Mag Giu Lug Ago Set Ott Nov Dic
2013: Gen Feb Mar Apr Mag Giu Lug Ago Set Ott Nov Dic

Report for 2015 Gennaio
                   MONTHLY CLIMATOLOGICAL SUMMARY for JAN. 2015

NAME: Davis Vantage Vue   CITY: Acquaviva delle Fonti   STATE: Italia 
ELEV:   305 m  LAT:  40° 53' 26" N  LONG:  16° 50' 43" E

                   TEMPERATURE (°C), RAIN  (mm), WIND SPEED (km/hr)

                                      HEAT  COOL        AVG
    MEAN                              DEG   DEG         WIND                 DOM
DAY TEMP  HIGH   TIME   LOW    TIME   DAYS  DAYS  RAIN  SPEED HIGH   TIME    DIR
------------------------------------------------------------------------------------
 1   3.0   5.8   13.25  -0.6   22.00  15.5   0.0   9.0   7.4  37.0   10.41    NE
 2   4.5   9.1   13.19  -0.8    1.54  14.1   0.0   0.0   2.7  22.5   11.59    NE
 3   9.4  17.5   15.00   4.1    1.35   8.9   0.0   0.0   1.1  16.1   21.58     S
 4  10.0  13.6   11.46   6.2   23.58   8.4   0.0   1.6   5.8  30.6   14.05    NE
 5   5.8   7.1   11.13   4.1   22.19  12.6   0.0   0.0  10.3  49.9   10.50    NE
 6   5.3   7.2   14.18   1.8   22.58  13.1   0.0   0.6   7.4  33.8    9.38   NNE
 7   4.3   9.2   14.01   1.0   23.59  14.5   0.0   0.0   1.6  17.7   13.35    NE
 8   5.4  10.3   14.33   0.5    3.02  13.0   0.0   0.0   1.9  14.5    9.46     S
 9   8.9  14.4   13.57   3.9    2.28   9.6   0.0   0.0   1.6  19.3   12.08    SW
10  11.5  19.3   15.37   6.3    2.12   6.8   0.0   0.0   2.1  17.7    9.39    NE
11  13.1  19.7   14.27   6.9    5.21   5.3   0.1   1.8   4.7  38.6   23.15    SW
12   7.9  10.9   14.11   5.1   23.59  10.5   0.0   0.2   7.2  40.2    1.16    NE
13   7.6  14.2   13.53   2.4    7.11  10.7   0.0   0.0   1.6  12.9   14.21    SW
14   9.2  17.2   12.59   4.9   19.55   9.2   0.0   0.0   1.4  19.3   13.04   WSW
15   9.8  17.1   15.11   6.5    5.51   8.6   0.0   0.0   1.3  14.5   11.45    NE
16   9.4  14.9   12.52   4.9    7.15   9.0   0.0   0.2   5.3  35.4   22.16     S
17  12.4  15.3   14.59   9.7    0.38   6.0   0.0   0.0  10.6  32.2    1.44    SE
18  12.1  14.4   11.27   9.6   23.27   6.2   0.0  22.8   9.2  43.5   11.27     S
19   9.7  13.2   12.14   7.1    6.42   8.8   0.0   4.2   2.3  46.7    0.33    NE
20  10.3  13.1   12.03   7.8    1.55   8.2   0.0   4.8   3.7  25.7   12.25     S
21  10.4  15.2   14.51   8.6    5.01   7.8   0.0   1.0   2.3  19.3   18.36     S
22   9.8  13.7   11.30   4.9   21.09   8.8   0.0  23.0   6.3  41.8   12.18    SE
23   9.2  13.6   14.13   6.9   21.11   9.1   0.0   2.2   6.1  33.8    4.21    SE
24   7.4  10.1   12.09   5.2   23.57  11.0   0.0  10.8   2.6  20.9   16.28    NE
25   6.8  10.2   11.05   4.2    5.32  11.8   0.0   0.4   3.1  19.3   12.11    NE
26   6.5   8.9   11.58   4.1   23.30  11.9   0.0   0.4   5.1  29.0   14.02    NE
27   5.3   8.6   13.15   2.2    7.27  13.0   0.0   0.0   3.2  22.5   12.09    NE
28   4.8   8.0   11.45   3.1    7.48  13.4   0.0   0.0   4.5  24.1    2.13    NE
29   7.0  12.1   11.40   3.4    4.09  11.8   0.0   0.0   4.3  27.4   22.43    SW
30   8.6  11.9   10.47   4.6   23.58   9.7   0.0  17.6  12.6  48.3   20.56     S
31   6.4   8.6   12.49   3.7    5.04  12.1   0.0   2.2   3.4  40.2    2.18    SW
-------------------------------------------------------------------------------------
     8.1  19.7    11    -0.8     2   319.6   0.1 102.8   4.6  49.9     5      NE

Max >=  32.0:  0
Max <=   0.0:  0
Min <=   0.0:  2
Min <= -18.0:  0
Max Rain: 23.01 ON 22/01/15
Days of Rain: 17 (> .2 mm) 9 (> 2 mm) 2 (> 20 mm)
Heat Base:  18.3  Cool Base:  18.3  Method: Integration