Dati Stazione Meteo - Stile NOAA

Seleziona il Report di un Mese o un Anno
2019: Gen Feb Mar Apr Mag Giu Lug Ago Set Ott Nov Dic
2018: Gen Feb Mar Apr Mag Giu Lug Ago Set Ott Nov Dic
2017: Gen Feb Mar Apr Mag Giu Lug Ago Set Ott Nov Dic
2016: Gen Feb Mar Apr Mag Giu Lug Ago Set Ott Nov Dic
2015: Gen Feb Mar Apr Mag Giu Lug Ago Set Ott Nov Dic
2014: Gen Feb Mar Apr Mag Giu Lug Ago Set Ott Nov Dic
2013: Gen Feb Mar Apr Mag Giu Lug Ago Set Ott Nov Dic

Report for 2015 Aprile
                   MONTHLY CLIMATOLOGICAL SUMMARY for MAR. 2015

NAME: Davis Vantage Vue   CITY: Acquaviva delle Fonti   STATE: Italia 
ELEV:   305 m  LAT:  40° 53' 26" N  LONG:  16° 50' 43" E

                   TEMPERATURE (°C), RAIN  (mm), WIND SPEED (km/hr)

                                      HEAT  COOL        AVG
    MEAN                              DEG   DEG         WIND                 DOM
DAY TEMP  HIGH   TIME   LOW    TIME   DAYS  DAYS  RAIN  SPEED HIGH   TIME    DIR
------------------------------------------------------------------------------------
 1   9.8  14.8   13.20   5.4    6.35   8.5   0.0   0.0   2.1  17.7   13.27   NNE
 2  11.9  16.8   15.37   8.1    1.02   6.5   0.0   0.4   8.2  43.5   20.31    SW
 3  13.0  16.1   14.47  10.3   23.06   5.3   0.0   0.0   4.0  20.9    0.20   NNE
 4  12.2  17.7   13.16   8.7    6.36   6.1   0.0   2.8   6.4  29.0   16.25     S
 5  10.2  14.1   12.03   5.0   22.43   8.2   0.0   3.6   7.4  33.8    2.58   NNE
 6   6.4   7.9    7.36   4.6    2.29  11.8   0.0  39.4  10.3  54.7    9.25   NNE
 7   6.9   8.7   12.30   4.9    5.57  11.4   0.0   6.8   8.5  38.6    5.13   NNE
 8   7.8  10.3   14.51   6.1    6.24  10.7   0.0   0.0   9.2  40.2   12.39   NNE
 9   8.3  11.4   13.04   5.8   00.00  10.0   0.0   0.0   4.7  27.4   16.04   NNE
10   7.6  10.9   12.19   4.3    6.23  10.8   0.0   0.0   3.7  20.9   10.02   NNE
11   8.1  12.2   15.34   5.1    0.18  10.2   0.0   0.0   3.5  30.6   14.26   NNE
12   6.2   6.9   11.39   4.4    1.05  12.5   0.0   6.4   4.0  22.5   12.27   NNE
13   7.3  10.9   13.49   4.7   23.23  11.0   0.0   0.0   6.6  32.2   10.44   NNE
14   7.9  13.4   12.39   3.9    4.51  10.4   0.0   0.0   2.6  17.7   13.17   NNE
15   9.4  13.8   11.38   4.9    6.28   8.8   0.0   0.0   4.5  27.4   11.34    SE
16  11.3  15.3   12.42   8.6    1.07   7.0   0.0   0.0   8.5  40.2   12.50    SE
17  10.8  13.2   14.02   8.6   23.46   7.5   0.0   2.6   3.7  22.5   10.39    SE
18  10.2  14.2   15.24   5.9   23.59   8.2   0.0   0.0   2.1  19.3   11.14   NNE
19   9.5  14.1   13.31   5.1    2.33   8.8   0.0   0.0   4.3  27.4   14.08   NNE
20   7.7  11.5   13.17   2.2   23.48  10.6   0.0   0.0   4.8  29.0   14.59   NNE
21   7.8  13.8   12.29   1.3    2.14  10.8   0.0   0.0   6.9  35.4   14.51    SE
22  10.6  11.6   19.39   9.2    0.21   7.8   0.0   5.0  13.4  54.7   11.28    SE
23   9.6  11.3   11.45   7.5   22.07   8.8   0.0  17.0   3.4  19.3    0.44   NNE
24  11.1  15.2   14.23   5.3    6.02   7.3   0.0   0.0   6.0  38.6   21.41    SE
25  13.3  15.2   15.54  12.2    5.47   5.1   0.0  17.4  16.6  78.9    9.46   WNW
26  14.3  18.0   14.24  11.3   20.59   4.0   0.0   0.2   9.0  40.2    5.49   WNW
27  12.0  13.4   12.37  10.9   23.55   6.3   0.0  35.4   4.5  27.4   22.33   WNW
28  10.8  13.3   13.57   8.3   23.03   7.5   0.0   7.8  11.3  41.8   14.23   WNW
29   9.9  14.1   16.38   5.4   22.29   8.0   0.0   0.0   6.4  37.0   10.19   WNW
30  11.8  18.2   15.47   5.7    0.01   6.5   0.0   0.0   4.2  25.7   12.08   WNW
31  15.4  23.0   14.07  11.1    7.00   3.5   0.7   0.0   4.5  30.6   17.09   WNW
-------------------------------------------------------------------------------------
    10.0  23.0    31     1.3    21   259.8   0.7 144.8   6.3  78.9    25     NNE

Max >=  32.0:  0
Max <=   0.0:  0
Min <=   0.0:  0
Min <= -18.0:  0
Max Rain: 39.40 ON 06/03/15
Days of Rain: 13 (> .2 mm) 11 (> 2 mm) 2 (> 20 mm)
Heat Base:  18.3  Cool Base:  18.3  Method: Integration