Dati Stazione Meteo - Stile NOAA

Seleziona il Report di un Mese o un Anno
2019: Gen Feb Mar Apr Mag Giu Lug Ago Set Ott Nov Dic
2018: Gen Feb Mar Apr Mag Giu Lug Ago Set Ott Nov Dic
2017: Gen Feb Mar Apr Mag Giu Lug Ago Set Ott Nov Dic
2016: Gen Feb Mar Apr Mag Giu Lug Ago Set Ott Nov Dic
2015: Gen Feb Mar Apr Mag Giu Lug Ago Set Ott Nov Dic
2014: Gen Feb Mar Apr Mag Giu Lug Ago Set Ott Nov Dic
2013: Gen Feb Mar Apr Mag Giu Lug Ago Set Ott Nov Dic

Report for 2015 Maggio
                   MONTHLY CLIMATOLOGICAL SUMMARY for MAY. 2015

NAME: Davis Vantage Vue   CITY: Acquaviva delle Fonti   STATE: Italia 
ELEV:   305 m  LAT:  40° 53' 26" N  LONG:  16° 50' 43" E

                   TEMPERATURE (°C), RAIN  (mm), WIND SPEED (km/hr)

                                      HEAT  COOL        AVG
    MEAN                              DEG   DEG         WIND                 DOM
DAY TEMP  HIGH   TIME   LOW    TIME   DAYS  DAYS  RAIN  SPEED HIGH   TIME    DIR
------------------------------------------------------------------------------------
 1  16.3  23.4   15:10  10.3    2:47   3.2   1.2   0.0   4.5  29.0   16:53    SW
 2  17.2  25.8   16:47  12.3    0:38   2.5   1.3   0.0   5.3  24.1   15:11     S
 3  19.5  26.2   14:02  11.4    5:26   1.7   3.0   0.0   3.7  24.1   15:18     S
 4  21.8  30.0   13:45  14.8    6:10   0.8   4.8   0.0   4.0  22.5   15:48     S
 5  23.4  31.8   14:33  17.5    5:36   0.0   5.6   0.0   5.8  22.5   10:40     S
 6  25.9  36.7   14:14  17.6    5:15   0.0   7.6   0.0   2.9  27.4   14:30     S
 7  22.7  26.8   13:01  18.3    7:52   0.0   5.1   0.0   5.3  29.0   14:02   NNE
 8  21.6  26.8   15:26  17.2    5:05   0.1   4.1   0.0   3.9  24.1   10:37   NNE
 9  20.0  25.3   12:17  15.4    4:41   0.6   2.6   0.0   2.9  25.7   14:17   NNE
10  19.6  23.1   13:09  15.7    1:17   0.6   1.9   0.0   8.9  40.2   13:55   NNE
11  18.3  21.4   14:20  15.1    4:30   0.9   1.0   0.0  12.1  48.3   17:09   NNE
12  17.4  21.7   13:43  11.7   23:55   2.0   1.1   0.0   5.5  32.2   11:19   NNE
13  20.2  28.1   13:24  11.2    0:46   1.7   3.6   0.0   2.9  24.1   16:11   NNE
14  22.7  30.1   14:26  17.2    1:44   0.1   4.4   0.0   6.4  27.4    6:47    SW
15  20.3  25.7   12:16  16.7    1:40   0.3   2.4   0.0  11.1  38.6   21:44     S
16  20.1  25.8   12:00  16.0   23:58   0.6   2.4   0.0   7.1  33.8    0:06     S
17  20.2  28.2   12:25  15.9    0:10   0.7   2.6   0.0   3.9  27.4   13:00   NNE
18  19.4  23.9   13:26  14.1    4:51   0.9   2.0   0.0   3.5  24.1   13:10   NNE
19  20.1  26.1   15:37  14.9    4:23   1.1   2.8   0.2   5.6  32.2    5:49     S
20  22.5  30.2   14:44  14.4    6:13   0.6   4.8   0.0   4.3  25.7   16:18     S
21  19.9  24.2   13:47  17.8   23:52   0.0   1.5   0.4   2.6  19.3   16:36     S
22  15.3  19.6   16:17  11.5   23:56   3.1   0.0   0.0   3.5  20.9    6:16   NNE
23  15.8  21.6   13:28   9.8    2:52   3.1   0.6   0.2   3.9  25.7   18:57     S
24  15.0  20.0   11:54  11.3    0:49   3.4   0.1   0.2   3.9  29.0   12:53   NNE
25  15.9  21.2   13:34   9.2    5:49   3.0   0.6   0.4   2.7  19.3   15:04   NNE
26  16.4  23.2   11:18  11.5    6:02   2.5   0.6   0.0   2.1  27.4   13:24   NNE
27  17.4  20.8   15:25  14.3    5:31   1.5   0.6   0.0   9.3  40.2   15:17   NNE
28  15.2  18.6   14:39  11.0   23:55   3.1   0.0   0.0   8.7  37.0   16:29   NNE
29  15.9  20.6   15:43  10.9    0:14   2.9   0.6   0.0   5.8  30.6   10:57   NNE
30  19.7  27.8   15:26  10.1    0:43   2.0   3.4   0.0   3.9  33.8   14:32    SW
31  20.9  28.5   12:35  14.3    4:44   0.9   3.5   0.0   2.9  20.9   14:52     S
-------------------------------------------------------------------------------------
    19.2  36.7     6     9.2    25    43.9  75.7   1.4   5.1  48.3    11     NNE

Max >=  32.0:  1
Max <=   0.0:  0
Min <=   0.0:  0
Min <= -18.0:  0
Max Rain: 0.41 ON 21/05/15
Days of Rain: 5 (> .2 mm) 0 (> 2 mm) 0 (> 20 mm)
Heat Base:  18.3  Cool Base:  18.3  Method: Integration