Dati Stazione Meteo - Stile NOAA

Seleziona il Report di un Mese o un Anno
2019: Gen Feb Mar Apr Mag Giu Lug Ago Set Ott Nov Dic
2018: Gen Feb Mar Apr Mag Giu Lug Ago Set Ott Nov Dic
2017: Gen Feb Mar Apr Mag Giu Lug Ago Set Ott Nov Dic
2016: Gen Feb Mar Apr Mag Giu Lug Ago Set Ott Nov Dic
2015: Gen Feb Mar Apr Mag Giu Lug Ago Set Ott Nov Dic
2014: Gen Feb Mar Apr Mag Giu Lug Ago Set Ott Nov Dic
2013: Gen Feb Mar Apr Mag Giu Lug Ago Set Ott Nov Dic

Report for 2015 Giugno
                   MONTHLY CLIMATOLOGICAL SUMMARY for JUN. 2015

NAME: Davis Vantage Vue   CITY: Acquaviva delle Fonti   STATE: Italia 
ELEV:   305 m  LAT:  40° 53' 26" N  LONG:  16° 50' 43" E

                   TEMPERATURE (°C), RAIN  (mm), WIND SPEED (km/hr)

                                      HEAT  COOL        AVG
    MEAN                              DEG   DEG         WIND                 DOM
DAY TEMP  HIGH   TIME   LOW    TIME   DAYS  DAYS  RAIN  SPEED HIGH   TIME    DIR
------------------------------------------------------------------------------------
 1  21.4  27.7   12:39  14.3    4:12   0.8   4.0   0.0   3.4  27.4   15:26   NNE
 2  21.8  27.1   12:48  14.3    5:39   0.5   4.0   0.0   4.7  27.4   15:17   NNE
 3  22.8  27.6   11:56  18.3    0:55   0.0   4.6   0.0   5.8  32.2   12:23   NNE
 4  23.3  28.2   11:53  15.7    1:48   0.2   5.4   0.0   5.1  27.4   13:09   NNE
 5  23.9  28.2   13:45  19.6    1:41   0.0   5.6   0.0   5.8  33.8   15:45   NNE
 6  24.3  28.8   13:54  19.5   23:58   0.0   6.0   0.0   4.7  27.4   12:10   NNE
 7  23.8  28.3   15:21  18.0    1:54   0.0   5.5   0.0   4.0  27.4   13:56   NNE
 8  22.2  28.3   12:34  18.8    3:05   0.0   3.9   0.0   2.4  22.5   13:17    SW
 9  21.4  28.3   10:34  15.4    5:59   0.4   3.5   0.0   2.1  20.9   17:42    SW
10  22.9  27.8   15:59  16.8    3:30   0.1   4.7   0.0   4.8  29.0   15:17   NNE
11  23.9  29.4   14:55  17.7    3:50   0.0   5.6   0.0   4.3  32.2   11:50   NNE
12  24.8  31.9   13:01  17.1    5:09   0.1   6.6   0.0   3.7  25.7   15:37     S
13  25.9  32.8   12:59  20.0    4:45   0.0   7.7   0.0   6.3  25.7   15:39     S
14  23.7  29.8   14:35  19.7    3:50   0.0   5.6   0.0   9.3  40.2    8:04    SE
15  25.3  32.4   13:11  18.5    5:31   0.0   7.4   0.0   4.0  30.6   14:15   NNE
16  24.4  28.6   16:00  19.1    5:53   0.0   6.6   0.0   3.7  25.7   14:25   NNE
17  20.7  25.1   12:25  15.1   15:02   0.4   2.7   0.2   5.5  38.6   14:44   NNE
18  18.8  22.1   14:50  15.6    5:25   0.6   1.1   0.0   9.3  38.6   16:43   NNE
19  21.1  26.3   13:30  15.4    5:08   0.6   3.4   0.0   3.7  24.1   14:48   NNE
20  20.1  25.3   13:02  15.4    5:42   0.5   2.3   0.2   3.7  27.4   13:33   NNE
21  18.7  22.4   14:56  15.0   23:55   0.9   1.3   0.2   7.2  35.4   12:04   NNE
22  19.1  24.1   15:57  14.3    1:49   0.9   1.5   0.0   6.6  30.6   16:34   NNE
23  23.7  28.6   15:50  19.2   23:37   0.0   2.0   0.0   9.0  30.6   17:25    SE
24  20.6  28.6   11:59  17.7   22:22   0.1   2.4   0.2   5.8  33.8   13:23   NNE
25  19.3  23.2   14:35  15.2    5:31   0.7   1.7   0.0   7.1  37.0   11:50   NNE
26  19.8  24.0   14:01  14.7    2:31   0.8   2.3   0.0  10.1  41.8   19:19   NNE
27  21.3  25.6   16:20  17.1    1:35   0.2   3.2   0.0   8.2  38.6    9:46   NNE
28  21.4  25.5   11:41  16.9    2:58   0.0   3.1   0.4   6.3  32.2   13:49   NNE
29  22.2  26.4   15:06  18.4    2:19   0.0   4.0   0.0   7.2  32.2   12:51   NNE
30  22.5  26.2   12:09  18.7    1:43   0.0   4.2   0.0   6.3  35.4   13:39   NNE
-------------------------------------------------------------------------------------
    22.2  32.8    13    14.3     1     7.7 122.0   1.2   5.7  41.8    26     NNE

Max >=  32.0:  2
Max <=   0.0:  0
Min <=   0.0:  0
Min <= -18.0:  0
Max Rain: 0.41 ON 28/06/15
Days of Rain: 5 (> .2 mm) 0 (> 2 mm) 0 (> 20 mm)
Heat Base:  18.3  Cool Base:  18.3  Method: Integration