Dati Stazione Meteo - Stile NOAA

Seleziona il Report di un Mese o un Anno
2019: Gen Feb Mar Apr Mag Giu Lug Ago Set Ott Nov Dic
2018: Gen Feb Mar Apr Mag Giu Lug Ago Set Ott Nov Dic
2017: Gen Feb Mar Apr Mag Giu Lug Ago Set Ott Nov Dic
2016: Gen Feb Mar Apr Mag Giu Lug Ago Set Ott Nov Dic
2015: Gen Feb Mar Apr Mag Giu Lug Ago Set Ott Nov Dic
2014: Gen Feb Mar Apr Mag Giu Lug Ago Set Ott Nov Dic
2013: Gen Feb Mar Apr Mag Giu Lug Ago Set Ott Nov Dic

Report for 2015 Agosto
                   MONTHLY CLIMATOLOGICAL SUMMARY for JUL. 2015

NAME: Davis Vantage Vue   CITY: Acquaviva delle Fonti   STATE: Italia 
ELEV:   305 m  LAT:  40° 53' 26" N  LONG:  16° 50' 43" E

                   TEMPERATURE (°C), RAIN  (mm), WIND SPEED (km/hr)

                                      HEAT  COOL        AVG
    MEAN                              DEG   DEG         WIND                 DOM
DAY TEMP  HIGH   TIME   LOW    TIME   DAYS  DAYS  RAIN  SPEED HIGH   TIME    DIR
------------------------------------------------------------------------------------
 1  23.2  27.8   15:25  18.3    2:42   0.0   4.9   0.0   5.3  25.7   10:46   NNE
 2  24.0  29.3   15:32  16.2    4:25   0.2   5.9   0.2   4.2  27.4   12:16   NNE
 3  24.8  30.0   13:50  19.0    2:48   0.0   6.6   0.0   5.1  29.0   14:42   NNE
 4  24.9  29.3   15:03  19.9   23:56   0.0   6.6   0.0   5.1  32.2   15:20   NNE
 5  25.3  30.9   15:28  17.2    1:45   0.0   7.0   0.2   3.2  20.9   12:39   NNE
 6  27.1  34.1   12:35  19.3    6:15   0.0   8.8   0.2   3.5  27.4   14:07   NNE
 7  27.8  34.6   12:47  19.7    1:55   0.0   9.9   0.2   3.4  24.1   14:28   NNE
 8  29.2  36.3   13:26  20.8    5:18   0.0  11.3   0.0   4.7  30.6   18:01    SE
 9  28.7  36.8   13:26  22.8    6:21   0.0  11.3   0.0   3.9  29.0   13:43   NNE
10  24.9  28.6   15:56  21.4   00:00   0.0   6.7   0.0   7.1  30.6   12:05   NNE
11  24.6  29.7   14:23  18.5    5:52   0.0   6.4   0.6   4.7  27.4   15:21   NNE
12  26.1  31.9   15:24  18.1    6:10   0.0   7.7   0.2   4.5  33.8   15:47   NNE
13  27.7  33.2   13:50  19.9    5:05   0.0   9.4   0.2   3.2  25.7   15:13   NNE
14  27.6  32.3   13:29  22.8    6:23   0.0   9.4   0.2   5.3  29.0   14:45   NNE
15  27.6  33.2   14:51  22.3    4:08   0.0   9.1   0.2   4.0  27.4   15:46   NNE
16  29.4  35.6   12:27  21.7    4:54   0.0  11.0   0.2   4.2  27.4   14:04   NNE
17  30.2  36.6   14:52  23.8   23:50   0.0  12.1   0.2   3.9  25.7   15:36   NNE
18  30.2  35.5   14:40  22.7    4:35   0.0  12.0   0.2   5.1  29.0   13:39   NNE
19  31.6  36.7   15:14  26.0    4:19   0.0  12.9   0.2   4.3  25.7   12:53   NNE
20  30.6  36.1   13:20  22.7    5:30   0.0  12.2   0.2   4.2  27.4   15:20   NNE
21  30.0  34.8   15:59  24.7    2:34   0.0  12.7   0.2   5.3  27.4   12:30   NNE
22  30.0  34.9   16:29  24.2    3:46   0.0  11.8   0.0   3.9  24.1   14:52   NNE
23  29.0  35.9   13:39  23.3    5:11   0.0  10.8   0.0   3.1  25.7   14:11   NNE
24  25.9  35.6   13:46  21.3   16:38   0.0   7.4   0.8   3.2  35.4   14:35    SW
25  27.3  34.6   13:21  20.7    0:48   0.0   8.7   0.2   2.7  27.4   14:04    SW
26  27.4  33.0   11:39  23.1    5:42   0.0   9.0   0.6   3.5  38.6   17:16   NNE
27  28.6  35.3   16:38  23.1    3:39   0.0  10.2   0.4   4.8  27.4   17:27    SW
28  28.8  34.6   11:37  22.7    6:13   0.0  10.2   0.6   4.0  29.0   15:32   NNE
29  29.0  35.6   13:24  23.0    6:12   0.0  10.5   0.4   4.3  29.0   14:51    SW
30  29.9  37.1   13:02  22.5    5:47   0.0  11.4   0.6   3.1  27.4   13:40   NNE
31  28.6  35.7   12:03  23.1    5:05   0.0  10.2   0.2   5.5  32.2   12:40   NNE
-------------------------------------------------------------------------------------
    27.7  37.1    30    16.2     2     0.2 294.0   7.3   4.3  38.6    26     NNE

Max >=  32.0: 23
Max <=   0.0:  0
Min <=   0.0:  0
Min <= -18.0:  0
Max Rain: 0.79 ON 24/07/15
Days of Rain: 23 (> .2 mm) 0 (> 2 mm) 0 (> 20 mm)
Heat Base:  18.3  Cool Base:  18.3  Method: Integration