Dati Stazione Meteo - Stile NOAA

Seleziona il Report di un Mese o un Anno
2019: Gen Feb Mar Apr Mag Giu Lug Ago Set Ott Nov Dic
2018: Gen Feb Mar Apr Mag Giu Lug Ago Set Ott Nov Dic
2017: Gen Feb Mar Apr Mag Giu Lug Ago Set Ott Nov Dic
2016: Gen Feb Mar Apr Mag Giu Lug Ago Set Ott Nov Dic
2015: Gen Feb Mar Apr Mag Giu Lug Ago Set Ott Nov Dic
2014: Gen Feb Mar Apr Mag Giu Lug Ago Set Ott Nov Dic
2013: Gen Feb Mar Apr Mag Giu Lug Ago Set Ott Nov Dic

Report for 2015 Settembre
                   MONTHLY CLIMATOLOGICAL SUMMARY for SEP. 2015

NAME: Davis Vantage Vue   CITY: Acquaviva delle Fonti   STATE: Italia 
ELEV:   305 m  LAT:  40° 53' 26" N  LONG:  16° 50' 43" E

                   TEMPERATURE (°C), RAIN  (mm), WIND SPEED (km/hr)

                                      HEAT  COOL        AVG
    MEAN                              DEG   DEG         WIND                 DOM
DAY TEMP  HIGH   TIME   LOW    TIME   DAYS  DAYS  RAIN  SPEED HIGH   TIME    DIR
------------------------------------------------------------------------------------
 1
 2
 3
 4
 5
 6
 7
 8
 9
10
11   ---   ---     ---   ---     ---   0.0   0.0   0.0   0.0   0.0     ---   ---
12  18.7  25.2   19:02  15.9   23:11   0.2   0.2   1.0   0.2   9.7   19:27   NNE
13  22.4  29.5   14:01  14.9    5:19   0.7   4.8   0.0   3.1  24.1   15:34   NNE
14  24.4  30.1   12:48  19.1    6:15   0.0   6.1   0.0   8.4  32.2   11:29    SE
15  25.7  32.1   13:50  21.9    6:03   0.0   7.4   0.0   7.1  27.4    8:28    SE
16  27.5  35.6   13:58  22.1    6:05   0.0   9.2   0.0   6.9  24.1   15:50    SE
17  29.3  39.3   15:52  22.3    6:26   0.0  10.9   0.0   3.4  25.7   17:05    SE
18  30.7  39.1   15:10  22.5    6:07   0.0  12.4   0.0   2.9  24.1   16:06    SW
19  27.8  33.4   13:04  22.8   23:39   0.0   9.5   0.0   3.4  24.1   14:14   NNE
20  21.0  27.3   12:29  16.0   21:01   0.3   2.9   7.2   3.2  29.0   13:16   NNE
21  18.8  21.8   15:29  15.9   23:59   0.4   0.9   3.4   7.7  40.2   14:32   NNE
22  18.4  22.9   13:44  14.7    6:17   1.4   1.5   0.0   3.9  25.7   11:42   NNE
23  20.9  28.4   13:36  14.0    6:51   0.9   3.5   0.0   3.4  24.1   18:29    SW
24  18.0  23.8   13:34  13.5   23:56   1.1   0.8   7.2   3.5  29.0   11:10    SW
25  16.9  23.2   11:09  11.6    4:00   2.3   0.9   0.0   1.9  20.9   13:23   NNE
26  17.1  20.3   14:48  13.6    5:23   1.6   0.4   0.0   3.4  25.7   15:51   NNE
27  17.9  22.2   14:31  14.6    6:47   1.4   1.0   0.0   5.5  29.0   15:54   NNE
28  17.3  21.2   13:43  14.0    6:47   1.6   0.6   0.0   6.1  29.0   11:38   NNE
29  16.2  19.8   14:36  13.1    4:39   2.4   0.2   0.0   6.0  35.4   13:34   NNE
30  16.1  20.2   12:59  12.2    6:50   2.6   0.3   0.0   4.5  27.4   12:57   NNE
-------------------------------------------------------------------------------------
    21.3  39.3    17    11.6    25    16.8  73.6  18.8   4.2  40.2    21     NNE

Max >=  32.0:  5
Max <=   0.0:  0
Min <=   0.0:  0
Min <= -18.0:  0
Max Rain: 7.19 ON 20/09/15
Days of Rain: 4 (> .2 mm) 3 (> 2 mm) 0 (> 20 mm)
Heat Base:  18.3  Cool Base:  18.3  Method: Integration