Dati Stazione Meteo - Stile NOAA

Seleziona il Report di un Mese o un Anno
2019: Gen Feb Mar Apr Mag Giu Lug Ago Set Ott Nov Dic
2018: Gen Feb Mar Apr Mag Giu Lug Ago Set Ott Nov Dic
2017: Gen Feb Mar Apr Mag Giu Lug Ago Set Ott Nov Dic
2016: Gen Feb Mar Apr Mag Giu Lug Ago Set Ott Nov Dic
2015: Gen Feb Mar Apr Mag Giu Lug Ago Set Ott Nov Dic
2014: Gen Feb Mar Apr Mag Giu Lug Ago Set Ott Nov Dic
2013: Gen Feb Mar Apr Mag Giu Lug Ago Set Ott Nov Dic

Report for 2015 Ottobre
                   MONTHLY CLIMATOLOGICAL SUMMARY for OCT. 2015

NAME: Davis Vantage Vue   CITY: Acquaviva delle Fonti   STATE: Italia 
ELEV:   305 m  LAT:  40° 53' 26" N  LONG:  16° 50' 43" E

                   TEMPERATURE (°C), RAIN  (mm), WIND SPEED (km/hr)

                                      HEAT  COOL        AVG
    MEAN                              DEG   DEG         WIND                 DOM
DAY TEMP  HIGH   TIME   LOW    TIME   DAYS  DAYS  RAIN  SPEED HIGH   TIME    DIR
------------------------------------------------------------------------------------
 1  17.7  21.7   14:25  13.1    6:53   1.5   0.9   0.0   2.7  20.9   11:54   NNE
 2  19.1  23.9   12:26  15.6    1:53   0.7   1.5   6.0   4.7  27.4   14:14    SE
 3  20.2  25.3   13:54  17.3    5:35   0.2   2.1   0.8   3.9  19.3    9:28    SE
 4  19.8  26.1   14:47  15.4    7:13   0.6   2.1   0.4   2.3  22.5   16:17   NNE
 5  20.1  24.4   13:22  15.4    1:12   0.8   3.9   0.4   2.4  22.5   12:35   NNE
 6  18.9  25.1   13:02  14.6    6:26   1.4   2.3  11.0   2.1  17.7   20:04    SE
 7
 8
 9
10
11  16.4  18.7   14:06  14.7    7:03   1.6   0.0   2.4   3.1  19.3   16:27   WSW
12  15.8  20.6   15:16  11.7   23:52   2.8   0.3   0.0   3.7  25.7   12:01   NNE
13  17.1  23.0   14:43  11.2    4:25   2.4   1.1   0.0   5.8  25.7   20:45    SE
14  20.6  23.9   12:17  18.5    0:01   0.0   2.6   0.2  13.0  45.1   12:46    SE
15  19.9  23.0   16:07  18.7   19:07   0.0   1.7   1.6  11.7  45.1    0:12    SE
16  17.3  21.1   16:14  13.4   23:27   1.4   0.4   1.4   1.9  19.3    1:40   NNE
17  16.6  23.1   14:04  11.6    6:40   3.0   1.1   0.0   1.8  19.3   14:46   NNE
18  17.6  23.9   14:30  12.3    0:01   2.2   1.4   0.2   2.1  16.1   19:31    SE
19  19.1  24.7   14:00  15.7    7:02   0.9   1.8   0.0   6.1  24.1    9:27    SE
20  14.9  16.5    0:07  12.3   00:00   3.4   0.0  17.8   3.2  22.5   15:46   NNE
21  13.2  15.4   12:21  11.1   23:55   5.0   0.0   4.2   4.2  24.1   11:07   NNE
22  10.4  11.2   14:28   9.5   19:24   7.9   0.0  33.8   8.2  35.4    6:14   NNE
23  12.4  15.6   13:18  10.1    0:06   6.0   0.0   5.2   9.5  38.6   16:06   NNE
24  13.2  17.3   14:14  10.1    6:54   5.1   0.0   0.0   6.8  35.4   14:09   NNE
25  13.2  19.0   12:24   7.2    6:10   5.4   0.0   0.0   1.8  16.1   12:28   NNE
26  13.7  17.9   13:15   9.3   23:51   4.6   0.0   0.2   1.1  12.9   13:00   NNE
27  13.6  19.8   12:55   8.9    0:44   4.8   0.1   0.2   1.4  19.3   14:51   NNE
28  14.2  19.4   12:48   9.1    6:30   4.1   0.1   0.4   3.7  20.9   10:57    SE
29  15.8  19.3    9:49  12.9   23:57   2.6   0.1   4.4   3.9  24.1    9:40    SE
30  13.8  15.4   14:59  12.3    0:55   4.5   0.0  11.0   2.3  14.5   17:08   NNE
31  14.6  17.8   11:54  12.0    7:06   3.8   0.0   0.0   2.4  20.9   11:23   NNE
-------------------------------------------------------------------------------------
    16.3  26.1     4     7.2    25    76.7  23.4 101.6   4.3  45.1    14     NNE

Max >=  32.0:  0
Max <=   0.0:  0
Min <=   0.0:  0
Min <= -18.0:  0
Max Rain: 33.81 ON 22/10/15
Days of Rain: 19 (> .2 mm) 9 (> 2 mm) 1 (> 20 mm)
Heat Base:  18.3  Cool Base:  18.3  Method: Integration