Dati Stazione Meteo - Stile NOAA

Seleziona il Report di un Mese o un Anno
2019: Gen Feb Mar Apr Mag Giu Lug Ago Set Ott Nov Dic
2018: Gen Feb Mar Apr Mag Giu Lug Ago Set Ott Nov Dic
2017: Gen Feb Mar Apr Mag Giu Lug Ago Set Ott Nov Dic
2016: Gen Feb Mar Apr Mag Giu Lug Ago Set Ott Nov Dic
2015: Gen Feb Mar Apr Mag Giu Lug Ago Set Ott Nov Dic
2014: Gen Feb Mar Apr Mag Giu Lug Ago Set Ott Nov Dic
2013: Gen Feb Mar Apr Mag Giu Lug Ago Set Ott Nov Dic

Report for 2015 Novembre
                   MONTHLY CLIMATOLOGICAL SUMMARY for NOV. 2015

NAME: Davis Vantage Vue   CITY: Acquaviva delle Fonti   STATE: Italia 
ELEV:   305 m  LAT:  40° 53' 26" N  LONG:  16° 50' 43" E

                   TEMPERATURE (°C), RAIN  (mm), WIND SPEED (km/hr)

                                      HEAT  COOL        AVG
    MEAN                              DEG   DEG         WIND                 DOM
DAY TEMP  HIGH   TIME   LOW    TIME   DAYS  DAYS  RAIN  SPEED HIGH   TIME    DIR
------------------------------------------------------------------------------------
 1  12.6  16.5   11:24   9.0   20:49   6.0   0.0   0.0   2.7  20.9   10:46   NNE
 2  12.7  17.6   13:47   9.6    4:31   5.8   0.0   0.0   3.1  22.5   11:01   NNE
 3  12.1  17.5   12:37   8.9    5:56   6.1   0.0   0.0   1.8  16.1   13:26   NNE
 4  12.4  18.5   14:54   8.7    5:53   5.9   0.0   0.2   3.1  22.5   10:22   NNE
 5  14.3  19.1   14:32  10.3    0:11   4.1   0.1   0.2   2.3  20.9   13:29   NNE
 6  14.6  18.4   12:24  11.8    5:26   3.7   0.0   0.0   3.7  24.1   12:28   NNE
 7  14.0  18.9   14:07  10.7    6:30   4.4   0.0   0.2   3.2  30.6   13:22   NNE
 8  15.4  19.8   14:21  10.2    6:42   3.0   0.2   0.0   3.2  22.5   11:41   NNE
 9  17.7  23.6   13:07  13.5   19:26   1.9   1.3   0.0   2.4  14.5   11:51   NNE
10  15.6  19.3   14:19  11.4    6:05   2.8   0.1   0.0   3.1  20.9   12:27   NNE
11  17.4  27.9   15:10  11.2    6:42   3.0   2.0   0.0   1.1  17.7   16:29    SW
12  13.1  16.8   13:36   9.9   00:00   5.3   0.0   0.0   1.6  14.5   13:39   NNE
13  12.8  16.8   14:24   9.6    0:11   5.6   0.0   0.4   1.0  12.9   22:27   NNE
14  13.3  16.2   12:07   9.3    2:14   5.1   0.0   0.0   2.4  20.9   11:21   NNE
15  13.2  17.2   12:44   9.1   23:08   5.0   0.0   0.0   2.6  20.9   13:49   NNE
16  12.2  15.9   12:03   8.8    2:06   6.1   0.0   0.2   2.1  24.1   12:17   NNE
17  12.4  21.2   15:29   8.6   21:17   6.1   0.2   0.4   1.0  12.9   15:42    SE
18  12.1  16.1   13:45   8.2    3:44   6.3   0.0   0.4   1.9  17.7   12:30   NNE
19  11.7  17.6   11:34   6.8    6:31   6.6   0.0   0.0   1.4  12.9   14:12    SW
20  11.2  19.6   14:13   8.3    6:06  13.4   0.1   0.2   2.9  22.5   14:53    SE
21  15.2  18.8   15:47  11.0    0:20   3.2   0.0   0.8   9.2  40.2   18:37    SE
22  12.7  16.5   12:21   7.8   22:54   6.1   0.0   0.0   5.0  32.2    5:17   WSW
23  10.1  14.0   13:48   6.4    4:54   8.5   0.0   4.6   1.1  14.5    2:02    SE
24  10.2  12.1   10:58   9.4   23:57   8.5   0.0   2.2   0.8  14.5   13:29   NNE
25   8.9   9.9   14:50   5.9   23:25   9.4   0.0   6.8   3.1  19.3   12:39   NNE
26   8.3  13.9   14:00   4.7    1:55  10.1   0.0  14.2   2.1  20.9    9:17    SE
27   8.8  11.8   14:26   7.4    0:01   9.4   0.0   6.0   2.4  24.1   20:51   NNE
28   8.3  11.1   13:43   5.4   23:52  10.4   0.0   2.6   3.1  29.0    0:58   WSW
29   8.2  12.4   14:22   5.4    0:03  10.3   0.0   0.0   3.1  24.1   11:17   WSW
30   9.3  16.4   14:43   4.4    7:11   9.2   0.0   0.0   1.3  11.3   10:23    SW
-------------------------------------------------------------------------------------
    12.4  27.9    11     4.4    30   191.3   4.1  39.4   2.6  40.2    21     NNE

Max >=  32.0:  0
Max <=   0.0:  0
Min <=   0.0:  0
Min <= -18.0:  0
Max Rain: 14.20 ON 26/11/15
Days of Rain: 15 (> .2 mm) 6 (> 2 mm) 0 (> 20 mm)
Heat Base:  18.3  Cool Base:  18.3  Method: Integration