Dati Stazione Meteo - Stile NOAA

Seleziona il Report di un Mese o un Anno
2019: Gen Feb Mar Apr Mag Giu Lug Ago Set Ott Nov Dic
2018: Gen Feb Mar Apr Mag Giu Lug Ago Set Ott Nov Dic
2017: Gen Feb Mar Apr Mag Giu Lug Ago Set Ott Nov Dic
2016: Gen Feb Mar Apr Mag Giu Lug Ago Set Ott Nov Dic
2015: Gen Feb Mar Apr Mag Giu Lug Ago Set Ott Nov Dic
2014: Gen Feb Mar Apr Mag Giu Lug Ago Set Ott Nov Dic
2013: Gen Feb Mar Apr Mag Giu Lug Ago Set Ott Nov Dic

Report for 2015 Dicembre
                   MONTHLY CLIMATOLOGICAL SUMMARY for DEC. 2015

NAME: Davis Vantage Vue   CITY: Acquaviva delle Fonti   STATE: Italia 
ELEV:   305 m  LAT:  40° 53' 26" N  LONG:  16° 50' 43" E

                   TEMPERATURE (°C), RAIN  (mm), WIND SPEED (km/hr)

                                      HEAT  COOL        AVG
    MEAN                              DEG   DEG         WIND                 DOM
DAY TEMP  HIGH   TIME   LOW    TIME   DAYS  DAYS  RAIN  SPEED HIGH   TIME    DIR
------------------------------------------------------------------------------------
 1  11.1  16.6   12:51   6.2    3:06   7.3   0.0   0.0   3.2  24.1   11:33   WSW
 2  10.4  15.0   12:40   7.0   21:26   7.8   0.0   0.0   1.4  12.9   13:01   NNE
 3  10.6  15.3   12:58   6.6    7:22   8.1   0.0   0.0   1.1  12.9   14:03   NNE
 4  11.3  15.7   13:28   7.6   00:00   7.1   0.0   0.2   0.5   8.0   13:28    SE
 5   9.8  15.7   12:28   5.8   00:00   8.6   0.0   0.4   1.4  12.9   14:53    SW
 6  10.2  17.8   14:36   5.6    0:19   8.1   0.0   0.2   1.0   9.7   10:14    SW
 7   9.9  13.4   11:25   6.9    0:11   8.7   0.0   0.0   1.6  20.9   13:29   NNE
 8   9.8  13.9   13:03   7.2   23:18   8.5   0.0   0.0   1.9  16.1   11:18   NNE
 9   9.9  14.4   12:25   6.8    1:11   8.5   0.0   0.2   2.1  14.5   13:28   NNE
10   9.7  13.1   13:27   7.8   19:54   8.7   0.0   0.6   4.2  27.4   14:38   NNE
11   8.7  10.8   10:53   7.5   23:27  10.9   0.0   0.0   5.0  22.5   10:38   NNE
12   8.5  12.9   13:51   4.9   22:32   9.9   0.0   0.0   2.4  22.5   13:06   NNE
13   8.1  13.7   14:02   4.1    3:19  10.3   0.0   0.2   1.3   9.7   12:07    SW
14   8.0  14.4   12:08   4.3    7:22  10.2   0.0   0.2   1.3  19.3   14:57    SW
15   9.1  13.9   12:09   5.8    4:43  11.3   0.0   0.0   1.9  14.5   12:56   WSW
16   9.1  12.3   12:48   7.1    0:40   9.0   0.0   0.0   4.8  32.2   13:02   NNE
17   7.8  10.9   14:38   5.2   23:33  11.0   0.0   0.0   2.1  19.3   14:50   NNE
18   7.4  12.6   14:09   4.2    4:49  14.1   0.0   0.0   1.9  12.9   10:51   WSW
19   9.4  13.3   11:42   6.3    4:39  11.6   0.0   0.0   2.1  17.7   13:06   WSW
20  10.3  13.2   12:47   5.8   23:36   8.0   0.0   0.0   2.1  17.7   15:39   NNE
21   9.0  16.8   14:53   4.1    3:41  10.0   0.0   0.2   1.4  19.3   11:15    SW
22   9.8  15.0   13:20   6.1    5:16   9.3   0.0   0.2   2.6  19.3   13:48   NNE
23  10.6  14.6   13:12   6.5   23:24   8.5   0.0   0.0   2.3  20.9   13:54   NNE
24   9.4  14.0   14:16   5.2    7:27   9.5   0.0   0.2   1.8  16.1   11:59    SW
25  10.3  14.1   13:11   7.4    3:28   8.8   0.0   0.0   3.5  22.5   11:19   NNE
26   9.3  12.7   14:08   6.5   18:59   9.4   0.0   0.0   2.6  22.5   13:06   NNE
27   8.9  10.6   14:05   6.6   22:49   9.3   0.0   0.0   1.8  14.5   16:04   NNE
28   7.3  10.2   14:45   4.6   23:54  11.7   0.0   0.0   1.9  12.9   13:30   NNE
29   6.2  11.6   14:19   2.8    9:26  13.2   0.0   0.4   1.4  14.5   14:11   NNE
30   7.6  10.8   12:09   4.0    1:29  12.5   0.0   0.2   3.1  19.3   11:42   NNE
31   5.1   8.2   12:59  -0.8   23:33  14.0   0.0   0.0   3.4  22.5   11:26   NNE
-------------------------------------------------------------------------------------
     9.1  17.8     6    -0.8    31   304.0   0.0   3.3   2.2  32.2    16     NNE

Max >=  32.0:  0
Max <=   0.0:  0
Min <=   0.0:  1
Min <= -18.0:  0
Max Rain: 0.61 ON 10/12/15
Days of Rain: 12 (> .2 mm) 0 (> 2 mm) 0 (> 20 mm)
Heat Base:  18.3  Cool Base:  18.3  Method: Integration