Dati Stazione Meteo - Stile NOAA

Seleziona il Report di un Mese o un Anno
2019: Gen Feb Mar Apr Mag Giu Lug Ago Set Ott Nov Dic
2018: Gen Feb Mar Apr Mag Giu Lug Ago Set Ott Nov Dic
2017: Gen Feb Mar Apr Mag Giu Lug Ago Set Ott Nov Dic
2016: Gen Feb Mar Apr Mag Giu Lug Ago Set Ott Nov Dic
2015: Gen Feb Mar Apr Mag Giu Lug Ago Set Ott Nov Dic
2014: Gen Feb Mar Apr Mag Giu Lug Ago Set Ott Nov Dic
2013: Gen Feb Mar Apr Mag Giu Lug Ago Set Ott Nov Dic

Report for 2016
                            ANNUAL CLIMATOLOGICAL SUMMARY

NAME: Davis Vantage Vue  CITY: Acquaviva delle Fonti   STATE: Italia  
ELEV:   305 m  LAT:  40° 53' 26" N  LONG:  16° 50' 43" E

               TEMPERATURE (°C), HEAT BASE 18.3, COOL BASE 18.3
                          DEP.  HEAT  COOL                                          
        MEAN  MEAN        FROM  DEG   DEG                        MAX  MAX  MIN  MIN 
 YR MO  MAX   MIN   MEAN  NORM  DAYS  DAYS  HI  DATE  LOW  DATE  >=32 <=0  <=0  <=-18 
------------------------------------------------------------------------------------
 16  1  12.7   4.6   8.5   0.0   311     0  20.2  10  -0.8    1    0    0    2    0
 16  2  15.6   7.3  11.3   0.0   218     0  20.6  15   1.9   12    0    0    0    0
 16  3  14.9   6.7  10.4   0.0   275     2  21.6  30   2.2    8    0    0    0    0
 16  4  21.8  10.5  15.6   0.0   124    28  27.7  19   5.9   26    0    0    0    0
 16  5  22.5  12.3  17.1   0.0    89    45  30.1  29   8.6    7    0    0    0    0
 16  6  27.6  17.1  22.2   0.0    12   129  33.4  17  12.1   20    3    0    0    0
 16  7  31.1  20.2  25.6   0.0     3   239  38.3  13  14.7   17   13    0    0    0
 16  8  29.1  18.9  23.9   0.0     1   184  36.8   1  16.1   13    5    0    0    0
 16  9  24.9  16.0  19.8   0.0    27    75  31.1  16  12.0   30    0    0    0    0
 16 10  20.9  13.1  16.6   0.0    84    28  27.7   3   6.4   13    0    0    0    0
 16 11  16.8   9.8  12.8   0.0   169     3  22.8   3   3.9   29    0    0    0    0
 16 12  12.3   4.1   7.9   0.0   331     0  16.6   2  -0.3   19    0    0    1    0
------------------------------------------------------------------------------------
        20.9  11.7  16.0   0.0  1644   734  38.3 JUL  -0.8  JAN   21    0    3    0

                                PRECIPITATION (mm)

               DEP.   MAX        DAYS OF RAIN 
               FROM   OBS.          OVER
 YR MO  TOTAL  NORM   DAY  DATE  .2   2   20
---------------------------------------------
 16  1  34.4    0.0   9.0   16   17    5    0
 16  2  35.2    0.0  13.8   18   12    5    0
 16  3  67.2    0.0  11.0   17   19    9    0
 16  4  79.2    0.0  35.0    8    6    5    2
 16  5  60.4    0.0  19.4    2   13    7    0
 16  6  25.2    0.0   7.4    3   12    4    0
 16  7  44.4    0.0  18.4    6    5    3    0
 16  8  73.8    0.0  44.2    6    4    3    2
 16  9 129.2    0.0  25.2    8   17    9    1
 16 10  52.6    0.0  24.8    7   13    4    1
 16 11   7.4    0.0   5.4   28    3    1    0
 16 12  13.8    0.0   5.6   27   11    3    0
---------------------------------------------
       622.9   0.0  44.2  AUG  132   58    6

                                WIND SPEED (km/hr)
                          DOM
 YR MO   AVG.  HI   DATE  DIR
---------------------------------
 16  1   4.3  46.7    7   NNE
 16  2   7.3  69.2   28    SE
 16  3   5.0  41.8    4   NNE
 16  4   5.8  48.3   20   NNE
 16  5   5.9  51.5   11   NNE
 16  6   5.0  53.1   16   NNE
 16  7   4.7  40.2   15   NNE
 16  8   5.0  43.5   12   NNE
 16  9   3.4  40.2    6   NNE
 16 10   4.8  48.3   14   NNE
 16 11   5.3  51.5   30    SE
 16 12   3.5  56.3   29   NNE
---------------------------------
         5.0  69.2  FEB  NNE