Dati Stazione Meteo - Stile NOAA

Seleziona il Report di un Mese o un Anno
2019: Gen Feb Mar Apr Mag Giu Lug Ago Set Ott Nov Dic
2018: Gen Feb Mar Apr Mag Giu Lug Ago Set Ott Nov Dic
2017: Gen Feb Mar Apr Mag Giu Lug Ago Set Ott Nov Dic
2016: Gen Feb Mar Apr Mag Giu Lug Ago Set Ott Nov Dic
2015: Gen Feb Mar Apr Mag Giu Lug Ago Set Ott Nov Dic
2014: Gen Feb Mar Apr Mag Giu Lug Ago Set Ott Nov Dic
2013: Gen Feb Mar Apr Mag Giu Lug Ago Set Ott Nov Dic

Report for 2016 Gennaio
                   MONTHLY CLIMATOLOGICAL SUMMARY for JAN. 2016

NAME: Davis Vantage Vue   CITY: Acquaviva delle Fonti   STATE: Italia 
ELEV:   305 m  LAT:  40° 53' 26" N  LONG:  16° 50' 43" E

                   TEMPERATURE (°C), RAIN  (mm), WIND SPEED (km/hr)

                                      HEAT  COOL        AVG
    MEAN                              DEG   DEG         WIND                 DOM
DAY TEMP  HIGH   TIME   LOW    TIME   DAYS  DAYS  RAIN  SPEED HIGH   TIME    DIR
------------------------------------------------------------------------------------
 1   4.0   8.7   10:53  -0.8    0:55  15.0   0.0   0.0   1.3  12.9   10:10    SW
 2   6.6  11.3   12:21   0.4    7:25  11.8   0.0   0.2   5.0  27.4   15:41    SE
 3  10.3  14.7   13:44   6.2   23:56   8.3   0.0   6.8   5.3  30.6   14:19   WSW
 4   8.6  12.8   20:45   4.0    2:32   9.9   0.0   1.2   4.5  27.4   12:17    SE
 5  11.2  13.1   20:13   8.8    1:11   7.3   0.0   0.6   4.2  22.5   19:07    SE
 6  11.1  13.1   11:30   5.0   00:00   7.3   0.0   1.6   3.5  32.2   20:33   SSW
 7   8.1  11.4   14:48   4.7    0:08  10.3   0.0   0.4   5.1  46.7   11:26   WSW
 8  11.0  16.7   11:49   6.8    1:55   7.7   0.0   0.4   4.8  22.5   14:56    SE
 9  13.2  17.7   14:40   9.9    7:31   5.4   0.0   0.2   6.0  22.5   11:01     S
10  14.7  20.2   14:16  11.7    0:42   3.8   0.1   0.0   6.3  29.0    5:17    SE
11  14.6  17.0   12:12  11.6    0:08   3.8   0.0   0.0   9.2  37.0   15:21    SE
12  13.3  16.4   13:18   8.7   23:30   5.2   0.0   0.0   7.4  43.5   11:22    SW
13   9.6  14.0   12:00   4.1   23:47   8.9   0.0   0.0   5.8  43.5   11:29    SW
14   8.3  13.9   14:19   3.8    0:15  10.9   0.0   0.0   3.7  22.5   23:28    SW
15  10.9  14.6   14:20   7.9   20:31   8.5   0.0   0.0   6.8  33.8    6:37    SE
16   5.6   8.1    0:01   4.3   19:15  12.7   0.0   9.0   5.3  27.4    9:20   NNE
17   2.1   5.4    2:23   0.7   15:41  16.3   0.0   5.0   8.4  40.2   12:43   NNE
18   1.7   4.2   14:16   0.1    8:24  16.8   0.0   2.6   7.7  37.0   13:36   NNE
19   2.7   5.7   11:49  -0.5    6:05  15.5   0.0   2.6   1.4  16.1    0:33   WSW
20   4.4   8.9   13:36   1.6   19:33  13.9   0.0   0.0   1.1  16.1   13:49   NNE
21   5.1   8.3   12:46   1.4    2:02  13.2   0.0   1.4   1.0   9.7   23:01   NNE
22   5.5   8.8   13:40   2.8   20:35  13.0   0.0   0.6   3.2  30.6   14:22   NNE
23   5.1   8.3   13:08   1.6    2:43  13.8   0.0   0.0   3.5  25.7   13:41   NNE
24   7.1  10.2   12:22   4.9    0:01  11.2   0.0   1.4   4.2  24.1   11:23   NNE
25   8.3  13.4   14:53   4.4    5:28  10.7   0.0   0.0   1.8  16.1   12:40   NNE
26   9.8  15.5   14:28   4.9    1:28   8.7   0.0   0.0   2.9  22.5   12:35   NNE
27   9.7  15.6   13:14   4.8    7:17   8.9   0.0   0.0   1.6  14.5   14:17    SW
28  10.0  16.0   14:34   6.0    0:01   8.8   0.0   0.0   1.0  12.9   13:52    SW
29  10.3  17.8   13:54   4.7    7:24   8.0   0.0   0.2   1.8  17.7   15:08    SW
30  10.0  16.8   13:31   4.2    7:19   8.6   0.0   0.0   2.4  16.1   21:01    SW
31  10.9  15.7   13:21   4.7    7:08   6.9   0.0   0.2   6.1  33.8   22:43    SW
-------------------------------------------------------------------------------------
     8.5  20.2    10    -0.8     1   311.2   0.1  34.4   4.3  46.7     7     NNE

Max >=  32.0:  0
Max <=   0.0:  0
Min <=   0.0:  2
Min <= -18.0:  0
Max Rain: 8.99 ON 16/01/16
Days of Rain: 17 (> .2 mm) 5 (> 2 mm) 0 (> 20 mm)
Heat Base:  18.3  Cool Base:  18.3  Method: Integration