Dati Stazione Meteo - Stile NOAA

Seleziona il Report di un Mese o un Anno
2019: Gen Feb Mar Apr Mag Giu Lug Ago Set Ott Nov Dic
2018: Gen Feb Mar Apr Mag Giu Lug Ago Set Ott Nov Dic
2017: Gen Feb Mar Apr Mag Giu Lug Ago Set Ott Nov Dic
2016: Gen Feb Mar Apr Mag Giu Lug Ago Set Ott Nov Dic
2015: Gen Feb Mar Apr Mag Giu Lug Ago Set Ott Nov Dic
2014: Gen Feb Mar Apr Mag Giu Lug Ago Set Ott Nov Dic
2013: Gen Feb Mar Apr Mag Giu Lug Ago Set Ott Nov Dic

Report for 2016 Febbraio
                   MONTHLY CLIMATOLOGICAL SUMMARY for FEB. 2016

NAME: Davis Vantage Vue   CITY: Acquaviva delle Fonti   STATE: Italia 
ELEV:   305 m  LAT:  40° 53' 26" N  LONG:  16° 50' 43" E

                   TEMPERATURE (°C), RAIN  (mm), WIND SPEED (km/hr)

                                      HEAT  COOL        AVG
    MEAN                              DEG   DEG         WIND                 DOM
DAY TEMP  HIGH   TIME   LOW    TIME   DAYS  DAYS  RAIN  SPEED HIGH   TIME    DIR
------------------------------------------------------------------------------------
 1  12.7  18.9   13:55   9.8    5:00   6.3   0.0   0.0   5.0  29.0    0:06    SW
 2  13.3  19.3   13:03   8.2    4:33   5.3   0.1   0.0   5.8  30.6   14:32     S
 3  11.7  18.2   14:03   7.4    4:58   6.7   0.0   0.0   3.2  19.3   14:29   SSW
 4   8.6  12.2    3:39   5.3   19:55   9.9   0.0   0.6   9.0  37.0   14:58   NNE
 5   7.1  10.8   13:43   3.9    5:59  11.9   0.0   0.0  11.1  46.7   14:04   NNE
 6   6.7  11.8   15:06   2.6    5:09  11.4   0.0   0.0   2.6  16.1   23:42   NNE
 7   8.8  13.7   11:21   3.7    6:41   9.9   0.0   0.0   8.2  33.8   13:13    SE
 8  11.5  15.6   13:28   8.0    2:36   6.9   0.0   0.2   7.6  25.7    9:41    SE
 9  11.8  16.9   12:21   7.2    7:27   7.5   0.0   0.2   5.0  22.5   10:25     S
10  12.3  16.4   14:34   7.8   23:59   7.1   0.0   1.2  10.8  45.1   14:42    SW
11   7.9  13.3   12:27   2.7   00:00  10.6   0.0   6.8   4.0  35.4   11:44   NNE
12   7.6  11.6   15:31   1.9    1:54  11.6   0.0   4.0   4.2  24.1    6:59    SE
13  12.6  17.6   14:52   9.4    0:01   5.9   0.0   2.2   6.9  38.6   12:36    SW
14  14.2  18.8   15:45   9.7    1:34   4.3   0.0   0.0   9.8  37.0   15:01    SE
15  15.4  20.6   13:41  12.9    0:58   3.8   0.2   0.0  10.6  40.2    4:23    SE
16  15.2  18.1   13:36  13.6    0:01   3.4   0.0   0.0  15.9  62.8   16:10    SE
17  14.5  16.5   13:51  13.4    6:55   4.4   0.0   0.0  10.8  46.7    1:19    SE
18  11.8  14.1   10:51   8.7   23:04   6.5   0.0  13.8   4.8  41.8    0:56   NNE
19  10.8  15.8   14:18   6.5    6:08   8.2   0.0   0.0   3.7  25.7   11:25    SW
20   9.0  12.4   10:16   5.6   23:45   8.1   0.0   1.2   6.8  45.1   15:58   NNE
21   9.7  16.3   12:20   4.0    6:34   8.9   0.0   0.0   1.9  17.7   12:42   NNE
22  11.7  18.4   13:23   5.9    0:36   6.7   0.0   0.0   3.4  22.5   21:57    SW
23  11.8  13.3   16:46   9.7    0:18   8.2   0.0   0.2   5.5  27.4    2:31    SE
24  12.1  16.1   13:12   8.2   21:41   6.8   0.0   0.0   4.3  29.0    9:10   NNE
25  11.3  17.2   12:09   6.6    4:00   7.4   0.0   0.0   5.3  29.0   15:01    SE
26  10.2  13.6   14:00   5.7   00:00   8.8   0.0   0.4   4.7  32.2    5:57    SW
27  10.8  15.4   13:32   5.7    0:01   9.4   0.0   0.0   9.0  49.9   23:14    SE
28  13.2  14.7   15:21  12.1    0:01   5.6   0.0   0.0  24.0  69.2   18:48    SE
29  12.3  15.6   12:19   6.1   21:44   6.4   0.0   4.4   8.7  61.2    1:57    SE
-------------------------------------------------------------------------------------
    11.3  20.6    15     1.9    12   218.1   0.4  35.2   7.3  69.2    28      SE

Max >=  32.0:  0
Max <=   0.0:  0
Min <=   0.0:  0
Min <= -18.0:  0
Max Rain: 13.79 ON 18/02/16
Days of Rain: 12 (> .2 mm) 5 (> 2 mm) 0 (> 20 mm)
Heat Base:  18.3  Cool Base:  18.3  Method: Integration