Dati Stazione Meteo - Stile NOAA

Seleziona il Report di un Mese o un Anno
2019: Gen Feb Mar Apr Mag Giu Lug Ago Set Ott Nov Dic
2018: Gen Feb Mar Apr Mag Giu Lug Ago Set Ott Nov Dic
2017: Gen Feb Mar Apr Mag Giu Lug Ago Set Ott Nov Dic
2016: Gen Feb Mar Apr Mag Giu Lug Ago Set Ott Nov Dic
2015: Gen Feb Mar Apr Mag Giu Lug Ago Set Ott Nov Dic
2014: Gen Feb Mar Apr Mag Giu Lug Ago Set Ott Nov Dic
2013: Gen Feb Mar Apr Mag Giu Lug Ago Set Ott Nov Dic

Report for 2016 Marzo
                   MONTHLY CLIMATOLOGICAL SUMMARY for MAR. 2016

NAME: Davis Vantage Vue   CITY: Acquaviva delle Fonti   STATE: Italia 
ELEV:   305 m  LAT:  40° 53' 26" N  LONG:  16° 50' 43" E

                   TEMPERATURE (°C), RAIN  (mm), WIND SPEED (km/hr)

                                      HEAT  COOL        AVG
    MEAN                              DEG   DEG         WIND                 DOM
DAY TEMP  HIGH   TIME   LOW    TIME   DAYS  DAYS  RAIN  SPEED HIGH   TIME    DIR
------------------------------------------------------------------------------------
 1  10.3  14.6   12:11   7.2    0:29   8.2   0.0   1.8   5.3  27.4    1:52    SE
 2   9.4  13.1   15:03   7.2   19:47  12.9   0.0   0.2   3.9  20.9    8:14   NNE
 3   8.4  12.9   15:58   4.8    4:36  10.2   0.0   1.0   6.6  37.0   14:32    SW
 4   6.1   9.7   12:56   3.5   23:58  13.2   0.0   1.0   5.3  41.8   14:47    SW
 5   8.8  13.6   12:59   2.3    1:42  10.2   0.0   0.0   9.2  41.8   10:28    SE
 6  11.8  15.3   14:48   9.3   20:23   6.7   0.0  10.0   7.9  41.8   20:04    SE
 7   9.8  13.9   12:30   5.2   23:59   9.5   0.0   0.0   4.3  29.0   16:05    SW
 8   8.9  14.8   13:01   2.2    3:38  10.9   0.0   0.0   4.8  27.4   15:07    SE
 9   9.8  15.8   12:33   5.1    6:21   9.1   0.0   0.0   2.7  20.9   15:51    SE
10   8.6  14.5   11:34   5.3    6:30  10.3   0.0   3.0   2.1  17.7   15:36   NNE
11   8.3  12.3   11:59   3.9    3:37  10.4   0.0  10.6   1.1  17.7   13:58   NNE
12   9.7  12.6   14:51   6.8    1:07  10.3   0.0   7.2   4.3  29.0   10:18   NNE
13  10.1  12.2   14:21   8.9   22:36   8.7   0.0   2.6   4.0  20.9   11:03   NNE
14   9.1  12.0   12:25   7.4   23:23  10.7   0.0   1.6   4.8  25.7    3:12   NNE
15   8.9  11.9   12:16   6.7    6:10   9.5   0.0   2.0   2.9  19.3   15:20   NNE
16  10.1  14.6   12:42   7.1    4:52   9.1   0.0   0.6   3.5  22.5   11:53    SE
17   9.5  10.8   16:22   8.5    2:34  11.0   0.0  11.0   2.9  20.9   12:44    NE
18   9.6  12.5   11:35   6.9   23:49   8.9   0.0   5.6   2.6  24.1   15:35   NNE
19  10.0  15.9   15:16   5.9    4:25  10.1   0.0   0.2   3.1  22.5   13:22   NNE
20  12.8  20.0   13:06   7.1    5:45   5.4   0.1   0.0   4.2  27.4   14:33    SW
21  13.4  17.7   12:32   9.7    3:04   5.3   0.0   0.0  10.1  38.6   15:56    SE
22  13.8  19.7   12:02  12.1   17:55   5.1   0.0   1.4   7.7  38.6    2:35    SE
23  11.6  17.1   11:19   7.9   21:08   7.4   0.0   4.8   7.7  32.2   19:16    SE
24   8.8  10.9   11:08   7.3    6:41  11.7   0.0   1.4   6.1  27.4    3:22   NNE
25   8.4  12.3   13:22   4.0   00:00  10.6   0.0   0.0   5.0  32.2   11:32   NNE
26   8.2  13.7   11:37   2.8    1:57  11.1   0.0   1.2   3.2  27.4   14:50   NNE
27   9.9  14.7   13:58   4.8    6:38   8.3   0.0   0.0   4.7  27.4   13:26   NNE
28  12.6  18.8   14:18   7.9    0:08   6.4   0.0   0.0   4.8  19.3   16:55    SE
29  15.0  21.1   13:34  10.3    5:46   4.2   0.5   0.0   3.7  19.3   14:09   NNE
30  15.1  21.6   14:47   9.0    7:00   5.0   0.9   0.0   5.6  25.7   12:19    SE
31  14.1  20.1   14:14  11.1    3:09   5.1   0.1   0.0   9.7  35.4   20:04     S
-------------------------------------------------------------------------------------
    10.4  21.6    30     2.2     8   275.4   1.7  67.2   5.0  41.8     4     NNE

Max >=  32.0:  0
Max <=   0.0:  0
Min <=   0.0:  0
Min <= -18.0:  0
Max Rain: 11.00 ON 17/03/16
Days of Rain: 19 (> .2 mm) 9 (> 2 mm) 0 (> 20 mm)
Heat Base:  18.3  Cool Base:  18.3  Method: Integration