Dati Stazione Meteo - Stile NOAA

Seleziona il Report di un Mese o un Anno
2019: Gen Feb Mar Apr Mag Giu Lug Ago Set Ott Nov Dic
2018: Gen Feb Mar Apr Mag Giu Lug Ago Set Ott Nov Dic
2017: Gen Feb Mar Apr Mag Giu Lug Ago Set Ott Nov Dic
2016: Gen Feb Mar Apr Mag Giu Lug Ago Set Ott Nov Dic
2015: Gen Feb Mar Apr Mag Giu Lug Ago Set Ott Nov Dic
2014: Gen Feb Mar Apr Mag Giu Lug Ago Set Ott Nov Dic
2013: Gen Feb Mar Apr Mag Giu Lug Ago Set Ott Nov Dic

Report for 2016 Aprile
                   MONTHLY CLIMATOLOGICAL SUMMARY for APR. 2016

NAME: Davis Vantage Vue   CITY: Acquaviva delle Fonti   STATE: Italia 
ELEV:   305 m  LAT:  40° 53' 26" N  LONG:  16° 50' 43" E

                   TEMPERATURE (°C), RAIN  (mm), WIND SPEED (km/hr)

                                      HEAT  COOL        AVG
    MEAN                              DEG   DEG         WIND                 DOM
DAY TEMP  HIGH   TIME   LOW    TIME   DAYS  DAYS  RAIN  SPEED HIGH   TIME    DIR
------------------------------------------------------------------------------------
 1  13.9  17.8   15:02  12.5    7:16   5.5   0.0   0.0  10.6  41.8   11:44    SE
 2  14.1  20.6   13:22   9.3   23:00   5.1   0.3   0.0   3.5  29.0    0:53    SE
 3  15.1  23.9   14:32   8.6    6:52   4.7   1.2   0.0   3.1  19.3   17:04    SE
 4  17.5  26.3   15:30   8.8    3:51   3.1   2.3   0.0   2.6  19.3   16:45    SE
 5  19.2  26.8   15:07  11.2    6:02   2.2   3.2   0.0   2.6  17.7   16:44    SE
 6  17.0  23.5   16:05   9.1    5:18   4.1   2.3   0.0   3.2  20.9   13:33    SE
 7  16.1  22.7   12:12   8.9    4:46   3.7   1.1   0.0   2.4  20.9   11:33    SE
 8  14.8  20.9   16:02  12.6   23:59   3.8   0.2  35.0   2.7  24.1   16:46    SE
 9  15.2  22.1   15:05  11.8    6:08   3.7   0.4   9.0   3.9  30.6   10:19    SW
10  11.4  14.9   18:00   8.1    4:07   6.9   0.0   7.8   5.8  30.6    2:46   NNE
11  15.4  21.3   14:48  11.4    0:45   3.5   0.6   0.0   4.7  25.7   16:49   NNE
12  16.7  23.7   13:19  11.1    5:48   3.2   1.5   0.0   4.3  24.1   15:58    SW
13  18.2  25.2   12:07  12.9    6:25   1.7   1.5   0.0   6.8  33.8   18:05    SE
14  19.3  24.6   14:38  13.3   23:56   0.9   2.0   0.0   6.8  37.0   12:41   NNE
15  17.3  24.8   15:26  10.7    6:36   2.7   1.7   0.0   4.2  27.4   16:42    SW
16  17.5  25.1   13:24  11.0    5:21   2.7   1.9   0.0   7.1  30.6   16:55    SE
17  18.0  26.2   13:56  13.7    6:43   2.2   1.8   0.0   9.8  35.4   18:16     S
18  16.4  21.1   14:13  13.4    4:28   2.5   0.5   0.0  10.1  32.2   15:13    SE
19  17.9  27.7   15:17  11.8   23:51   2.3   2.0   0.0   7.7  37.0   15:53   NNE
20  13.7  17.8   13:42  10.4    6:17   4.8   0.0   0.0  10.8  48.3   14:56   NNE
21  13.8  19.4   14:41   9.7    4:48   5.0   0.1   0.0   4.3  19.3    8:58   NNE
22  16.8  23.8   13:01  11.1    0:01   3.5   1.7   0.0   5.8  22.5   15:05     S
23  16.0  22.1   11:16  12.5   23:56   4.0   0.5  21.0   4.3  33.8   18:37    SW
24  15.6  19.9   14:13  11.8    5:41   3.8   0.2   0.0  12.6  46.7   16:48    SW
25   9.2  12.2   11:21   6.5   18:41  12.4   0.0   6.2   7.1  35.4   21:28   NNE
26  11.3  18.4   15:50   5.9    6:23   7.9   0.0   0.0   5.6  27.4    2:32   NNE
27  14.8  20.3   15:16   6.6    4:53   5.4   0.4   0.0   6.8  27.4   15:50    SE
28  15.2  21.6   13:32   8.0    5:11   4.7   0.7   0.0   5.3  30.6   15:48    SE
29  15.3  18.8   15:25  12.8   21:48   3.2   0.0   0.2   5.5  32.2   11:25   NNE
30  15.3  19.7   14:10  10.5    5:50   4.2   0.2   0.0   4.0  22.5   11:46   NNE
-------------------------------------------------------------------------------------
    15.6  27.7    19     5.9    26   123.5  28.2  79.2   5.8  48.3    20     NNE

Max >=  32.0:  0
Max <=   0.0:  0
Min <=   0.0:  0
Min <= -18.0:  0
Max Rain: 35.00 ON 08/04/16
Days of Rain: 6 (> .2 mm) 5 (> 2 mm) 2 (> 20 mm)
Heat Base:  18.3  Cool Base:  18.3  Method: Integration