Dati Stazione Meteo - Stile NOAA

Seleziona il Report di un Mese o un Anno
2019: Gen Feb Mar Apr Mag Giu Lug Ago Set Ott Nov Dic
2018: Gen Feb Mar Apr Mag Giu Lug Ago Set Ott Nov Dic
2017: Gen Feb Mar Apr Mag Giu Lug Ago Set Ott Nov Dic
2016: Gen Feb Mar Apr Mag Giu Lug Ago Set Ott Nov Dic
2015: Gen Feb Mar Apr Mag Giu Lug Ago Set Ott Nov Dic
2014: Gen Feb Mar Apr Mag Giu Lug Ago Set Ott Nov Dic
2013: Gen Feb Mar Apr Mag Giu Lug Ago Set Ott Nov Dic

Report for 2016 Maggio
                   MONTHLY CLIMATOLOGICAL SUMMARY for MAY. 2016

NAME: Davis Vantage Vue   CITY: Acquaviva delle Fonti   STATE: Italia 
ELEV:   305 m  LAT:  40° 53' 26" N  LONG:  16° 50' 43" E

                   TEMPERATURE (°C), RAIN  (mm), WIND SPEED (km/hr)

                                      HEAT  COOL        AVG
    MEAN                              DEG   DEG         WIND                 DOM
DAY TEMP  HIGH   TIME   LOW    TIME   DAYS  DAYS  RAIN  SPEED HIGH   TIME    DIR
------------------------------------------------------------------------------------
 1  14.2  16.8   16:02  12.7    8:24   4.3   0.0   2.6   6.9  30.6   16:06    SE
 2  10.6  12.9    0:01   8.7    3:39   8.8   0.0  19.4   3.1  24.1   19:26   NNE
 3  12.6  17.3   16:10   8.7    0:44   6.9   0.0   7.2   7.2  35.4   17:19   NNE
 4  14.2  17.1   14:53  11.6    4:21   4.3   0.0   1.4   9.8  48.3   12:09   NNE
 5  14.2  18.6   14:55  10.4    5:28   4.6   0.0   0.0   7.4  35.4    8:59   NNE
 6  14.6  20.2   15:08   9.8   23:58   6.2   0.4   0.0   3.7  29.0   12:19   NNE
 7  15.7  23.5   14:16   8.6    2:04   4.6   1.6   0.0   3.2  20.9   14:42    SE
 8  17.7  22.3   12:47  10.8    3:32   3.4   2.4   0.0   5.5  27.4   14:06    SE
 9  17.2  25.3   14:16  10.9    4:59   2.7   1.6   0.0   3.7  27.4   15:14     S
10  18.3  24.8   14:21  11.6    3:06   2.6   2.6   0.0   6.3  30.6   16:51    SE
11  16.5  19.7   13:58  14.7    0:28   2.0   0.1   0.2  12.2  51.5   13:45    SE
12  18.6  24.1   12:58  15.1   23:43   1.3   1.6   0.2   9.3  35.4    4:45    SW
13  18.5  23.8   12:19  13.0    6:21   1.5   1.7   0.0   7.4  29.0    0:48    SW
14  17.3  22.0   14:53  12.3    8:37   1.8   0.8   2.0   7.2  35.4    8:13   SSW
15  16.8  21.9   17:23  12.7   23:38   2.2   0.6   0.0   5.1  29.0   12:35   SSW
16  15.4  20.1   14:37  10.3    4:26   3.1   0.1   0.2   4.0  25.7   15:33   NNE
17  13.7  17.9   10:53  11.3   22:11   4.6   0.0   6.4   2.6  25.7   13:19   NNE
18  14.6  22.3   14:08   8.8    6:15   4.3   0.4   0.2   2.9  25.7   14:55   NNE
19  17.5  23.3   15:04  11.9    5:55   2.1   1.3   0.0   6.3  37.0   16:49   SSW
20  13.9  18.8   12:44  11.3   14:41   4.8   0.0  13.0   3.1  25.7   14:04   NNE
21  15.9  20.1   16:41  12.6    3:12   2.7   0.3   7.0   8.7  40.2   17:15   NNE
22  19.4  24.8   16:37  13.4    5:18   1.3   2.5   0.0   4.2  29.0   12:40   NNE
23  19.8  25.2   10:56  14.8    4:49   0.9   2.4   0.0   8.5  37.0   23:19    SE
24  15.3  20.0   15:07  11.1    5:33   3.2   0.1   0.6   6.8  38.6   12:56    SW
25  17.6  23.4   16:40  11.6    5:31   2.2   1.5   0.0   4.8  32.2   13:26   NNE
26  20.2  25.4   14:42  13.7    0:18   1.2   3.2   0.0   4.2  25.7   11:20   NNE
27  22.1  29.6   12:37  14.7    1:34   0.8   4.6   0.0   3.5  27.4   14:48   NNE
28  21.9  29.1   14:08  17.3    6:08   0.1   3.8   0.0   7.6  32.2   16:40    SE
29  21.9  30.1   11:41  16.7    5:15   0.3   4.1   0.0   7.1  30.6   14:07    SE
30  21.7  28.8   13:54  16.0    5:05   0.3   3.7   0.0   3.7  25.7   14:28   NNE
31  21.5  27.3   16:56  15.6    5:39   0.5   3.7   0.0   5.3  25.7   17:18   NNE
-------------------------------------------------------------------------------------
    17.1  30.1    29     8.6     7    89.4  45.0  60.4   5.9  51.5    11     NNE

Max >=  32.0:  0
Max <=   0.0:  0
Min <=   0.0:  0
Min <= -18.0:  0
Max Rain: 19.41 ON 02/05/16
Days of Rain: 13 (> .2 mm) 7 (> 2 mm) 0 (> 20 mm)
Heat Base:  18.3  Cool Base:  18.3  Method: Integration