Dati Stazione Meteo - Stile NOAA

Seleziona il Report di un Mese o un Anno
2019: Gen Feb Mar Apr Mag Giu Lug Ago Set Ott Nov Dic
2018: Gen Feb Mar Apr Mag Giu Lug Ago Set Ott Nov Dic
2017: Gen Feb Mar Apr Mag Giu Lug Ago Set Ott Nov Dic
2016: Gen Feb Mar Apr Mag Giu Lug Ago Set Ott Nov Dic
2015: Gen Feb Mar Apr Mag Giu Lug Ago Set Ott Nov Dic
2014: Gen Feb Mar Apr Mag Giu Lug Ago Set Ott Nov Dic
2013: Gen Feb Mar Apr Mag Giu Lug Ago Set Ott Nov Dic

Report for 2016 Giugno
                   MONTHLY CLIMATOLOGICAL SUMMARY for JUN. 2016

NAME: Davis Vantage Vue   CITY: Acquaviva delle Fonti   STATE: Italia 
ELEV:   305 m  LAT:  40° 53' 26" N  LONG:  16° 50' 43" E

                   TEMPERATURE (°C), RAIN  (mm), WIND SPEED (km/hr)

                                      HEAT  COOL        AVG
    MEAN                              DEG   DEG         WIND                 DOM
DAY TEMP  HIGH   TIME   LOW    TIME   DAYS  DAYS  RAIN  SPEED HIGH   TIME    DIR
------------------------------------------------------------------------------------
 1  19.8  23.5   11:45  14.8   23:37   0.3   1.8   0.0   2.1  20.9   16:24   NNE
 2  18.8  24.1   11:11  13.6   23:27   1.3   1.8   0.4   4.5  24.1    8:24    SW
 3  18.0  23.1   11:01  13.1    1:49   1.6   1.3   7.4   3.1  20.9    7:30   NNE
 4  19.7  24.8   14:14  13.7    5:39   1.2   2.5   0.2   2.6  24.1   14:29   NNE
 5  19.8  26.0   11:04  15.3    0:49   0.8   2.3   1.8   2.4  19.3   13:02    SW
 6  20.8  25.4   14:18  14.4    5:52   0.6   3.2   0.0   3.9  25.7   13:58   NNE
 7  20.9  25.0   12:01  16.4    4:20   0.3   3.0   0.0   5.6  32.2   15:23   NNE
 8  22.1  26.6   14:47  15.6    2:48   0.4   4.2   0.0   4.5  27.4   15:11   NNE
 9  21.1  27.5   11:43  16.3    3:47   0.3   3.0   0.2   2.1  25.7   14:44   NNE
10  19.9  26.1   13:38  16.9    0:18   0.4   1.9   2.8   3.4  29.0   13:14    SE
11  21.5  28.3   12:43  16.6    3:37   0.4   3.7   0.2   6.6  37.0   17:53    SE
12  22.0  30.4   12:42  17.6    4:23   0.0   3.7   1.0   4.2  29.0   15:38   SSW
13  20.0  24.6   14:38  15.9   23:54   0.4   2.1   5.8   4.5  32.2   15:06   NNE
14  20.1  26.9   12:47  14.9    5:36   0.8   2.5   1.4   3.4  27.4   16:45    SW
15  23.2  30.7   15:59  16.1    6:04   0.2   5.2   0.0   7.1  30.6   11:44    SW
16  22.6  27.2   13:04  19.1    2:12   0.0   4.2   0.2  16.4  53.1   11:37    SE
17  26.0  33.4   13:52  20.4    4:16   0.0   8.1   0.0   7.2  40.2    0:23    SE
18  23.4  27.4   13:23  19.1   00:00   0.0   5.1   0.0   5.0  25.7   14:04   NNE
19  19.2  22.3   17:50  15.1   23:56   0.2   1.1   3.8   3.7  27.4   14:48    SE
20  19.3  26.3   13:36  12.1    3:23   1.6   2.5   0.0   3.2  32.2   15:09   NNE
21  19.7  24.4   14:46  16.0    4:39   0.6   2.1   0.0   5.0  25.7   14:30   NNE
22  23.3  29.7   14:39  18.1    1:31   0.0   5.1   0.0   5.8  27.4   15:05   NNE
23  25.4  29.8   14:15  21.5    0:29   0.0   7.2   0.0   6.3  30.6   12:04   NNE
24  25.8  30.8   15:06  22.1    1:35   0.0   7.8   0.0   5.6  29.0   14:01   NNE
25  26.8  31.7   17:07  22.3   00:00   0.0   8.7   0.0   5.3  25.7   16:32   NNE
26  27.1  33.1   13:14  21.3    2:19   0.0   8.8   0.0   3.7  29.0   14:12   NNE
27  27.3  32.2   11:05  22.3    1:30   0.0   9.2   0.0   5.1  27.4   11:20    SW
28  23.8  27.2   11:13  19.6   23:58   0.0   5.6   0.0   8.9  35.4   12:02   NNE
29  22.9  27.9   15:03  18.1   23:58   0.0   4.7   0.0   6.0  27.4   14:37   NNE
30  24.7  31.2   12:28  15.1    5:26   0.4   6.8   0.0   3.7  27.4   14:22   NNE
-------------------------------------------------------------------------------------
    22.2  33.4    17    12.1    20    11.6 129.4  25.2   5.0  53.1    16     NNE

Max >=  32.0:  3
Max <=   0.0:  0
Min <=   0.0:  0
Min <= -18.0:  0
Max Rain: 7.39 ON 03/06/16
Days of Rain: 12 (> .2 mm) 4 (> 2 mm) 0 (> 20 mm)
Heat Base:  18.3  Cool Base:  18.3  Method: Integration