Dati Stazione Meteo - Stile NOAA

Seleziona il Report di un Mese o un Anno
2019: Gen Feb Mar Apr Mag Giu Lug Ago Set Ott Nov Dic
2018: Gen Feb Mar Apr Mag Giu Lug Ago Set Ott Nov Dic
2017: Gen Feb Mar Apr Mag Giu Lug Ago Set Ott Nov Dic
2016: Gen Feb Mar Apr Mag Giu Lug Ago Set Ott Nov Dic
2015: Gen Feb Mar Apr Mag Giu Lug Ago Set Ott Nov Dic
2014: Gen Feb Mar Apr Mag Giu Lug Ago Set Ott Nov Dic
2013: Gen Feb Mar Apr Mag Giu Lug Ago Set Ott Nov Dic

Report for 2016 Luglio
                   MONTHLY CLIMATOLOGICAL SUMMARY for JUL. 2016

NAME: Davis Vantage Vue   CITY: Acquaviva delle Fonti   STATE: Italia 
ELEV:   305 m  LAT:  40° 53' 26" N  LONG:  16° 50' 43" E

                   TEMPERATURE (°C), RAIN  (mm), WIND SPEED (km/hr)

                                      HEAT  COOL        AVG
    MEAN                              DEG   DEG         WIND                 DOM
DAY TEMP  HIGH   TIME   LOW    TIME   DAYS  DAYS  RAIN  SPEED HIGH   TIME    DIR
------------------------------------------------------------------------------------
 1  25.9  30.8   13:36  19.6    5:08   0.0   7.7   0.0   3.5  27.4   14:08   NNE
 2  26.7  33.7   13:38  19.4    3:44   0.0   8.7   0.0   2.6  24.1   14:20   NNE
 3  28.1  33.3   12:19  22.0    3:49   0.0   9.8   0.0   3.5  27.4   13:08   NNE
 4  26.2  30.3   14:28  22.6    4:42   0.0   7.9   0.0   6.4  32.2   15:16   NNE
 5  25.8  30.2   13:36  20.6    4:08   0.0   7.6   0.0   4.3  27.4   15:47   NNE
 6  24.4  31.9   12:18  18.9   17:11   0.0   6.1  18.4   3.5  35.4   14:11   NNE
 7  24.0  29.4   15:55  19.6    6:08   0.0   6.2   0.0   5.1  27.4   11:05   NNE
 8  26.2  31.7   13:28  20.2    2:47   0.0   7.9   0.0   3.1  20.9   14:37   NNE
 9  28.1  33.3   13:56  22.1    5:53   0.0   9.8   0.0   3.4  25.7   15:04   NNE
10  27.6  32.7   13:40  21.4    5:18   0.0   9.4   0.0   3.1  29.0   15:55   NNE
11  28.2  33.9   11:59  21.1    5:05   0.0   9.8   0.0   2.9  25.7   13:59   NNE
12  28.9  35.8   13:16  21.7    4:17   0.0  10.7   0.0   2.6  24.1   15:18   NNE
13  30.3  38.3   14:19  25.0    0:21   0.0  12.4   0.0   4.5  27.4   13:00    SW
14  26.3  33.9   14:47  21.8    6:11   0.0   9.3   0.0   5.8  33.8   15:11   NNE
15  21.1  27.4   12:00  15.3   14:18   0.3   3.1   7.0   4.5  40.2   14:07   NNE
16  17.1  19.5   18:07  15.6    5:32   1.5   0.1  17.6   7.7  38.6    6:17   WSW
17  18.8  22.4   14:22  14.7    0:30   1.1   1.5   0.0   7.6  35.4   17:39   NNE
18  22.4  26.7   16:38  16.8    1:49   0.1   4.5   0.0   8.7  35.4   14:12   NNE
19  24.1  27.8   17:26  19.1    5:51   0.0   6.0   0.0   8.0  37.0   13:00   NNE
20  23.8  27.0   16:29  19.8    4:53   0.0   5.7   0.0   8.4  35.4   13:24   NNE
21  26.8  32.1   14:19  21.5    0:13   0.0   8.5   0.0   3.9  27.4   15:30   NNE
22  28.4  36.0   13:46  22.2    2:37   0.0  11.6   0.0   3.5  24.1   14:40    SE
23  28.1  36.2   12:42  20.9    6:17   0.0  10.6   0.0   3.5  25.7   14:06   NNE
24  25.5  32.2   14:03  19.7    4:31   0.0   8.4   0.0   4.7  30.6   14:42   NNE
25  24.4  30.2   13:41  19.9   23:02   0.0   6.5   1.0   4.3  32.2   12:51   NNE
26  24.8  29.9   14:18  20.6    0:03   0.0   7.0   0.0   4.7  32.2   13:43   NNE
27  25.8  30.7   12:55  20.9    5:27   0.0   7.6   0.0   3.7  25.7   14:17   NNE
28  25.2  31.4   12:42  20.4    5:38   0.0   6.9   0.4   3.2  25.7   13:58   NNE
29  25.2  30.5   14:52  20.8    0:53   0.0   8.2   0.0   4.5  29.0   14:15   NNE
30  26.8  31.7   13:52  20.9    3:56   0.0   9.2   0.0   5.1  32.2   14:54   NNE
31  28.1  33.9   13:44  22.0    6:16   0.0  10.3   0.0   3.7  25.7   16:30   NNE
-------------------------------------------------------------------------------------
    25.6  38.3    13    14.7    17     3.1 239.4  44.4   4.7  40.2    15     NNE

Max >=  32.0: 13
Max <=   0.0:  0
Min <=   0.0:  0
Min <= -18.0:  0
Max Rain: 18.39 ON 06/07/16
Days of Rain: 5 (> .2 mm) 3 (> 2 mm) 0 (> 20 mm)
Heat Base:  18.3  Cool Base:  18.3  Method: Integration