Dati Stazione Meteo - Stile NOAA

Seleziona il Report di un Mese o un Anno
2019: Gen Feb Mar Apr Mag Giu Lug Ago Set Ott Nov Dic
2018: Gen Feb Mar Apr Mag Giu Lug Ago Set Ott Nov Dic
2017: Gen Feb Mar Apr Mag Giu Lug Ago Set Ott Nov Dic
2016: Gen Feb Mar Apr Mag Giu Lug Ago Set Ott Nov Dic
2015: Gen Feb Mar Apr Mag Giu Lug Ago Set Ott Nov Dic
2014: Gen Feb Mar Apr Mag Giu Lug Ago Set Ott Nov Dic
2013: Gen Feb Mar Apr Mag Giu Lug Ago Set Ott Nov Dic

Report for 2016 Agosto
                   MONTHLY CLIMATOLOGICAL SUMMARY for AUG. 2016

NAME: Davis Vantage Vue   CITY: Acquaviva delle Fonti   STATE: Italia 
ELEV:   305 m  LAT:  40° 53' 26" N  LONG:  16° 50' 43" E

                   TEMPERATURE (°C), RAIN  (mm), WIND SPEED (km/hr)

                                      HEAT  COOL        AVG
    MEAN                              DEG   DEG         WIND                 DOM
DAY TEMP  HIGH   TIME   LOW    TIME   DAYS  DAYS  RAIN  SPEED HIGH   TIME    DIR
------------------------------------------------------------------------------------
 1  28.9  36.8   11:52  23.5    5:28   0.0  10.9   0.0   4.7  30.6   13:12   NNE
 2  25.1  28.7   12:02  21.3    6:03   0.0   7.5   0.0   7.7  37.0   15:59   NNE
 3  24.5  28.8   14:20  20.3    5:18   0.0   6.6   0.0   6.9  33.8   12:23   NNE
 4  25.4  30.5   15:03  19.6    2:18   0.0   7.5   0.0   4.3  24.1   12:29   NNE
 5  28.0  35.1   14:48  21.4    5:58   0.0  10.5   0.0   4.0  25.7   17:57    SE
 6  24.1  30.3   12:55  16.9   16:14   0.0   5.5  44.2   5.8  41.8   14:56   NNE
 7  20.9  24.3   14:14  17.1    9:46   0.0   2.6  27.4   6.0  33.8   17:46   NNE
 8  22.5  25.8   13:35  19.7    4:17   0.0   4.2   0.0   6.6  35.4   15:23   NNE
 9  23.4  28.7   14:06  19.1    5:58   0.0   5.3   0.0   3.7  24.1   15:48   NNE
10  25.8  33.4   15:52  18.4    3:50   0.0   8.4   0.0   3.5  22.5   17:44    SW
11  22.8  27.4   12:02  19.4   23:39   0.0   4.7   2.0   5.3  30.6   14:32   NNE
12  19.9  23.1   15:24  16.8    5:26   0.2   1.9   0.0   8.4  43.5   12:36   NNE
13  20.2  24.1   14:01  16.1    5:42   0.4   2.3   0.0   7.7  30.6   10:28   NNE
14  21.2  25.9   15:00  16.8    6:00   0.3   3.4   0.0   4.3  25.7   16:50   NNE
15  22.4  28.1   15:12  16.6    6:32   0.2   4.4   0.0   3.2  19.3   15:09   NNE
16  24.6  30.4   14:50  16.6    6:09   0.0   6.4   0.0   3.2  25.7   15:09   NNE
17  24.7  32.4   12:40  19.0    5:28   0.0   7.0   0.0   2.6  32.2   13:02    SW
18  24.1  29.1   13:59  19.0    5:14   0.0   6.1   0.0   2.3  22.5   16:27   NNE
19  24.6  31.1   12:50  19.1    6:38   0.0   6.5   0.0   2.4  22.5   13:45   NNE
20  24.6  29.4   14:42  19.8    1:40   0.0   6.7   0.0   4.0  30.6   16:09   NNE
21  26.1  32.1   13:43  18.7    5:59   0.0   8.0   0.0   2.6  24.1   14:11   NNE
22  23.8  27.6   12:15  19.4   23:54   0.0   5.7   0.0   8.2  37.0   15:00   NNE
23  21.2  24.0   17:00  18.2    2:27   0.0   3.0   0.2   9.5  35.4   11:20   NNE
24  23.1  26.2   15:41  20.1    3:43   0.0   4.9   0.0   8.7  30.6   15:14   NNE
25  23.4  27.4   14:51  20.2    0:36   0.0   5.3   0.0   7.4  32.2   11:40   NNE
26  23.3  28.0   15:24  19.1    4:45   0.0   5.1   0.0   4.7  25.7   15:36   NNE
27  24.0  28.6   15:02  19.6    5:04   0.0   5.7   0.0   4.2  27.4   12:33   NNE
28  24.8  30.9   14:43  17.8    6:28   0.0   6.6   0.0   3.7  27.4   14:57   NNE
29  25.6  31.0   13:25  18.9    6:25   0.0   7.6   0.0   3.2  22.5   13:43   NNE
30  25.1  30.6   15:20  19.1    6:24   0.0   7.0   0.0   3.2  25.7   16:29   NNE
31  23.4  31.2   14:22  18.1    5:17   0.0   6.6   0.0   2.1  22.5   13:39   NNE
-------------------------------------------------------------------------------------
    23.9  36.8     1    16.1    13     1.3 183.9  73.8   5.0  43.5    12     NNE

Max >=  32.0:  5
Max <=   0.0:  0
Min <=   0.0:  0
Min <= -18.0:  0
Max Rain: 44.20 ON 06/08/16
Days of Rain: 4 (> .2 mm) 3 (> 2 mm) 2 (> 20 mm)
Heat Base:  18.3  Cool Base:  18.3  Method: Integration