Dati Stazione Meteo - Stile NOAA

Seleziona il Report di un Mese o un Anno
2019: Gen Feb Mar Apr Mag Giu Lug Ago Set Ott Nov Dic
2018: Gen Feb Mar Apr Mag Giu Lug Ago Set Ott Nov Dic
2017: Gen Feb Mar Apr Mag Giu Lug Ago Set Ott Nov Dic
2016: Gen Feb Mar Apr Mag Giu Lug Ago Set Ott Nov Dic
2015: Gen Feb Mar Apr Mag Giu Lug Ago Set Ott Nov Dic
2014: Gen Feb Mar Apr Mag Giu Lug Ago Set Ott Nov Dic
2013: Gen Feb Mar Apr Mag Giu Lug Ago Set Ott Nov Dic

Report for 2016 Settembre
                   MONTHLY CLIMATOLOGICAL SUMMARY for SEP. 2016

NAME: Davis Vantage Vue   CITY: Acquaviva delle Fonti   STATE: Italia 
ELEV:   305 m  LAT:  40° 53' 26" N  LONG:  16° 50' 43" E

                   TEMPERATURE (°C), RAIN  (mm), WIND SPEED (km/hr)

                                      HEAT  COOL        AVG
    MEAN                              DEG   DEG         WIND                 DOM
DAY TEMP  HIGH   TIME   LOW    TIME   DAYS  DAYS  RAIN  SPEED HIGH   TIME    DIR
------------------------------------------------------------------------------------
 1  22.4  27.8   16:00  18.7    6:12   0.0   4.6   9.8   1.9  29.0    3:23   NNE
 2  22.4  27.8   14:03  18.4    1:05   0.0   4.6   0.2   4.5  25.7   14:40   NNE
 3  23.2  28.1   15:10  19.1    6:28   0.0   4.9   0.0   4.5  27.4   12:46   NNE
 4  24.3  29.9   15:25  19.7    0:32   0.0   6.2   0.0   3.1  20.9   13:44   NNE
 5  25.0  30.8   15:23  19.9   23:53   0.0   6.9   4.8   5.0  24.1   13:05    SW
 6  19.8  22.9   15:00  16.9   22:17   0.2   1.9   8.2   9.5  40.2   10:25   NNE
 7  18.2  22.2   16:19  16.1    4:55   0.9   0.7  18.6   3.4  27.4    8:11   NNE
 8  18.7  22.0   14:25  16.0    9:03   0.4   0.8  25.2   3.5  27.4    8:26   NNE
 9  19.9  23.6   15:37  17.2    5:33   0.2   1.9  19.8   4.8  29.0   22:33   NNE
10  18.9  21.1   13:42  17.5    0:58   0.2   0.9   9.2   2.6  19.3   13:50   NNE
11  20.0  24.6   12:10  17.2    5:09   0.2   1.9   0.2   1.1  20.9   11:57   NNE
12  20.1  23.6   12:05  17.8    1:14   0.1   1.9   0.2   2.4  19.3   13:17   NNE
13  20.6  26.3   14:10  17.7   23:59   0.0   2.6   0.0   1.4  22.5   14:13   NNE
14  21.4  29.3   14:49  16.2    6:52   0.4   4.1   0.0   1.8  16.1   16:22   NNE
15  22.4  29.4   13:14  17.3    5:32   0.1   4.7   0.0   3.2  16.1   13:55    SE
16  22.8  31.1   15:02  17.6    5:25   0.1   5.2   0.0   3.5  22.5   19:15    SE
17  23.6  29.6   15:23  18.8   23:56   0.0   5.4   1.0   4.7  25.7   10:03    SW
18  20.1  27.3   13:03  15.5   00:00   0.8   2.7  19.4   3.1  33.8   18:08    SW
19  17.6  23.3   13:45  14.1    6:49   1.5   0.8   0.2   3.7  30.6   15:20    SW
20  18.8  23.0   14:54  15.5    4:10   1.0   1.6   0.4   5.5  27.4    9:57   NNE
21  18.1  24.4   12:16  15.0   23:27   1.4   1.1  11.6   1.3  19.3   15:15   WSW
22  17.2  21.2   13:37  14.3    2:44   1.8   0.6   0.2   4.0  29.0   17:36   NNE
23  17.6  22.6   12:33  13.3    6:43   2.0   1.2   0.0   3.4  22.5   15:10   NNE
24  17.1  21.2   13:29  13.0    3:32   2.1   0.8   0.0   2.7  22.5   15:01   NNE
25  16.9  21.2   15:18  13.0    3:34   2.6   0.8   0.0   4.0  27.4   13:52   NNE
26  17.8  21.6   12:38  13.6    5:47   1.7   1.2   0.0   3.5  27.4   13:58   NNE
27  17.1  21.9   13:25  13.4   23:44   2.1   0.8   0.0   3.2  27.4   16:17   NNE
28  17.2  22.1   13:17  12.8   23:25   2.2   1.0   0.2   2.9  22.5   13:36   NNE
29  17.3  21.9   14:56  12.4    0:17   2.6   1.3   0.0   2.7  19.3   15:55   NNE
30  18.0  26.1   13:54  12.0    5:01   2.3   1.9   0.0   1.9  22.5   15:21   NNE
-------------------------------------------------------------------------------------
    19.8  31.1    16    12.0    30    26.9  75.1 129.2   3.4  40.2     6     NNE

Max >=  32.0:  0
Max <=   0.0:  0
Min <=   0.0:  0
Min <= -18.0:  0
Max Rain: 25.20 ON 08/09/16
Days of Rain: 17 (> .2 mm) 9 (> 2 mm) 1 (> 20 mm)
Heat Base:  18.3  Cool Base:  18.3  Method: Integration