Dati Stazione Meteo - Stile NOAA

Seleziona il Report di un Mese o un Anno
2019: Gen Feb Mar Apr Mag Giu Lug Ago Set Ott Nov Dic
2018: Gen Feb Mar Apr Mag Giu Lug Ago Set Ott Nov Dic
2017: Gen Feb Mar Apr Mag Giu Lug Ago Set Ott Nov Dic
2016: Gen Feb Mar Apr Mag Giu Lug Ago Set Ott Nov Dic
2015: Gen Feb Mar Apr Mag Giu Lug Ago Set Ott Nov Dic
2014: Gen Feb Mar Apr Mag Giu Lug Ago Set Ott Nov Dic
2013: Gen Feb Mar Apr Mag Giu Lug Ago Set Ott Nov Dic

Report for 2016 Ottobre
                   MONTHLY CLIMATOLOGICAL SUMMARY for OCT. 2016

NAME: Davis Vantage Vue   CITY: Acquaviva delle Fonti   STATE: Italia 
ELEV:   305 m  LAT:  40° 53' 26" N  LONG:  16° 50' 43" E

                   TEMPERATURE (°C), RAIN  (mm), WIND SPEED (km/hr)

                                      HEAT  COOL        AVG
    MEAN                              DEG   DEG         WIND                 DOM
DAY TEMP  HIGH   TIME   LOW    TIME   DAYS  DAYS  RAIN  SPEED HIGH   TIME    DIR
------------------------------------------------------------------------------------
 1  19.2  26.8   13:13  13.2    7:15   1.4   2.4   0.0   2.9  19.3   12:32    SE
 2  21.2  25.3   14:30  18.3   21:47   0.0   3.1   0.4   5.0  29.0   10:38    SE
 3  21.2  27.7   13:06  16.8    7:02   0.2   3.1   0.0   2.3  20.9   15:17   NNE
 4  18.3  21.4   13:00  16.1   23:45   0.7   0.6   0.6   4.7  29.0   15:05   NNE
 5  15.0  18.9   13:46  10.8   23:59   3.9   0.0   0.0   6.1  32.2   11:51   NNE
 6  14.7  19.7   15:23   8.7    6:46   3.8   0.1   0.0   3.4  22.5   17:12    SE
 7  16.2  22.0   15:09  13.3   23:58   2.6   0.4  24.8   4.5  25.7   12:20   NNE
 8  14.6  19.8   15:00  11.4    5:46   4.1   0.1   0.0   3.2  22.5   10:35   NNE
 9  17.2  23.6   14:20  13.3    0:25   2.0   0.9   0.0   3.4  19.3   15:28   SSW
10  17.9  23.3   13:37  13.4   23:31   1.8   1.3   0.2   4.8  27.4   14:43    SW
11  14.2  16.8   12:02  12.9    4:47   4.3   0.0   1.0   1.9  14.5   12:09   NNE
12  12.6  16.7   15:21   9.3   23:00   7.2   0.0   4.0   3.9  24.1   11:32   NNE
13  13.4  19.6   14:26   6.4    4:31   5.3   0.0   0.0   4.7  29.0   15:06    SE
14  19.9  22.4   13:05  16.6    0:01   0.1   2.0   0.0  13.7  48.3   22:49    SE
15  21.3  23.4   12:06  19.6   23:52   0.0   3.2   0.0  13.8  46.7    1:42    SE
16  18.2  21.2   13:14  15.4   23:44   0.8   0.7   0.0   4.3  29.0   13:31   NNE
17  16.1  19.8   15:28  13.5   00:00   2.6   0.2   0.0   2.9  19.3   12:56   NNE
18  16.7  22.7   13:57  11.6    2:30   2.6   0.8  17.6   2.3  19.3    9:33   NNE
19  16.0  22.4   14:32  12.4    6:19   3.1   0.5   0.2   2.1  19.3   16:00   NNE
20  18.8  22.3   13:40  13.3    7:28   2.1   3.4   0.2   6.6  29.0   16:07    SE
21  16.6  22.7   12:13  13.2    7:18   2.4   0.7   2.8   3.1  22.5   11:30    SE
22  14.9  17.2   13:04  12.9   23:57   4.2   0.0   0.0   1.9  20.9    3:50   NNE
23  16.9  21.4   16:39  12.7    0:23   1.9   0.5   0.2   3.1  16.1   20:50     S
24  17.7  23.1   14:15  14.2    2:39   1.8   1.1   0.4   4.7  20.9   21:15    SE
25  19.6  25.0   14:47  16.1   23:29   0.7   2.3   0.2   5.3  24.1    2:49     S
26  17.6  19.4   12:48  16.1    0:01   1.0   0.2   0.0   2.7  20.9   13:21   NNE
27  16.7  18.6   11:50  14.9   23:41   1.9   0.0   0.0   7.2  35.4   11:41   NNE
28  13.2  15.1    1:15  10.3   23:54   5.1   0.0   0.0   7.9  32.2   10:01   NNE
29  12.8  16.7   15:19   9.5    7:40   5.3   0.0   0.0   3.7  24.1   11:17   NNE
30  13.4  17.9   12:48  10.0    3:12   4.9   0.0   0.0   4.8  27.4   14:49   NNE
31  11.9  15.3   11:52   8.7   21:47   6.3   0.0   0.0   7.2  38.6   12:15   NNE
-------------------------------------------------------------------------------------
    16.6  27.7     3     6.4    13    84.2  27.7  52.6   4.8  48.3    14     NNE

Max >=  32.0:  0
Max <=   0.0:  0
Min <=   0.0:  0
Min <= -18.0:  0
Max Rain: 24.79 ON 07/10/16
Days of Rain: 13 (> .2 mm) 4 (> 2 mm) 1 (> 20 mm)
Heat Base:  18.3  Cool Base:  18.3  Method: Integration