Dati Stazione Meteo - Stile NOAA

Seleziona il Report di un Mese o un Anno
2019: Gen Feb Mar Apr Mag Giu Lug Ago Set Ott Nov Dic
2018: Gen Feb Mar Apr Mag Giu Lug Ago Set Ott Nov Dic
2017: Gen Feb Mar Apr Mag Giu Lug Ago Set Ott Nov Dic
2016: Gen Feb Mar Apr Mag Giu Lug Ago Set Ott Nov Dic
2015: Gen Feb Mar Apr Mag Giu Lug Ago Set Ott Nov Dic
2014: Gen Feb Mar Apr Mag Giu Lug Ago Set Ott Nov Dic
2013: Gen Feb Mar Apr Mag Giu Lug Ago Set Ott Nov Dic

Report for 2016 Novembre
                   MONTHLY CLIMATOLOGICAL SUMMARY for NOV. 2016

NAME: Davis Vantage Vue   CITY: Acquaviva delle Fonti   STATE: Italia 
ELEV:   305 m  LAT:  40° 53' 26" N  LONG:  16° 50' 43" E

                   TEMPERATURE (°C), RAIN  (mm), WIND SPEED (km/hr)

                                      HEAT  COOL        AVG
    MEAN                              DEG   DEG         WIND                 DOM
DAY TEMP  HIGH   TIME   LOW    TIME   DAYS  DAYS  RAIN  SPEED HIGH   TIME    DIR
------------------------------------------------------------------------------------
 1  11.6  16.6   13:38   7.8   19:41   6.5   0.0   0.0   3.2  22.5    9:43   NNE
 2  14.3  22.1   13:48   8.8    6:32   4.6   0.6   0.0   4.7  20.9   13:19     S
 3  16.5  22.8   14:20  12.2    0:01   2.6   0.8   0.0   4.5  24.1   11:58   SSW
 4  14.9  19.1   14:36  13.2   22:25   3.2   0.0   0.0   2.6  19.3   20:37   NNE
 5  16.1  21.1   13:45  11.2    6:03   2.5   0.4   0.0   6.6  29.0   23:56    SE
 6  18.1  21.2   12:14  15.8    3:43   0.9   0.6   0.0  10.9  35.4   11:49    SE
 7  16.2  22.7   12:19  11.5   23:43   2.5   0.5   0.0   3.2  22.5   22:54   NNE
 8  13.2  17.3   14:07  11.0    3:33   5.6   0.0   0.0   2.3  22.5   23:30   NNE
 9  10.8  14.1    1:01   6.9   22:14   7.4   0.0   0.0   4.8  30.6   14:11   WSW
10  11.3  16.3   13:34   8.4    3:45   7.2   0.0   0.0   2.7  24.1   10:21   SSW
11  12.0  17.4   13:36   7.6    5:58   6.5   0.0   0.0   5.1  25.7   11:10     S
12  10.6  14.0   10:49   8.2   23:59   7.7   0.0   0.0   6.9  40.2   13:44    SW
13   8.8  13.2   12:41   5.2   21:41   9.4   0.0   0.0   3.5  20.9    1:44   NNE
14   9.1  13.3   11:31   4.6    5:20   9.5   0.0   0.0   1.6  14.5   11:52   NNE
15   9.2  11.4   13:48   7.4    6:20   9.1   0.0   0.0   0.8   9.7   14:13   WSW
16   9.0  13.7   12:51   4.7   23:32   9.6   0.0   0.0   1.3  16.1   15:44   NNE
17  10.9  16.1   14:08   5.8    0:01   7.3   0.0   0.0   4.3  24.1    9:37     S
18  14.7  17.7   13:46  11.9    3:02   3.6   0.0   0.0   6.8  35.4   14:50    SE
19  15.3  17.4   11:55  13.9    7:11   2.9   0.0   0.0  10.5  37.0    3:38    SE
20  14.9  17.5   12:23  13.1    6:28   3.4   0.0   0.0   6.6  27.4   12:09    SE
21  15.4  19.1   13:12  13.4   18:59   2.9   0.0   0.0   5.0  20.9    9:35    SE
22  15.7  19.2   12:20  13.9    1:06   2.6   0.0   0.0   6.8  30.6   10:44    SE
23  15.4  17.4   14:23  14.4    1:34   2.9   0.0   0.0   6.1  29.0   11:57    SE
24  15.8  18.6   13:07  14.5    5:41   2.5   0.0   0.0   8.0  30.6   17:45    SE
25  15.4  16.4   13:47  13.4   23:54   2.9   0.0   0.0  10.0  38.6   21:15    SE
26  13.8  19.3   13:35  10.2   23:58   4.9   0.0   0.0   1.9  17.7   15:14   SSW
27  12.4  19.3   10:55   8.6    1:43   5.8   0.0   1.4   0.8  19.3   15:19   NNE
28  11.1  14.1   11:56   7.7   23:59   7.4   0.0   5.4   2.7  29.0   23:56   NNE
29   6.0   7.7    0:01   3.9    6:51  13.1   0.0   0.6  14.5  48.3   21:29   NNE
30   6.6   8.9   14:32   4.4    0:13  11.7   0.0   0.0  11.6  51.5   11:16   NNE
-------------------------------------------------------------------------------------
    12.8  22.8     3     3.9    29   168.8   3.0   7.4   5.3  51.5    30      SE

Max >=  32.0:  0
Max <=   0.0:  0
Min <=   0.0:  0
Min <= -18.0:  0
Max Rain: 5.41 ON 28/11/16
Days of Rain: 3 (> .2 mm) 1 (> 2 mm) 0 (> 20 mm)
Heat Base:  18.3  Cool Base:  18.3  Method: Integration