Dati Stazione Meteo - Stile NOAA

Seleziona il Report di un Mese o un Anno
2019: Gen Feb Mar Apr Mag Giu Lug Ago Set Ott Nov Dic
2018: Gen Feb Mar Apr Mag Giu Lug Ago Set Ott Nov Dic
2017: Gen Feb Mar Apr Mag Giu Lug Ago Set Ott Nov Dic
2016: Gen Feb Mar Apr Mag Giu Lug Ago Set Ott Nov Dic
2015: Gen Feb Mar Apr Mag Giu Lug Ago Set Ott Nov Dic
2014: Gen Feb Mar Apr Mag Giu Lug Ago Set Ott Nov Dic
2013: Gen Feb Mar Apr Mag Giu Lug Ago Set Ott Nov Dic

Report for 2016 Dicembre
                   MONTHLY CLIMATOLOGICAL SUMMARY for DEC. 2016

NAME: Davis Vantage Vue   CITY: Acquaviva delle Fonti   STATE: Italia 
ELEV:   305 m  LAT:  40° 53' 26" N  LONG:  16° 50' 43" E

                   TEMPERATURE (°C), RAIN  (mm), WIND SPEED (km/hr)

                                      HEAT  COOL        AVG
    MEAN                              DEG   DEG         WIND                 DOM
DAY TEMP  HIGH   TIME   LOW    TIME   DAYS  DAYS  RAIN  SPEED HIGH   TIME    DIR
------------------------------------------------------------------------------------
 1   7.7  12.6   13:26   3.6   23:46  10.7   0.0   0.0   2.4  17.7   10:52   NNE
 2  10.0  16.6   13:27   3.3    0:33   8.6   0.0   0.0   3.1  24.1   10:50    SW
 3   9.9  15.8   14:52   4.9    7:46   8.4   0.0   0.0   1.4  14.5   12:31    SE
 4   8.7  13.6   12:49   4.2    6:52   9.5   0.0   0.0   1.3  16.1   14:02   NNE
 5   8.7  15.2   12:05   4.4   23:53  10.0   0.0   0.4   1.3  14.5   14:30    SW
 6   8.6  12.3   11:17   4.2    6:52   9.7   0.0   0.2   1.6  16.1   12:34   NNE
 7   9.7  13.5   13:53   6.6   00:00   8.6   0.0   0.0   3.4  24.1   14:24   NNE
 8   7.9  12.5   13:46   3.2   23:33  10.4   0.0   0.0   2.3  17.7   12:45   NNE
 9   7.1  12.8   11:14   2.5    5:35  11.2   0.0   0.0   1.9  12.9   12:29    SW
10   8.2  12.8   13:20   5.3   21:28  10.6   0.0   0.4   2.3  19.3   12:18   NNE
11   7.9  13.9   12:34   2.8    5:54  10.5   0.0   0.2   1.8  11.3   15:02    SW
12   9.1  12.8   11:54   5.8    1:41   9.2   0.0   2.0   2.9  32.2   15:52   NNE
13   8.0  11.6   12:27   4.5   21:43  10.7   0.0   0.2   4.7  38.6   11:20   NNE
14   6.6  13.3   15:09   2.2    7:12  11.8   0.0   0.0   1.4   9.7    1:39    SW
15   7.2  12.0   10:50   3.4    2:13  11.2   0.0   0.0   2.3  22.5   14:44    SW
16   6.5   9.3   10:38   4.6   23:46  11.8   0.0   0.0   2.9  19.3   13:05   NNE
17   5.9   9.2   12:56   3.6    7:40  12.6   0.0   0.0   4.2  29.0   12:18   NNE
18   5.6  12.3   15:39   0.5   23:02  13.8   0.0   0.0   1.6   9.7    0:49   WSW
19   6.4  12.6   12:50  -0.3    4:19  12.4   0.0   0.0   2.9  29.0   13:09    SE
20  10.9  12.6   12:04   9.7    1:21   7.6   0.0   1.4   6.3  29.0    4:36    SE
21   9.1  12.8   13:50   5.7   23:45   9.4   0.0   0.2   2.3  25.7   10:43   NNE
22   7.7  11.8   13:21   5.1    6:01  11.1   0.0   0.0   2.7  27.4   14:14   NNE
23   8.6  12.9   14:08   5.7    0:12  10.4   0.0   0.0   3.5  25.7   14:12   NNE
24   9.3  14.2   14:19   5.7    6:59   9.0   0.0   0.0   2.1  19.3   11:30   NNE
25   7.8  12.1   13:34   2.9    5:17  11.0   0.0   0.0   1.9  19.3   13:52   NNE
26   9.6  14.6   14:09   6.5    6:43   9.8   0.0   0.0   2.4  19.3   10:59    SW
27  11.1  15.2   11:23   6.8   00:00   7.2   0.0   5.6   5.3  32.2   21:34   NNE
28   7.6  10.8   12:04   5.4   23:59  10.8   0.0   2.8  11.1  43.5   14:10   NNE
29   4.8   6.2   13:35   3.4   23:53  13.5   0.0   0.0  14.8  56.3    5:07   NNE
30   3.1   5.3   12:57   1.1   23:43  15.2   0.0   0.4   5.0  41.8   11:33   NNE
31   4.4   8.9   13:58   0.5    1:10  14.0   0.0   0.0   4.2  32.2   13:41   NNE
-------------------------------------------------------------------------------------
     7.9  16.6     2    -0.3    19   330.6   0.0  13.8   3.5  56.3    29     NNE

Max >=  32.0:  0
Max <=   0.0:  0
Min <=   0.0:  1
Min <= -18.0:  0
Max Rain: 5.59 ON 27/12/16
Days of Rain: 11 (> .2 mm) 3 (> 2 mm) 0 (> 20 mm)
Heat Base:  18.3  Cool Base:  18.3  Method: Integration