Dati Stazione Meteo - Stile NOAA

Seleziona il Report di un Mese o un Anno
2019: Gen Feb Mar Apr Mag Giu Lug Ago Set Ott Nov Dic
2018: Gen Feb Mar Apr Mag Giu Lug Ago Set Ott Nov Dic
2017: Gen Feb Mar Apr Mag Giu Lug Ago Set Ott Nov Dic
2016: Gen Feb Mar Apr Mag Giu Lug Ago Set Ott Nov Dic
2015: Gen Feb Mar Apr Mag Giu Lug Ago Set Ott Nov Dic
2014: Gen Feb Mar Apr Mag Giu Lug Ago Set Ott Nov Dic
2013: Gen Feb Mar Apr Mag Giu Lug Ago Set Ott Nov Dic

Report for 2017
                            ANNUAL CLIMATOLOGICAL SUMMARY

NAME: Davis Vantage Vue  CITY: Acquaviva delle Fonti   STATE: Italia  
ELEV:   305 m  LAT:  40° 53' 26" N  LONG:  16° 50' 43" E

               TEMPERATURE (°C), HEAT BASE 18.3, COOL BASE 18.3
                          DEP.  HEAT  COOL                                          
        MEAN  MEAN        FROM  DEG   DEG                        MAX  MAX  MIN  MIN 
 YR MO  MAX   MIN   MEAN  NORM  DAYS  DAYS  HI  DATE  LOW  DATE  >=32 <=0  <=0  <=-18 
------------------------------------------------------------------------------------
 17  1   8.4   1.6   4.8   0.0   419     0  14.2  31  -5.3   10    0    2    8    0
 17  2  14.4   5.9   9.8   0.0   238     0  18.6  22   2.9   17    0    0    0    0
 17  3  17.1   7.8  12.1   0.0   198     6  23.1  23   4.2   13    0    0    0    0
 17  4  18.3   8.9  13.2   0.0   162     9  25.6  14   3.5   22    0    0    0    0
 17  5  23.7  13.1  18.4   0.0    52    55  30.2  12   8.3    1    0    0    0    0
 17  6  30.4  18.9  24.8   0.0     2   197  38.2  25  15.6    9    9    0    0    0
 17  7  32.1  20.8  26.7   0.0     0   263  39.3  22  17.4   26   18    0    0    0
 17  8  33.0  21.1  27.1   0.0     1   276  40.3   9  15.7   24   19    0    0    0
 17  9  25.9  15.4  20.2   0.0    29    85  34.9   1  10.3   22    3    0    0    0
 17 10  21.8  11.4  16.2   0.0    90    27  27.3  18   7.5   29    0    0    0    0
 17 11  15.9   7.9  11.6   0.0   194     0  21.3   2   2.7   21    0    0    0    0
 17 12  11.9   4.5   7.9   0.0   323     0  17.7  12   0.7   19    0    0    0    0
------------------------------------------------------------------------------------
        21.1  11.5  16.1   0.0  1707   918  40.3 AUG  -5.3  JAN   49    2    8    0

                                PRECIPITATION (mm)

               DEP.   MAX        DAYS OF RAIN 
               FROM   OBS.          OVER
 YR MO  TOTAL  NORM   DAY  DATE  .2   2   20
---------------------------------------------
 17  1  96.0    0.0  33.4   18   16    7    1
 17  2  33.8    0.0  22.0   25   12    5    1
 17  3  23.6    0.0  10.2    7    4    3    0
 17  4  25.4    0.0   9.0    3   10    4    0
 17  5  43.0    0.0  15.6    8    6    5    0
 17  6  34.8    0.0  33.2    2    2    1    1
 17  7   3.0    0.0   2.2   14    2    1    0
 17  8  14.0    0.0   8.8   12    2    2    0
 17  9  44.6    0.0  27.6   11   10    4    1
 17 10  31.6    0.0  13.6   23   10    3    0
 17 11 109.6    0.0  27.4    6   14    9    3
 17 12  38.0    0.0  11.2    2   17    6    0
---------------------------------------------
       497.5   0.0  33.4  JAN  105   50    7

                                WIND SPEED (km/hr)
                          DOM
 YR MO   AVG.  HI   DATE  DIR
---------------------------------
 17  1   3.9  45.1    6   NNE
 17  2   4.2  46.7   24   NNE
 17  3   6.1  56.3    4   NNE
 17  4   6.1  43.5   25   NNE
 17  5   5.6  56.3   11   NNE
 17  6   4.9  46.7   18   NNE
 17  7   5.5  48.3   17   NNE
 17  8   5.2  51.5   12   NNE
 17  9   4.8  49.9   10   NNE
 17 10   4.5  54.7   23   NNE
 17 11   3.9  43.5   27   NNE
 17 12   4.7  46.7   15   NNE
---------------------------------
         5.0  56.3  MAR  NNE