Dati Stazione Meteo - Stile NOAA

Seleziona il Report di un Mese o un Anno
2019: Gen Feb Mar Apr Mag Giu Lug Ago Set Ott Nov Dic
2018: Gen Feb Mar Apr Mag Giu Lug Ago Set Ott Nov Dic
2017: Gen Feb Mar Apr Mag Giu Lug Ago Set Ott Nov Dic
2016: Gen Feb Mar Apr Mag Giu Lug Ago Set Ott Nov Dic
2015: Gen Feb Mar Apr Mag Giu Lug Ago Set Ott Nov Dic
2014: Gen Feb Mar Apr Mag Giu Lug Ago Set Ott Nov Dic
2013: Gen Feb Mar Apr Mag Giu Lug Ago Set Ott Nov Dic

Report for 2017 Gennaio
                   MONTHLY CLIMATOLOGICAL SUMMARY for JAN. 2017

NAME: Davis Vantage Vue   CITY: Acquaviva delle Fonti   STATE: Italia 
ELEV:   305 m  LAT:  40° 53' 26" N  LONG:  16° 50' 43" E

                   TEMPERATURE (°C), RAIN  (mm), WIND SPEED (km/hr)

                                      HEAT  COOL        AVG
    MEAN                              DEG   DEG         WIND                 DOM
DAY TEMP  HIGH   TIME   LOW    TIME   DAYS  DAYS  RAIN  SPEED HIGH   TIME    DIR
------------------------------------------------------------------------------------
 1   6.4  12.9   15:36   3.0   20:48  11.9   0.0   0.0   1.6  14.5    2:59    SW
 2   7.2  13.4   14:48   2.2    5:08  11.2   0.0   0.0   2.4  16.1   22:33    SW
 3   8.4  12.1   12:11   6.1    0:01   9.9   0.0   1.0   4.5  19.3    8:17   SSW
 4   6.3   9.9   12:24   3.7    7:28  12.0   0.0   0.2   2.7  17.7    1:24   WSW
 5   4.7   7.0    3:39   0.9   00:00  13.6   0.0  11.2   9.0  38.6   16:40   NNE
 6  -1.2   0.9    0:01  -2.8   23:02  19.5   0.0   0.0   8.4  45.1   11:30   NNE
 7  -3.4  -2.7    1:07  -4.8   17:22  21.7   0.0   0.0  10.5  40.2   16:29   NNE
 8  -0.7   1.6   12:44  -2.8    0:17  19.0   0.0   0.0   8.7  33.8   10:56   NNE
 9   0.5   2.9   10:39  -2.4    4:16  18.0   0.0   0.6   6.8  33.8   11:26   NNE
10  -1.6  -0.1   14:29  -5.3   23:21  19.8   0.0   0.4   2.4  20.9    3:54   NNE
11  -1.2   2.6   13:15  -4.9    0:01  19.5   0.0   0.4   3.4  27.4   13:20   WSW
12   2.2   9.0   14:44  -4.4    4:32  16.1   0.0   0.8   2.7  19.3   23:51    SE
13   7.6  10.7   16:47   4.3    0:01  10.7   0.0   0.2   9.7  37.0   18:01    SE
14   5.1   7.9   12:50   2.2   23:46  13.2   0.0   0.0   5.5  32.2   13:38    SW
15   3.7   7.7   12:43  -0.2    7:29  14.6   0.0  12.2   2.4  25.7   15:42    NE
16   4.4   9.5   12:00   1.8   23:46  14.0   0.0   6.4   2.6  22.5   10:23   NNE
17   4.7  10.2   12:28   0.7    6:30  13.9   0.0   6.2   3.2  22.5   11:37    NE
18   5.6   9.5   13:21   2.2    6:47  12.7   0.0  33.4   3.2  29.0    1:08   NNE
19   5.3   8.8   14:19   2.8    7:55  13.0   0.0  14.8   3.5  25.7    9:31   NNE
20   6.1   7.5   12:53   4.7    0:01  12.2   0.0   6.2   1.8  12.9   14:22   NNE
21   7.2   9.2   13:41   4.6    4:49  11.1   0.0   0.0   1.3  16.1   11:35   NNE
22   9.0  13.1   13:39   6.2    6:56   9.3   0.0   0.4   1.0  16.1   14:13    NE
23   9.3  12.3   12:42   6.4    3:32   9.1   0.0   0.0   3.4  24.1   12:18    NE
24   8.1   9.6   12:22   5.9    7:28  10.8   0.0   1.6   3.7  22.5    0:50   NNE
25   7.3   9.5   13:45   5.5   23:36  11.0   0.0   0.0   3.2  22.5   15:39   NNE
26   6.3   9.8   12:35   4.4    7:01  12.0   0.0   0.0   2.9  22.5   12:43   NNE
27   5.5   9.6   11:59   0.5   22:59  12.8   0.0   0.0   1.6  16.1   13:32   NNE
28   5.3  11.4   13:05   0.1    2:28  13.0   0.0   0.0   0.5  11.3   11:24    SE
29   7.1  10.1   13:56   4.6    6:32  11.3   0.0   0.0   2.9  25.7   13:29   NNE
30   6.7  11.4   13:29   2.3   23:13  11.8   0.0   0.0   1.8  16.1   15:47   NNE
31   7.6  14.2   14:47   2.2    7:07  10.8   0.0   0.0   3.4  17.7   12:34    SE
-------------------------------------------------------------------------------------
     4.8  14.2    31    -5.3    10   419.4   0.0  96.0   3.9  45.1     6     NNE

Max >=  32.0:  0
Max <=   0.0:  2
Min <=   0.0:  8
Min <= -18.0:  0
Max Rain: 33.40 ON 18/01/17
Days of Rain: 16 (> .2 mm) 7 (> 2 mm) 1 (> 20 mm)
Heat Base:  18.3  Cool Base:  18.3  Method: Integration