Dati Stazione Meteo - Stile NOAA

Seleziona il Report di un Mese o un Anno
2019: Gen Feb Mar Apr Mag Giu Lug Ago Set Ott Nov Dic
2018: Gen Feb Mar Apr Mag Giu Lug Ago Set Ott Nov Dic
2017: Gen Feb Mar Apr Mag Giu Lug Ago Set Ott Nov Dic
2016: Gen Feb Mar Apr Mag Giu Lug Ago Set Ott Nov Dic
2015: Gen Feb Mar Apr Mag Giu Lug Ago Set Ott Nov Dic
2014: Gen Feb Mar Apr Mag Giu Lug Ago Set Ott Nov Dic
2013: Gen Feb Mar Apr Mag Giu Lug Ago Set Ott Nov Dic

Report for 2017 Febbraio
                   MONTHLY CLIMATOLOGICAL SUMMARY for FEB. 2017

NAME: Davis Vantage Vue   CITY: Acquaviva delle Fonti   STATE: Italia 
ELEV:   305 m  LAT:  40° 53' 26" N  LONG:  16° 50' 43" E

                   TEMPERATURE (°C), RAIN  (mm), WIND SPEED (km/hr)

                                      HEAT  COOL        AVG
    MEAN                              DEG   DEG         WIND                 DOM
DAY TEMP  HIGH   TIME   LOW    TIME   DAYS  DAYS  RAIN  SPEED HIGH   TIME    DIR
------------------------------------------------------------------------------------
 1   9.7  15.4   13:54   5.4    6:21   8.7   0.0   0.2   4.8  19.3    9:36    SE
 2  10.6  14.8   13:48   7.8    7:18   7.8   0.0   0.2   4.5  20.9   11:15    SE
 3  10.8  15.9   14:08   7.3    6:52   7.6   0.0   0.0   5.3  25.7   13:01    SE
 4  13.1  17.9   13:35   8.0    0:18   5.2   0.0   0.0   6.8  32.2    9:45    SE
 5  14.1  17.9   12:42  10.9    7:39   4.2   0.0   0.0   6.3  32.2   19:59    SE
 6  10.6  12.6    0:01   7.6   23:02   7.8   0.0   0.2   9.3  35.4    5:44    SE
 7   8.4  13.0   14:04   3.8    4:16   9.9   0.0   0.8   4.0  25.7   12:36   NNE
 8   7.3  11.7   12:19   4.2    5:35  11.0   0.0   0.0   2.6  22.5   13:02   NNE
 9   8.7  13.8   12:36   5.6    6:53   9.7   0.0   3.4   2.4  27.4   23:55    NE
10   9.8  13.0   12:47   6.0   23:33   8.5   0.0   0.6   3.9  22.5    0:31    NE
11   8.4  14.6   13:12   3.8    5:41   9.9   0.0   0.2   1.8  14.5   13:51   NNE
12   9.1  11.8   13:26   4.4    0:23   9.4   0.0   0.0   1.9  16.1   14:44   NNE
13   9.2  11.8   11:09   7.9    2:16   9.1   0.0   0.0   3.4  25.7   12:10   NNE
14   8.4  11.6   13:49   5.3   22:17   9.9   0.0   2.0   3.4  27.4   13:58   NNE
15   7.4  12.0   13:48   3.3    6:24  10.9   0.0   0.0   3.5  22.5   12:01   NNE
16   9.6  16.6   13:50   4.9    6:40   8.7   0.0   0.0   2.3  16.1   15:37   NNE
17   9.1  15.9   13:57   2.9    5:09   9.2   0.0   0.0   1.9  20.9   14:50   NNE
18   9.6  14.0   10:59   6.4   21:00   8.7   0.0   2.0   4.7  22.5    8:49   NNE
19   7.4  11.1   12:17   4.4   21:22  10.9   0.0   0.0   3.9  25.7   10:51   NNE
20   6.9  12.0   13:35   3.1    2:25  11.6   0.0   0.0   3.2  20.9   13:35   NNE
21   8.6  14.3   15:11   3.2    6:54   9.7   0.0   0.0   2.3  17.7   12:36   NNE
22  10.9  18.6   14:24   5.1    2:12   7.4   0.0   0.0   2.7  20.9   15:49   SSW
23  11.0  17.7   14:15   6.2    1:41   7.3   0.0   0.0   3.7  22.5   19:33    SE
24  11.7  15.5   11:58   7.3    5:17   6.6   0.0   0.0  10.0  46.7   18:05    SE
25  11.4  13.8    9:53   8.4   17:24   6.8   0.0  22.0   7.4  33.8    5:46    SE
26   8.8   9.8   14:15   7.7    6:10   9.5   0.0   2.0   2.4  22.5    0:24   NNE
27  12.4  18.4   13:15   8.1    0:45   5.8   0.0   0.2   3.7  29.0   14:55    SE
28  12.6  18.4   11:50   7.0    5:06   5.7   0.0   0.0   4.5  25.7   14:06    SE
-------------------------------------------------------------------------------------
     9.8  18.6    22     2.9    17   237.5   0.0  33.8   4.2  46.7    24     NNE

Max >=  32.0:  0
Max <=   0.0:  0
Min <=   0.0:  0
Min <= -18.0:  0
Max Rain: 22.00 ON 25/02/17
Days of Rain: 12 (> .2 mm) 5 (> 2 mm) 1 (> 20 mm)
Heat Base:  18.3  Cool Base:  18.3  Method: Integration