Dati Stazione Meteo - Stile NOAA

Seleziona il Report di un Mese o un Anno
2019: Gen Feb Mar Apr Mag Giu Lug Ago Set Ott Nov Dic
2018: Gen Feb Mar Apr Mag Giu Lug Ago Set Ott Nov Dic
2017: Gen Feb Mar Apr Mag Giu Lug Ago Set Ott Nov Dic
2016: Gen Feb Mar Apr Mag Giu Lug Ago Set Ott Nov Dic
2015: Gen Feb Mar Apr Mag Giu Lug Ago Set Ott Nov Dic
2014: Gen Feb Mar Apr Mag Giu Lug Ago Set Ott Nov Dic
2013: Gen Feb Mar Apr Mag Giu Lug Ago Set Ott Nov Dic

Report for 2017 Marzo
                   MONTHLY CLIMATOLOGICAL SUMMARY for MAR. 2017

NAME: Davis Vantage Vue   CITY: Acquaviva delle Fonti   STATE: Italia 
ELEV:   305 m  LAT:  40° 53' 26" N  LONG:  16° 50' 43" E

                   TEMPERATURE (°C), RAIN  (mm), WIND SPEED (km/hr)

                                      HEAT  COOL        AVG
    MEAN                              DEG   DEG         WIND                 DOM
DAY TEMP  HIGH   TIME   LOW    TIME   DAYS  DAYS  RAIN  SPEED HIGH   TIME    DIR
------------------------------------------------------------------------------------
 1  10.8  16.8   12:47   7.1   23:58   7.5   0.0   0.2   5.0  37.0   11:41   NNE
 2  11.4  18.4   13:38   5.1    6:25   6.9   0.0   0.0   2.7  22.5   14:11    SW
 3  11.4  17.3   14:03   6.6    6:28   6.9   0.0   0.0   2.9  19.3   16:08   NNE
 4  11.9  15.3   14:13   8.9    1:56   6.4   0.0   0.0  12.7  56.3   13:32    SE
 5  12.4  15.4   12:55  10.0   00:00   5.9   0.0   0.0   9.5  43.5   12:15    SE
 6  12.6  17.6   14:35   7.6    4:52   5.7   0.0   0.0   8.9  32.2    9:49    SW
 7  10.2  15.0   12:39   7.8    5:03   8.1   0.0  10.2   5.8  45.1    4:10    SE
 8  10.1  12.8   14:32   7.7    0:57   8.4   0.0   7.2  11.6  48.3   13:58   NNE
 9  10.6  15.2   13:08   7.2    5:31   7.7   0.0   0.0   8.2  33.8   13:48   NNE
10  11.3  15.3   11:11   8.4    0:01   7.1   0.0   0.0  10.9  48.3   12:46   NNE
11   9.9  12.1   13:53   7.7   23:59   8.3   0.0   0.0  15.3  49.9    9:26   NNE
12   8.4  12.3   13:57   5.2    6:34   9.9   0.0   0.0   7.4  38.6   13:22   NNE
13   7.8  11.8   13:17   4.2    4:30  10.5   0.0   0.0   5.0  30.6   12:56   NNE
14   8.4  12.8   13:11   4.7    2:51   9.8   0.0   0.0   6.0  35.4   13:25   NNE
15   9.3  13.3   12:35   6.3    2:56   9.0   0.0   0.0   4.3  29.0   13:26   NNE
16  10.1  14.7   13:23   5.9    6:05   8.2   0.0   0.0   6.0  33.8   10:49   NNE
17  12.6  18.8   14:44   7.6    0:37   5.7   0.0   0.0   4.2  27.4   14:24   NNE
18  15.1  22.0   13:51   9.1    2:10   3.9   0.6   0.0   8.5  32.2   20:53    SW
19  15.4  21.2   11:56  10.6    5:48   3.4   0.5   0.0   4.5  27.4    3:06   NNE
20  15.2  22.1   13:07  10.0    1:34   3.9   0.7   0.0   2.6  20.9   13:55   NNE
21  13.4  18.7   11:22   9.0    5:43   4.8   0.0   0.0   2.7  25.7   12:28    SE
22  14.9  22.0   13:09   9.3    0:13   4.6   0.7   0.0   5.5  24.1    9:53    SE
23  15.6  23.1   12:15  10.0    6:15   3.7   0.9   0.0   2.6  25.7   12:54   NNE
24  14.6  21.0   13:24   8.0    4:13   4.2   0.5   0.0   2.9  19.3   13:11   NNE
25  14.9  22.1   14:57   7.8    5:37   4.1   0.7   0.0   3.4  19.3   12:58   NNE
26  14.4  18.9   12:28  10.3    4:58   3.7   0.0   0.0   6.3  33.8   12:42   NNE
27  10.1  11.8   13:10   8.3   11:46   8.4   0.0   6.0   3.9  25.7    7:39   NNE
28  10.5  14.9   15:09   5.3    5:22   7.8   0.0   0.0   5.6  32.2   15:42   NNE
29  12.0  17.6   14:38   6.2    6:25   6.3   0.0   0.0   4.5  25.7   14:50   NNE
30  15.2  20.1   14:22  10.2    0:39   3.4   0.3   0.0   5.1  29.0   14:52   NNE
31  15.6  20.6   14:40  11.3    6:17   3.2   0.5   0.0   3.7  29.0   14:05   NNE
-------------------------------------------------------------------------------------
    12.1  23.1    23     4.2    13   197.9   5.6  23.6   6.1  56.3     4     NNE

Max >=  32.0:  0
Max <=   0.0:  0
Min <=   0.0:  0
Min <= -18.0:  0
Max Rain: 10.21 ON 07/03/17
Days of Rain: 4 (> .2 mm) 3 (> 2 mm) 0 (> 20 mm)
Heat Base:  18.3  Cool Base:  18.3  Method: Integration