Dati Stazione Meteo - Stile NOAA

Seleziona il Report di un Mese o un Anno
2019: Gen Feb Mar Apr Mag Giu Lug Ago Set Ott Nov Dic
2018: Gen Feb Mar Apr Mag Giu Lug Ago Set Ott Nov Dic
2017: Gen Feb Mar Apr Mag Giu Lug Ago Set Ott Nov Dic
2016: Gen Feb Mar Apr Mag Giu Lug Ago Set Ott Nov Dic
2015: Gen Feb Mar Apr Mag Giu Lug Ago Set Ott Nov Dic
2014: Gen Feb Mar Apr Mag Giu Lug Ago Set Ott Nov Dic
2013: Gen Feb Mar Apr Mag Giu Lug Ago Set Ott Nov Dic

Report for 2017 Luglio
                   MONTHLY CLIMATOLOGICAL SUMMARY for JUL. 2017

NAME: Davis Vantage Vue   CITY: Acquaviva delle Fonti   STATE: Italia 
ELEV:   305 m  LAT:  40° 53' 26" N  LONG:  16° 50' 43" E

                   TEMPERATURE (°C), RAIN  (mm), WIND SPEED (km/hr)

                                      HEAT  COOL        AVG
    MEAN                              DEG   DEG         WIND                 DOM
DAY TEMP  HIGH   TIME   LOW    TIME   DAYS  DAYS  RAIN  SPEED HIGH   TIME    DIR
------------------------------------------------------------------------------------
 1  24.6  30.2   13:26  21.1   23:58   0.0   6.4   0.0   6.4  30.6   13:38   NNE
 2  22.8  27.1   14:51  19.1    5:33   0.0   4.6   0.8   5.5  38.6   16:22   NNE
 3  22.4  25.8   15:50  18.9    2:35   0.0   4.1   0.0  11.1  38.6    9:33   NNE
 4  22.7  26.1   14:36  19.1    5:34   0.0   4.5   0.0   8.4  35.4   12:14   NNE
 5  24.6  29.6   16:47  18.8    1:47   0.0   6.4   0.0   4.8  33.8   14:41   NNE
 6  26.3  32.3   15:06  18.3    2:42   0.0   8.2   0.0   4.2  24.1   13:23   NNE
 7  27.9  34.1   14:06  18.9    5:42   0.0   9.6   0.0   3.5  29.0   16:01   NNE
 8  29.4  34.8   14:00  22.7    5:47   0.0  11.1   0.0   4.2  25.7   13:35   NNE
 9  29.5  34.7   13:37  21.4    4:58   0.0  11.2   0.0   3.5  27.4   14:46   NNE
10  30.9  38.2   13:32  23.6    6:29   0.0  12.6   0.0   4.8  30.6   14:39    SE
11  30.6  38.7   12:36  21.6    5:55   0.0  12.3   0.0   3.5  29.0   16:00   NNE
12  30.4  36.1   14:02  23.2    1:44   0.0  12.1   0.0   4.0  24.1   12:21   NNE
13  28.4  33.3   14:13  24.0    2:10   0.0  10.1   0.0   6.3  30.6   14:45   NNE
14  26.2  32.2   13:13  21.8   23:54   0.0   7.9   2.2   5.3  32.2   14:47   NNE
15  24.8  29.6   12:29  20.2    5:34   0.0   6.6   0.0   6.3  30.6   14:58   NNE
16  23.5  25.3   14:16  21.7    6:23   0.0   5.2   0.0  12.1  45.1   13:39   NNE
17  22.8  25.8   16:15  19.5    4:13   0.0   4.5   0.0  10.9  48.3   10:02   NNE
18  23.5  28.1   15:04  19.2    6:06   0.0   5.3   0.0   5.1  30.6   13:27   NNE
19  26.1  32.0   15:02  19.4    2:41   0.0   7.9   0.0   3.7  27.4   16:44   NNE
20  26.9  32.4   14:29  20.1    6:27   0.0   8.6   0.0   3.9  25.7   13:39   NNE
21  29.3  35.4   14:53  21.8    5:45   0.0  11.2   0.0   3.4  24.1   13:16   NNE
22  31.4  39.3   13:29  25.3    5:43   0.0  13.1   0.0   3.9  30.6   16:10    SE
23  29.1  33.2   14:45  23.8    6:26   0.0  10.8   0.0   4.2  24.1   10:54   NNE
24  29.6  36.4   12:02  23.2    3:45   0.0  11.3   0.0   8.5  45.1   17:10    SW
25  25.7  30.6   12:50  19.3   00:00   0.0   7.4   0.0   6.6  33.8    9:24   NNE
26  22.9  29.2   12:34  17.4    4:01   0.0   4.6   0.0   4.0  29.0   16:52   NNE
27  24.2  28.4   14:51  19.6    1:51   0.0   6.0   0.0   5.3  30.6   16:53   NNE
28  26.3  31.4   13:56  19.1    6:30   0.0   8.1   0.0   4.3  27.4   14:07   NNE
29  27.7  34.7   16:29  19.6    5:59   0.0   9.4   0.0   4.2  30.6   13:07   NNE
30  29.4  37.0   14:29  21.6    6:14   0.0  11.1   0.0   3.1  32.2   15:41    SE
31  29.1  34.1   12:40  22.1    5:55   0.0  10.7   0.0   4.5  27.4   13:44   NNE
-------------------------------------------------------------------------------------
    26.7  39.3    22    17.4    26     0.0 262.8   3.0   5.5  48.3    17     NNE

Max >=  32.0: 18
Max <=   0.0:  0
Min <=   0.0:  0
Min <= -18.0:  0
Max Rain: 2.21 ON 14/07/17
Days of Rain: 2 (> .2 mm) 1 (> 2 mm) 0 (> 20 mm)
Heat Base:  18.3  Cool Base:  18.3  Method: Integration