Dati Stazione Meteo - Stile NOAA

Seleziona il Report di un Mese o un Anno
2019: Gen Feb Mar Apr Mag Giu Lug Ago Set Ott Nov Dic
2018: Gen Feb Mar Apr Mag Giu Lug Ago Set Ott Nov Dic
2017: Gen Feb Mar Apr Mag Giu Lug Ago Set Ott Nov Dic
2016: Gen Feb Mar Apr Mag Giu Lug Ago Set Ott Nov Dic
2015: Gen Feb Mar Apr Mag Giu Lug Ago Set Ott Nov Dic
2014: Gen Feb Mar Apr Mag Giu Lug Ago Set Ott Nov Dic
2013: Gen Feb Mar Apr Mag Giu Lug Ago Set Ott Nov Dic

Report for 2017 Agosto
                   MONTHLY CLIMATOLOGICAL SUMMARY for AUG. 2017

NAME: Davis Vantage Vue   CITY: Acquaviva delle Fonti   STATE: Italia 
ELEV:   305 m  LAT:  40° 53' 26" N  LONG:  16° 50' 43" E

                   TEMPERATURE (°C), RAIN  (mm), WIND SPEED (km/hr)

                                      HEAT  COOL        AVG
    MEAN                              DEG   DEG         WIND                 DOM
DAY TEMP  HIGH   TIME   LOW    TIME   DAYS  DAYS  RAIN  SPEED HIGH   TIME    DIR
------------------------------------------------------------------------------------
 1  28.8  33.8   14:10  24.1    6:02   0.0  10.8   0.0   5.5  30.6   15:43   NNE
 2  30.3  37.7   14:15  23.6    4:37   0.0  12.0   0.0   5.0  30.6   16:38   NNE
 3  32.1  38.2   13:10  25.8   23:46   0.0  13.8   0.0   5.0  30.6   14:04   NNE
 4  32.1  37.6   14:59  24.7    3:36   0.0  13.8   0.0   4.3  29.0   13:36   NNE
 5  32.9  39.9   13:29  25.7    5:05   0.0  14.6   0.0   3.7  24.1   14:44   NNE
 6  33.1  40.2   11:41  25.4    6:05   0.0  14.8   0.0   3.4  30.6   11:50   NNE
 7  29.1  34.1   12:40  24.6   23:55   0.0  10.8   0.0   6.0  32.2   14:10   NNE
 8  29.4  37.4   17:59  20.6    5:46   0.0  11.3   0.0   3.4  29.0   15:58   NNE
 9  32.8  40.3   15:09  24.8    5:29   0.0  14.5   0.0   4.2  22.5   17:32    SE
10  32.4  39.5   16:01  23.9    6:47   0.0  14.1   0.0   4.2  25.7   13:27   NNE
11  30.6  37.2   13:16  25.0   23:57   0.0  12.3   0.0   4.5  35.4   14:06   NNE
12  23.6  30.0   14:02  16.4   21:13   0.2   5.5   8.8   8.9  51.5   18:41   WSW
13  21.8  25.7   14:09  17.9    0:07   0.0   3.6   0.0   9.2  40.2   10:35   NNE
14  23.1  26.8   15:18  19.2    6:18   0.0   4.7   0.0   8.0  33.8   11:16   NNE
15  24.3  29.7   14:53  19.0    2:12   0.0   6.0   0.0   6.4  33.8   14:25   NNE
16  25.2  30.0   14:29  20.1    0:53   0.0   6.9   0.0   5.5  29.0   10:48   NNE
17  25.8  30.9   15:47  20.3    3:22   0.0   7.5   0.0   4.8  29.0   10:42   NNE
18  26.6  32.4   15:41  21.1    4:20   0.0   8.3   0.0   3.7  22.5   11:07   NNE
19  28.8  36.4   12:18  20.7    4:50   0.0  10.5   0.0   4.0  20.9   14:40    SE
20  27.9  34.7   13:44  22.7   00:00   0.0   9.6   5.2   5.6  33.8   16:28   NNE
21  23.1  26.1   13:34  20.2   23:57   0.0   4.8   0.0   9.2  43.5   14:18   NNE
22  21.4  24.9   14:48  17.2   23:57   0.0   3.2   0.0   7.7  37.0   14:01   NNE
23  21.5  26.8   12:21  16.7    6:10   0.4   3.6   0.0   4.7  24.1   12:40   NNE
24  23.7  31.1   15:34  15.7    6:03   0.3   5.8   0.0   2.7  17.7   13:47   NNE
25  25.9  32.4   15:30  18.1    4:14   0.0   7.6   0.0   3.2  22.5   13:41   NNE
26  25.8  32.2   14:35  20.0    3:50   0.0   7.7   0.0   4.0  22.5   14:12   NNE
27  26.8  32.6   12:52  20.3    4:52   0.0   8.6   0.0   3.9  25.7   15:04   NNE
28  27.5  33.2   12:53  22.1    2:51   0.0   9.2   0.0   4.3  27.4   13:51   NNE
29  25.4  29.3   12:34  21.5   23:58   0.0   7.3   0.0   7.6  35.4   12:01   NNE
30  23.8  29.3   13:50  19.5    4:36   0.0   5.6   0.0   3.9  25.7   15:13   NNE
31  25.5  33.5   13:33  18.7    6:07   0.0   7.2   0.0   4.5  22.5   14:09    SE
-------------------------------------------------------------------------------------
    27.1  40.3     9    15.7    24     1.0 275.7  14.0   5.2  51.5    12     NNE

Max >=  32.0: 19
Max <=   0.0:  0
Min <=   0.0:  0
Min <= -18.0:  0
Max Rain: 8.79 ON 12/08/17
Days of Rain: 2 (> .2 mm) 2 (> 2 mm) 0 (> 20 mm)
Heat Base:  18.3  Cool Base:  18.3  Method: Integration