Dati Stazione Meteo - Stile NOAA

Seleziona il Report di un Mese o un Anno
2019: Gen Feb Mar Apr Mag Giu Lug Ago Set Ott Nov Dic
2018: Gen Feb Mar Apr Mag Giu Lug Ago Set Ott Nov Dic
2017: Gen Feb Mar Apr Mag Giu Lug Ago Set Ott Nov Dic
2016: Gen Feb Mar Apr Mag Giu Lug Ago Set Ott Nov Dic
2015: Gen Feb Mar Apr Mag Giu Lug Ago Set Ott Nov Dic
2014: Gen Feb Mar Apr Mag Giu Lug Ago Set Ott Nov Dic
2013: Gen Feb Mar Apr Mag Giu Lug Ago Set Ott Nov Dic

Report for 2017 Settembre
                   MONTHLY CLIMATOLOGICAL SUMMARY for SEP. 2017

NAME: Davis Vantage Vue   CITY: Acquaviva delle Fonti   STATE: Italia 
ELEV:   305 m  LAT:  40° 53' 26" N  LONG:  16° 50' 43" E

                   TEMPERATURE (°C), RAIN  (mm), WIND SPEED (km/hr)

                                      HEAT  COOL        AVG
    MEAN                              DEG   DEG         WIND                 DOM
DAY TEMP  HIGH   TIME   LOW    TIME   DAYS  DAYS  RAIN  SPEED HIGH   TIME    DIR
------------------------------------------------------------------------------------
 1  25.7  34.9   13:36  19.9    6:09   0.0   7.3   0.6   3.1  25.7   18:30   SSW
 2  24.3  32.1   13:11  20.7   00:00   0.0   6.0   5.0   3.7  27.4   15:30    SW
 3  20.7  25.2   12:40  16.4   23:53   0.2   2.6   0.4   6.0  30.6   13:21   NNE
 4  18.8  24.8   13:33  14.0    6:05   1.2   1.7   0.2   3.7  24.1   13:50   NNE
 5  20.2  25.8   14:14  14.5    4:47   1.0   2.8   0.0   3.4  27.4   13:36   NNE
 6  22.4  28.4   13:37  14.6    5:56   0.4   4.5   0.0   3.4  22.5   14:25   NNE
 7  23.5  29.4   12:29  18.3    6:27   0.0   5.2   0.0   3.5  24.1   17:09   SSW
 8  22.6  27.4   12:54  18.9    6:33   0.0   4.3   1.6   2.9  27.4   14:34   NNE
 9  21.9  28.2   15:43  18.1    7:09   0.0   3.7   0.2   5.1  32.2   18:37    SW
10  22.4  27.7   14:01  15.8    5:13   0.4   4.5   0.0  10.9  49.9   16:16    SE
11  20.9  23.6    0:01  15.9   12:08   0.1   2.8  27.6  11.3  48.3    4:04    SE
12  22.7  28.1   16:06  18.0    7:08   0.0   4.4   0.0   8.9  37.0   23:51    SW
13  21.7  25.6   14:33  16.8   23:17   0.1   3.5   0.0   5.6  35.4    3:28   NNE
14  21.7  28.7   15:28  15.6    6:27   0.5   3.9   0.0   3.9  20.9   15:50    SE
15  22.0  28.9   14:24  16.4    6:50   0.3   4.0   0.0   3.7  25.7   14:47   NNE
16  23.5  29.6   15:07  19.2    5:16   0.0   5.2   0.0   9.7  33.8   10:47    SE
17  23.7  33.3   14:11  18.7   23:37   0.0   5.0   0.0   5.0  29.0   15:19   NNE
18  19.8  26.4   13:42  13.6    6:59   0.9   2.4   0.0   3.1  24.1   16:00   NNE
19  19.9  26.6   15:38  13.8    3:44   1.2   2.8   0.0   4.3  27.4   16:47    SW
20  16.7  20.7   12:55  13.3   23:40   1.9   0.2   0.2   5.6  27.4    4:31    SW
21  16.1  20.6   14:58  12.7    4:36   2.6   0.4   0.0   7.1  35.4   12:46   NNE
22  16.7  23.1   13:56  10.3    6:23   2.8   1.2   0.0   3.2  27.4   16:17   NNE
23  18.0  25.4   14:28  10.3    5:23   2.3   2.0   0.0   2.1  25.7   15:20    SW
24  18.4  25.5   15:02  14.0   23:46   1.4   1.6   0.0   3.1  22.5   13:51    SE
25  16.6  21.1   13:03  12.5    3:09   2.1   0.4   0.0   3.5  27.4   14:49   NNE
26  16.9  21.4   12:45  13.3    5:56   2.0   0.6   0.0   3.7  22.5   15:33   NNE
27  17.6  22.3   12:49  14.3    6:48   1.6   0.9   0.0   2.9  22.5   14:56   NNE
28  18.1  22.1   15:18  14.8    3:25   1.2   0.9   0.0   4.5  27.4   11:00   NNE
29  15.7  19.4   13:23  14.0    5:13   2.7   0.0   4.0   4.0  27.4   13:45   NNE
30  16.3  20.6   15:33  13.2    3:39   2.4   0.4   4.8   2.9  22.5    0:23   NNE
-------------------------------------------------------------------------------------
    20.2  34.9     1    10.3    22    29.2  85.3  44.6   4.8  49.9    10     NNE

Max >=  32.0:  3
Max <=   0.0:  0
Min <=   0.0:  0
Min <= -18.0:  0
Max Rain: 27.61 ON 11/09/17
Days of Rain: 10 (> .2 mm) 4 (> 2 mm) 1 (> 20 mm)
Heat Base:  18.3  Cool Base:  18.3  Method: Integration