Dati Stazione Meteo - Stile NOAA

Seleziona il Report di un Mese o un Anno
2019: Gen Feb Mar Apr Mag Giu Lug Ago Set Ott Nov Dic
2018: Gen Feb Mar Apr Mag Giu Lug Ago Set Ott Nov Dic
2017: Gen Feb Mar Apr Mag Giu Lug Ago Set Ott Nov Dic
2016: Gen Feb Mar Apr Mag Giu Lug Ago Set Ott Nov Dic
2015: Gen Feb Mar Apr Mag Giu Lug Ago Set Ott Nov Dic
2014: Gen Feb Mar Apr Mag Giu Lug Ago Set Ott Nov Dic
2013: Gen Feb Mar Apr Mag Giu Lug Ago Set Ott Nov Dic

Report for 2017 Ottobre
                   MONTHLY CLIMATOLOGICAL SUMMARY for OCT. 2017

NAME: Davis Vantage Vue   CITY: Acquaviva delle Fonti   STATE: Italia 
ELEV:   305 m  LAT:  40° 53' 26" N  LONG:  16° 50' 43" E

                   TEMPERATURE (°C), RAIN  (mm), WIND SPEED (km/hr)

                                      HEAT  COOL        AVG
    MEAN                              DEG   DEG         WIND                 DOM
DAY TEMP  HIGH   TIME   LOW    TIME   DAYS  DAYS  RAIN  SPEED HIGH   TIME    DIR
------------------------------------------------------------------------------------
 1  16.7  22.4   13:17  11.5    6:27   2.3   0.7   0.0   1.9  24.1   15:43   NNE
 2  16.6  22.0   11:43  12.9   23:59   2.1   0.4   0.0   1.1  20.9   14:31   NNE
 3  17.3  23.4   14:35  11.6    4:45   2.3   1.3   0.2   4.2  25.7   14:36    SE
 4  19.4  25.6   15:15  15.4    6:33   0.9   2.0   0.0   1.9  20.9   16:40    SW
 5  19.6  26.2   14:28  12.6    7:14   1.1   2.5   0.0   4.3  22.5   14:45     S
 6  21.0  26.4   13:32  15.9    3:56   0.2   3.0   0.0   7.1  35.4   14:38    SW
 7  13.7  19.6    0:01  10.7    5:58   4.6   0.0   5.8  13.0  46.7   10:15   NNE
 8  14.5  19.9   15:38  10.7    6:20   4.0   0.2   0.0   3.2  19.3    9:30   NNE
 9  15.4  21.0   13:55  10.6    5:39   3.4   0.5   0.0   2.3  19.3   16:16   NNE
10  17.4  23.4   16:26  12.4    7:01   2.0   1.1   0.0   3.4  19.3    9:45    SE
11  16.6  21.4   13:30  11.8   23:53   2.1   0.4   0.4   2.3  20.9   15:42   NNE
12  15.8  23.1   14:38  10.3    7:09   3.7   1.1   0.0   1.6  20.9   15:05    SW
13  16.4  21.6   13:33  12.3    5:24   2.4   0.5   0.0   3.7  24.1   11:50   NNE
14  16.4  21.4   13:38  12.7    7:18   2.5   0.6   0.2   4.0  27.4   14:37   NNE
15  17.5  23.6   15:24  13.2   23:56   1.9   1.1   0.0   2.9  20.9   13:51   NNE
16  16.7  23.7   13:34  10.5    3:38   2.8   1.3   0.2   2.4  17.7   14:06   NNE
17  17.3  24.8   13:35   9.4    6:23   2.8   1.9   0.0   1.8  14.5   14:00    SW
18  17.7  27.3   12:50  10.4    5:36   2.6   2.0   0.0   1.9  19.3   14:04    SW
19  17.2  25.7   15:12  11.3    3:31   2.5   1.4   0.0   1.8  20.9   15:40    SW
20  16.2  21.1   12:38  11.2    3:34   2.6   0.5   0.2   2.4  19.3   16:16   NNE
21  15.9  22.0   13:28  11.5    6:10   2.9   0.7   0.2   1.9  17.7   14:55   NNE
22  18.9  25.5   15:35  13.0    5:37   1.4   2.0   0.0   3.9  22.5   13:35    SW
23  14.1  17.6    0:01  10.2   16:24   4.2   0.0  13.6   9.3  54.7   22:58   NNE
24  12.7  14.3   10:47  10.8    7:58   5.4   0.0  10.2  17.2  49.9    0:05   NNE
25  14.9  17.7   13:22  12.0   23:23   3.2   0.0   0.0   9.7  40.2    1:02   NNE
26  14.5  19.0   13:19  10.6   23:16   3.7   0.1   0.0   4.3  24.1   13:03   NNE
27  17.3  25.0   14:54  10.8    0:01   2.5   1.6   0.0   3.2  24.1   22:20    SW
28  13.8  16.2   11:55   9.9   23:29   4.3   0.0   0.6   9.7  49.9   13:25   NNE
29  14.4  20.2   12:33   7.5    5:10   3.8   0.2   0.0   6.3  32.2   14:44    SW
30  14.4  18.6   13:56  10.5    1:41   3.7   0.0   0.0   2.4  22.5   14:38   NNE
31  12.3  15.5   12:20   7.9   22:07   5.6   0.0   0.0   4.3  29.0   12:38   NNE
-------------------------------------------------------------------------------------
    16.2  27.3    18     7.5    29    89.7  27.0  31.6   4.5  54.7    23     NNE

Max >=  32.0:  0
Max <=   0.0:  0
Min <=   0.0:  0
Min <= -18.0:  0
Max Rain: 13.59 ON 23/10/17
Days of Rain: 10 (> .2 mm) 3 (> 2 mm) 0 (> 20 mm)
Heat Base:  18.3  Cool Base:  18.3  Method: Integration