Dati Stazione Meteo - Stile NOAA

Seleziona il Report di un Mese o un Anno
2019: Gen Feb Mar Apr Mag Giu Lug Ago Set Ott Nov Dic
2018: Gen Feb Mar Apr Mag Giu Lug Ago Set Ott Nov Dic
2017: Gen Feb Mar Apr Mag Giu Lug Ago Set Ott Nov Dic
2016: Gen Feb Mar Apr Mag Giu Lug Ago Set Ott Nov Dic
2015: Gen Feb Mar Apr Mag Giu Lug Ago Set Ott Nov Dic
2014: Gen Feb Mar Apr Mag Giu Lug Ago Set Ott Nov Dic
2013: Gen Feb Mar Apr Mag Giu Lug Ago Set Ott Nov Dic

Report for 2017 Novembre
                   MONTHLY CLIMATOLOGICAL SUMMARY for NOV. 2017

NAME: Davis Vantage Vue   CITY: Acquaviva delle Fonti   STATE: Italia 
ELEV:   305 m  LAT:  40° 53' 26" N  LONG:  16° 50' 43" E

                   TEMPERATURE (°C), RAIN  (mm), WIND SPEED (km/hr)

                                      HEAT  COOL        AVG
    MEAN                              DEG   DEG         WIND                 DOM
DAY TEMP  HIGH   TIME   LOW    TIME   DAYS  DAYS  RAIN  SPEED HIGH   TIME    DIR
------------------------------------------------------------------------------------
 1  11.1  15.4   12:37   7.4    6:41   6.8   0.0   0.0   3.5  24.1   12:50   NNE
 2  12.9  21.3   15:21   5.5    6:26   5.6   0.3   0.0   2.4  16.1   18:37    SW
 3  13.9  18.4   13:23   9.6    3:39   4.1   0.0   0.0   2.9  19.3   13:27   NNE
 4  12.8  17.1   14:00   7.8   23:29   5.1   0.0   0.0   2.9  17.7   11:55   NNE
 5  13.0  17.9   12:35   8.1    0:01   5.1   0.0   0.0   7.1  32.2   12:08    SE
 6  14.7  15.7    8:15  13.7   10:08   3.5   0.0  27.4   8.4  33.8    7:25    SE
 7  12.9  17.8   14:07   8.7   23:27   5.1   0.0   2.0   2.9  25.7    0:55    SE
 8  11.8  17.1   12:55   8.7   21:41   6.1   0.0   0.0   2.9  19.3   12:01    SW
 9  12.2  17.8   14:08   7.1    5:05   5.8   0.0   0.0   1.6  14.5   14:35    SW
10  12.6  16.8   10:36   9.3    4:01   5.5   0.0   3.2   3.1  19.3   15:15    SE
11  12.0  15.5   12:37   8.9   23:59   6.0   0.0   0.0   1.4  14.5   14:16   NNE
12  13.2  17.5   13:44   7.8    2:07   4.9   0.0   0.4   6.3  32.2   13:49     S
13  14.4  19.1   11:09  10.1   21:40   3.7   0.0   0.8   5.1  32.2   15:08    SE
14  10.9  12.7   23:50  10.0    1:42   7.1   0.0  23.8   1.6  17.7   23:49   NNE
15  12.4  16.8   13:34  10.2   21:09   5.7   0.0  11.0   2.7  25.7   10:47    SE
16  11.9  15.0   11:12  10.6   23:13   6.0   0.0  23.6   2.4  24.1   10:55    NE
17  12.1  14.7   10:30  10.4    1:18   5.9   0.0   9.4   6.3  30.6   13:31   NNE
18  11.1  13.8   13:58   9.4   00:00   6.9   0.0   0.0   4.5  20.9    9:16   NNE
19  10.4  14.6   14:32   8.0   21:56   7.6   0.0   0.0   2.3  16.1    9:03   WSW
20   8.3  11.8   14:12   4.3   23:53   9.6   0.0   1.4   6.0  37.0   12:54   NNE
21   8.6  16.2   15:21   2.7    2:51   9.3   0.0   0.0   2.4  14.5   10:05    SW
22  11.3  17.4   13:38   7.1    6:22   6.8   0.0   0.0   1.9  12.9   10:26    SW
23  11.7  18.2   12:29   7.1    4:40   6.3   0.0   0.0   0.8  17.7   14:23    SW
24  10.8  15.8   12:48   7.2   22:11   7.2   0.0   0.2   1.4  11.3   12:01    SW
25  12.2  17.6   11:45   7.3    5:31   5.9   0.0   0.2   2.9  17.7   12:36    SW
26  12.3  17.6   13:15   8.2   21:11   5.9   0.0   0.0   5.1  24.1   15:59   WSW
27   7.4   9.5   11:14   4.8   00:00  10.5   0.0   4.2  10.0  43.5   11:20   NNE
28   6.0  10.3   15:02   2.9   20:28  11.7   0.0   0.0   3.7  24.1    2:52   NNE
29   9.1  12.6   11:49   3.4    2:43   9.1   0.0   0.0   7.7  35.4   10:52    SE
30  13.0  15.3    8:36  10.8   21:56   5.2   0.0   2.0   5.3  33.8    1:38   WSW
-------------------------------------------------------------------------------------
    11.6  21.3     2     2.7    21   193.7   0.3 109.6   3.9  43.5    27     NNE

Max >=  32.0:  0
Max <=   0.0:  0
Min <=   0.0:  0
Min <= -18.0:  0
Max Rain: 27.41 ON 06/11/17
Days of Rain: 14 (> .2 mm) 9 (> 2 mm) 3 (> 20 mm)
Heat Base:  18.3  Cool Base:  18.3  Method: Integration