Dati Stazione Meteo - Stile NOAA

Seleziona il Report di un Mese o un Anno
2019: Gen Feb Mar Apr Mag Giu Lug Ago Set Ott Nov Dic
2018: Gen Feb Mar Apr Mag Giu Lug Ago Set Ott Nov Dic
2017: Gen Feb Mar Apr Mag Giu Lug Ago Set Ott Nov Dic
2016: Gen Feb Mar Apr Mag Giu Lug Ago Set Ott Nov Dic
2015: Gen Feb Mar Apr Mag Giu Lug Ago Set Ott Nov Dic
2014: Gen Feb Mar Apr Mag Giu Lug Ago Set Ott Nov Dic
2013: Gen Feb Mar Apr Mag Giu Lug Ago Set Ott Nov Dic

Report for 2017 Dicembre
                   MONTHLY CLIMATOLOGICAL SUMMARY for DEC. 2017

NAME: Davis Vantage Vue   CITY: Acquaviva delle Fonti   STATE: Italia 
ELEV:   305 m  LAT:  40° 53' 26" N  LONG:  16° 50' 43" E

                   TEMPERATURE (°C), RAIN  (mm), WIND SPEED (km/hr)

                                      HEAT  COOL        AVG
    MEAN                              DEG   DEG         WIND                 DOM
DAY TEMP  HIGH   TIME   LOW    TIME   DAYS  DAYS  RAIN  SPEED HIGH   TIME    DIR
------------------------------------------------------------------------------------
 1   8.4  11.2    0:01   6.9   00:00   9.6   0.0   5.2   1.1  16.1   12:08   NNE
 2   8.1  11.8   14:45   5.0    5:09   9.9   0.0  11.2   0.6  29.0   20:37   NNE
 3   7.6  12.7   12:08   4.1   22:39  10.4   0.0   3.8   3.4  22.5    9:50    SW
 4   6.1  10.1   13:49   3.1    1:19  11.9   0.0   0.2   3.1  22.5   14:06   NNE
 5   6.6  11.0   13:04   3.9    0:26  11.4   0.0   0.8   4.8  38.6   13:59   NNE
 6   8.3  14.2   13:18   4.1   22:21   9.9   0.0   0.0   1.9  16.1   13:26   WSW
 7   7.9  13.4   13:22   3.9   22:37  10.0   0.0   0.0   1.3   9.7   13:35    SW
 8   8.6  13.6   14:40   3.7    0:51   9.5   0.0   0.0   4.3  20.9    9:15     S
 9   8.8  13.2   13:54   2.7   23:54   9.3   0.0   1.0   8.2  38.6   16:56     S
10   5.3   9.8   14:43   1.2    7:00  12.8   0.0   0.2   4.8  27.4    0:04     S
11  10.4  13.3   12:44   6.6    0:01   7.8   0.0   0.0   9.7  35.4    9:41    SE
12  12.9  17.7   12:47   9.8   22:22   5.3   0.0   0.0   6.0  35.4    0:35    SE
13  11.8  16.2   12:09   8.9   00:00   6.2   0.0   2.2   4.3  22.5   22:35    SW
14  10.2  13.8   13:18   6.6    7:45   7.9   0.0   0.2   4.3  25.7    0:20    SW
15  12.2  13.2   15:48  10.2    0:04   6.1   0.0   0.0  10.5  46.7   21:12    SE
16  10.7  13.2    3:15   8.0   21:47   7.4   0.0   0.4   3.4  41.8    0:06    SW
17   6.6   9.1   12:25   3.6   23:47  11.5   0.0   3.4   5.1  29.0   13:54   WSW
18   3.7   7.6   13:18   1.0   21:33  14.3   0.0   0.6   5.6  38.6   14:23   NNE
19   2.7   5.5   13:31   0.7    5:03  17.1   0.0   5.6   3.1  22.5    9:52   WSW
20   3.4   4.8   12:17   2.9    0:01  17.1   0.0   1.2   2.3  14.5    3:25   NNE
21   4.4   6.8   15:00   2.1    3:32  16.5   0.0   0.0   7.9  37.0   14:03   NNE
22   7.2  10.3   15:02   3.3    5:31  10.9   0.0   0.0   9.2  41.8    9:06   NNE
23   8.7  11.1   14:04   6.7   21:57   9.4   0.0   0.0   9.3  37.0    3:58   NNE
24  10.2  15.4   13:56   5.9    5:37   8.2   0.0   0.0   2.9  25.7   11:14   NNE
25   9.5  16.0   11:11   4.3    7:26   8.6   0.0   0.0   1.3  12.9   14:32    SW
26   8.3  14.5   13:47   3.6    4:40   9.9   0.0   0.0   1.1  11.3   18:36    SW
27   9.5  13.6   12:37   5.4    2:19   8.9   0.0   0.4   8.9  45.1   22:39    SE
28   8.4  11.3   13:43   5.1   23:00   9.8   0.0   0.2   9.8  41.8    0:19     S
29   5.9   9.3   13:23   3.3    6:02  12.3   0.0   1.4   4.3  25.7   10:54   NNE
30   5.3   9.7   12:44   1.3   22:20  12.9   0.0   0.0   2.1  14.5   14:51    SW
31   8.0  15.7   14:07   1.0    2:08  10.2   0.0   0.0   1.4  16.1   15:01    SW
-------------------------------------------------------------------------------------
     7.9  17.7    12     0.7    19   323.1   0.0  38.0   4.7  46.7    15     NNE

Max >=  32.0:  0
Max <=   0.0:  0
Min <=   0.0:  0
Min <= -18.0:  0
Max Rain: 11.20 ON 02/12/17
Days of Rain: 17 (> .2 mm) 6 (> 2 mm) 0 (> 20 mm)
Heat Base:  18.3  Cool Base:  18.3  Method: Integration