Dati Stazione Meteo - Stile NOAA

Seleziona il Report di un Mese o un Anno
2019: Gen Feb Mar Apr Mag Giu Lug Ago Set Ott Nov Dic
2018: Gen Feb Mar Apr Mag Giu Lug Ago Set Ott Nov Dic
2017: Gen Feb Mar Apr Mag Giu Lug Ago Set Ott Nov Dic
2016: Gen Feb Mar Apr Mag Giu Lug Ago Set Ott Nov Dic
2015: Gen Feb Mar Apr Mag Giu Lug Ago Set Ott Nov Dic
2014: Gen Feb Mar Apr Mag Giu Lug Ago Set Ott Nov Dic
2013: Gen Feb Mar Apr Mag Giu Lug Ago Set Ott Nov Dic

Report for 2018 Gennaio
                   MONTHLY CLIMATOLOGICAL SUMMARY for JAN. 2018

NAME: Davis Vantage Vue   CITY: Acquaviva delle Fonti   STATE: Italia 
ELEV:   305 m  LAT:  40° 53' 26" N  LONG:  16° 50' 43" E

                   TEMPERATURE (°C), RAIN  (mm), WIND SPEED (km/hr)

                                      HEAT  COOL        AVG
    MEAN                              DEG   DEG         WIND                 DOM
DAY TEMP  HIGH   TIME   LOW    TIME   DAYS  DAYS  RAIN  SPEED HIGH   TIME    DIR
------------------------------------------------------------------------------------
 1   9.7  12.1   15:35   7.0    3:42  11.7   0.0   0.8   6.3  30.6   20:29     S
 2   8.0   9.8    0:01   6.6   19:18  12.7   0.0   9.2   7.1  32.2   12:09    SW
 3   9.1  14.1   15:00   5.5    6:58   9.1   0.0   5.0   5.5  25.7    0:28   NNE
 4   9.8  13.9   14:07   6.8    8:25   8.5   0.0   0.2   5.5  45.1    0:14   NNE
 5  11.7  18.3   13:45   7.7    0:34   6.7   0.0   0.2   4.2  19.3   17:11     S
 6  12.3  15.1   12:38  10.0    0:50   5.9   0.0   0.2   8.9  33.8   16:46    SE
 7  13.2  15.0   12:00  12.1    0:29   5.1   0.0   0.0  13.0  43.5   11:30    SE
 8  13.8  15.0   11:09  13.1   18:47   4.5   0.0   0.0  17.2  54.7   17:54    SE
 9  13.8  14.8   13:53  13.3   23:40   4.7   0.0   0.0  16.3  51.5   11:21    SE
10  10.8  13.4    0:01   6.6   00:00   7.6   0.0  11.6   7.6  43.5    3:40   NNE
11   8.3  13.9   13:41   4.3   23:41  10.0   0.0   0.0   1.3  12.9   12:42   NNE
12   7.3  11.6   12:06   3.7    3:06  11.0   0.0   2.8   1.9  20.9   14:09   NNE
13   8.2   9.9   13:27   6.7   23:06  10.2   0.0   4.2   4.3  24.1   12:54   NNE
14   8.3  13.2   12:07   5.9    0:56  10.0   0.0   0.0   1.8  11.3   12:43   WSW
15   8.0  13.5   13:00   3.9   23:57  10.2   0.0   0.0   0.8  12.9   16:21    SW
16   9.3  14.3   14:10   3.9    0:01   9.1   0.0   0.2   5.5  30.6   13:52    SW
17  11.4  16.7   13:50   4.4   22:18   7.6   0.0   3.2  11.7  53.1   12:41    SW
18   7.3  12.8   16:05   4.4    0:54  10.9   0.0   0.0   5.0  38.6    0:02   NNE
19   8.9  13.8   12:56   4.8    0:18  11.6   0.0   0.0   4.7  25.7   11:34    SE
20   9.1  12.6   10:18   3.9   20:14  12.3   0.0   0.8   3.9  24.1   13:41   NNE
21   9.0  14.7   13:49   6.2    0:43   9.3   0.0   2.0   7.1  33.8   20:15   NNE
22   6.4   9.1   14:31   2.3   23:30  12.1   0.0   0.0   7.2  38.6    3:39   NNE
23   6.0   9.2   13:57   1.9    3:11  12.2   0.0   0.0   3.4  27.4   15:55   NNE
24   6.3   9.9   12:38   3.2    5:58  12.0   0.0   0.0   4.0  29.0   13:08   NNE
25   7.3  14.4   14:05   2.1    6:17  11.1   0.0   0.0   2.1  16.1   15:32    SW
26   7.9  13.9   14:01   3.3    7:11  10.4   0.0   0.0   3.2  19.3   11:32     S
27   9.2  13.2   14:22   5.7    3:09   9.0   0.0   0.0   1.0   9.7   11:37   NNE
28   9.3  12.4   15:09   6.1   22:44   8.9   0.0   0.0   2.4  16.1   12:17   NNE
29   7.7  12.1   13:34   3.9   22:32  10.6   0.0   0.2   2.3  19.3   12:36   NNE
30   7.6  13.4   13:21   2.9    6:13  10.7   0.0   0.2   2.6  20.9   13:39    SW
31   8.2  14.8   14:25   3.5    1:20  10.0   0.0   0.2   2.1  14.5   14:46    SW
-------------------------------------------------------------------------------------
     9.1  18.3     5     1.9    23   295.6   0.0  41.0   5.5  54.7     8     NNE

Max >=  32.0:  0
Max <=   0.0:  0
Min <=   0.0:  0
Min <= -18.0:  0
Max Rain: 11.61 ON 10/01/18
Days of Rain: 16 (> .2 mm) 7 (> 2 mm) 0 (> 20 mm)
Heat Base:  18.3  Cool Base:  18.3  Method: Integration