Dati Stazione Meteo - Stile NOAA

Seleziona il Report di un Mese o un Anno
2019: Gen Feb Mar Apr Mag Giu Lug Ago Set Ott Nov Dic
2018: Gen Feb Mar Apr Mag Giu Lug Ago Set Ott Nov Dic
2017: Gen Feb Mar Apr Mag Giu Lug Ago Set Ott Nov Dic
2016: Gen Feb Mar Apr Mag Giu Lug Ago Set Ott Nov Dic
2015: Gen Feb Mar Apr Mag Giu Lug Ago Set Ott Nov Dic
2014: Gen Feb Mar Apr Mag Giu Lug Ago Set Ott Nov Dic
2013: Gen Feb Mar Apr Mag Giu Lug Ago Set Ott Nov Dic

Report for 2018 Febbraio
                   MONTHLY CLIMATOLOGICAL SUMMARY for FEB. 2018

NAME: Davis Vantage Vue   CITY: Acquaviva delle Fonti   STATE: Italia 
ELEV:   305 m  LAT:  40° 53' 26" N  LONG:  16° 50' 43" E

                   TEMPERATURE (°C), RAIN  (mm), WIND SPEED (km/hr)

                                      HEAT  COOL        AVG
    MEAN                              DEG   DEG         WIND                 DOM
DAY TEMP  HIGH   TIME   LOW    TIME   DAYS  DAYS  RAIN  SPEED HIGH   TIME    DIR
------------------------------------------------------------------------------------
 1   9.3  12.9   11:32   4.3    7:08   8.9   0.0   0.0   6.3  29.0   16:01    SE
 2  12.6  16.6   13:02   9.0    6:46   5.8   0.0   0.0   8.0  37.0   10:58    SE
 3  11.9  15.3   11:05   7.6   23:45   6.4   0.0   0.2  11.9  48.3   12:15    SW
 4   7.0  11.6   13:02   2.7   22:04  11.3   0.0   0.0   3.5  24.1   12:39    SW
 5   6.0  10.5   13:21   0.7    7:04  12.3   0.0   0.0   1.6  11.3   12:28    SW
 6   8.9  12.2   22:41   4.6    0:01   9.4   0.0   1.2  10.1  57.9   23:57    SE
 7  10.4  15.3   12:37   5.5   21:16   7.9   0.0  11.6   7.9  51.5    0:04    SE
 8   9.4  15.1   14:35   5.1   22:46   9.0   0.0   0.0   3.7  27.4   13:09    SW
 9   7.8  12.3   12:19   3.7    6:34  10.5   0.0   0.0   2.9  19.3   15:02   NNE
10   7.6   9.6   12:29   6.1   23:44  10.7   0.0   6.2   8.4  45.1   15:50   NNE
11   5.8   9.1   11:42   3.0   00:00  12.5   0.0   2.4   6.9  32.2   10:30   NNE
12   7.1  13.1   13:57   1.8    1:39  11.2   0.0   0.0   3.9  22.5   10:56    SW
13   6.9   8.4    2:59   4.7   23:58  11.6   0.0  10.0   3.5  20.9   12:13   NNE
14   5.1   9.2   12:25   2.4    6:26  13.1   0.0   3.4   4.2  20.9   23:53   NNE
15   4.6   7.3   10:34   2.7    6:46  13.7   0.0   1.8  10.6  45.1   14:59   NNE
16   5.6  10.4   14:49   1.8    6:26  12.4   0.0   0.0   4.2  25.7   13:56   NNE
17   8.5  15.7   14:29   2.7    2:38   9.7   0.0   0.0   2.4  16.1   22:06    SE
18  10.0  14.6   13:56   7.6    0:52   8.3   0.0   1.6   2.7  17.7   10:42     S
19   8.5  11.6   12:58   6.8   22:25   9.8   0.0   2.4   1.3  14.5   15:03   NNE
20   8.2  10.5   12:45   6.4   23:58  12.1   0.0   6.4   1.6  20.9   15:07   NNE
21   6.0   7.1   12:39   4.4   23:54  15.9   0.0  17.0   1.4  11.3    7:01   NNE
22   8.1  13.5   13:51   2.4    5:30  10.5   0.0   0.2   6.4  32.2   23:20    SE
23  11.8  14.3   13:34  10.0    1:16   6.5   0.0   1.0  14.2  59.5   10:06    SE
24  10.1  12.6   15:52   8.3    7:58   8.4   0.0   0.6   2.7  24.1    0:18    NE
25   6.9  10.1   12:19   4.1   23:50  11.5   0.0   8.0   6.1  38.6   23:31   NNE
26   1.3   4.1    0:01  -2.2   23:37  16.9   0.0   4.6   5.6  29.0    0:13   NNE
27  -1.6   1.9   15:54  -3.3    6:31  19.8   0.0   1.4   2.7  19.3   11:11   WSW
28  -0.6   3.1   13:49  -4.4    6:35  18.8   0.0   1.8   4.0  29.0   11:45   NNE
-------------------------------------------------------------------------------------
     7.3  16.6     2    -4.4    28   314.8   0.0  81.8   5.3  59.5    23     NNE

Max >=  32.0:  0
Max <=   0.0:  0
Min <=   0.0:  3
Min <= -18.0:  0
Max Rain: 16.99 ON 21/02/18
Days of Rain: 19 (> .2 mm) 10 (> 2 mm) 0 (> 20 mm)
Heat Base:  18.3  Cool Base:  18.3  Method: Integration